Last updated on 2025-02-17 09:49:35 CET.
Flavor | Version | Tinstall | Tcheck | Ttotal | Status | Flags |
---|---|---|---|---|---|---|
r-devel-linux-x86_64-debian-clang | 1.4.5 | 128.03 | 612.80 | 740.83 | OK | |
r-devel-linux-x86_64-debian-gcc | 1.4.5 | 85.02 | 300.46 | 385.48 | OK | |
r-devel-linux-x86_64-fedora-clang | 1.4.5 | 1117.29 | OK | |||
r-devel-linux-x86_64-fedora-gcc | 1.4.5 | 845.75 | OK | |||
r-devel-macos-arm64 | 1.4.5 | 224.00 | OK | |||
r-devel-macos-x86_64 | 1.4.5 | 548.00 | OK | |||
r-devel-windows-x86_64 | 1.4.5 | 120.00 | 341.00 | 461.00 | OK | |
r-patched-linux-x86_64 | 1.4.5 | 124.64 | 387.08 | 511.72 | OK | |
r-release-linux-x86_64 | 1.4.5 | 119.81 | 387.09 | 506.90 | OK | |
r-release-macos-arm64 | 1.4.5 | 211.00 | NOTE | |||
r-release-macos-x86_64 | 1.4.5 | 363.00 | NOTE | |||
r-release-windows-x86_64 | 1.4.5 | 119.00 | 342.00 | 461.00 | OK | |
r-oldrel-macos-arm64 | 1.4.5 | 206.00 | NOTE | |||
r-oldrel-macos-x86_64 | 1.4.5 | 393.00 | NOTE | |||
r-oldrel-windows-x86_64 | 1.4.5 | 149.00 | 407.00 | 556.00 | OK |
Version: 1.4.5
Check: installed package size
Result: NOTE
installed size is 14.5Mb
sub-directories of 1Mb or more:
libs 13.5Mb
Flavors: r-release-macos-arm64, r-release-macos-x86_64, r-oldrel-macos-arm64, r-oldrel-macos-x86_64