Last updated on 2025-02-17 09:49:35 CET.
Flavor | Version | Tinstall | Tcheck | Ttotal | Status | Flags |
---|---|---|---|---|---|---|
r-devel-linux-x86_64-debian-clang | 2.9.9 | 85.85 | 141.67 | 227.52 | NOTE | |
r-devel-linux-x86_64-debian-gcc | 2.9.9 | 64.25 | 100.90 | 165.15 | NOTE | |
r-devel-linux-x86_64-fedora-clang | 2.9.9 | 447.41 | OK | |||
r-devel-linux-x86_64-fedora-gcc | 2.9.9 | 397.17 | OK | |||
r-devel-macos-arm64 | 2.9.9 | 101.00 | OK | |||
r-devel-macos-x86_64 | 2.9.9 | 166.00 | OK | |||
r-devel-windows-x86_64 | 2.9.9 | 92.00 | 173.00 | 265.00 | OK | |
r-patched-linux-x86_64 | 2.9.9 | 85.49 | 131.56 | 217.05 | OK | |
r-release-linux-x86_64 | 2.9.9 | 86.64 | 129.95 | 216.59 | OK | |
r-release-macos-arm64 | 2.9.9 | 125.00 | NOTE | |||
r-release-macos-x86_64 | 2.9.9 | 213.00 | NOTE | |||
r-release-windows-x86_64 | 2.9.9 | 98.00 | 181.00 | 279.00 | NOTE | |
r-oldrel-macos-arm64 | 2.9.9 | 148.00 | NOTE | |||
r-oldrel-macos-x86_64 | 2.9.9 | 200.00 | NOTE | |||
r-oldrel-windows-x86_64 | 2.9.9 | 116.00 | 205.00 | 321.00 | NOTE |
Version: 2.9.9
Check: for unstated dependencies in ‘demo’
Result: NOTE
'library' or 'require' calls not declared from:
‘rpart’ ‘rpart.plot’
Flavors: r-devel-linux-x86_64-debian-clang, r-devel-linux-x86_64-debian-gcc
Version: 2.9.9
Check: installed package size
Result: NOTE
installed size is 8.1Mb
sub-directories of 1Mb or more:
data 3.1Mb
libs 3.4Mb
Flavors: r-release-macos-arm64, r-release-macos-x86_64, r-release-windows-x86_64, r-oldrel-macos-arm64, r-oldrel-macos-x86_64, r-oldrel-windows-x86_64