Last updated on 2025-02-16 09:50:34 CET.
Flavor | Version | Tinstall | Tcheck | Ttotal | Status | Flags |
---|---|---|---|---|---|---|
r-devel-linux-x86_64-debian-clang | 1.1.0 | 78.63 | 94.63 | 173.26 | OK | |
r-devel-linux-x86_64-debian-gcc | 1.1.0 | 62.10 | 77.49 | 139.59 | OK | |
r-devel-linux-x86_64-fedora-clang | 1.1.0 | 324.50 | NOTE | |||
r-devel-linux-x86_64-fedora-gcc | 1.1.0 | 386.38 | NOTE | |||
r-devel-macos-arm64 | 1.1.0 | 86.00 | OK | |||
r-devel-macos-x86_64 | 1.1.0 | 137.00 | OK | |||
r-devel-windows-x86_64 | 1.1.0 | 84.00 | 186.00 | 270.00 | OK | |
r-patched-linux-x86_64 | 1.1.0 | 83.28 | 120.76 | 204.04 | OK | |
r-release-linux-x86_64 | 1.1.0 | 86.18 | 132.19 | 218.37 | OK | |
r-release-macos-arm64 | 1.1.0 | 83.00 | NOTE | |||
r-release-macos-x86_64 | 1.1.0 | 104.00 | NOTE | |||
r-release-windows-x86_64 | 1.1.0 | 85.00 | 192.00 | 277.00 | OK | |
r-oldrel-macos-arm64 | 1.1.0 | 92.00 | NOTE | |||
r-oldrel-macos-x86_64 | 1.1.0 | 141.00 | NOTE | |||
r-oldrel-windows-x86_64 | 1.1.0 | 105.00 | 201.00 | 306.00 | OK |
Version: 1.1.0
Check: dependencies in R code
Result: NOTE
Namespace in Imports field not imported from: ‘R.rsp’
All declared Imports should be used.
Flavors: r-devel-linux-x86_64-fedora-clang, r-devel-linux-x86_64-fedora-gcc
Version: 1.1.0
Check: installed package size
Result: NOTE
installed size is 10.2Mb
sub-directories of 1Mb or more:
libs 9.5Mb
Flavors: r-release-macos-arm64, r-release-macos-x86_64, r-oldrel-macos-arm64, r-oldrel-macos-x86_64