Last updated on 2025-02-19 09:50:41 CET.
Flavor | Version | Tinstall | Tcheck | Ttotal | Status | Flags |
---|---|---|---|---|---|---|
r-devel-linux-x86_64-debian-clang | 2.1 | 49.81 | 52.30 | 102.11 | OK | |
r-devel-linux-x86_64-debian-gcc | 2.1 | 37.69 | 37.29 | 74.98 | OK | |
r-devel-linux-x86_64-fedora-clang | 2.1 | 209.00 | OK | |||
r-devel-linux-x86_64-fedora-gcc | 2.1 | 224.28 | OK | |||
r-devel-macos-arm64 | 2.1 | 63.00 | OK | |||
r-devel-macos-x86_64 | 2.1 | 103.00 | OK | |||
r-devel-windows-x86_64 | 2.1 | 58.00 | 94.00 | 152.00 | OK | |
r-patched-linux-x86_64 | 2.1 | 53.26 | 48.90 | 102.16 | NOTE | |
r-release-linux-x86_64 | 2.1 | 53.99 | 48.86 | 102.85 | NOTE | |
r-release-macos-arm64 | 2.1 | 61.00 | NOTE | |||
r-release-macos-x86_64 | 2.1 | 79.00 | NOTE | |||
r-release-windows-x86_64 | 2.1 | 58.00 | 104.00 | 162.00 | NOTE | |
r-oldrel-macos-arm64 | 2.1 | 69.00 | NOTE | |||
r-oldrel-macos-x86_64 | 2.1 | 114.00 | NOTE | |||
r-oldrel-windows-x86_64 | 2.1 | 68.00 | 134.00 | 202.00 | NOTE |
Version: 2.1
Check: LazyData
Result: NOTE
'LazyData' is specified without a 'data' directory
Flavors: r-patched-linux-x86_64, r-release-linux-x86_64, r-release-macos-arm64, r-release-macos-x86_64, r-release-windows-x86_64, r-oldrel-macos-arm64, r-oldrel-macos-x86_64, r-oldrel-windows-x86_64