Last updated on 2025-10-21 09:48:53 CEST.
Flavor | Version | Tinstall | Tcheck | Ttotal | Status | Flags |
---|---|---|---|---|---|---|
r-devel-linux-x86_64-debian-clang | 0.2.3 | 10.50 | 89.84 | 100.34 | NOTE | |
r-devel-linux-x86_64-debian-gcc | 0.2.3 | 6.18 | 63.47 | 69.65 | NOTE | |
r-devel-linux-x86_64-fedora-clang | 0.2.3 | 187.74 | NOTE | |||
r-devel-linux-x86_64-fedora-gcc | 0.2.3 | 147.26 | NOTE | |||
r-devel-windows-x86_64 | 0.2.3 | 12.00 | 120.00 | 132.00 | NOTE | |
r-patched-linux-x86_64 | 0.2.3 | 10.66 | 82.16 | 92.82 | NOTE | |
r-release-linux-x86_64 | 0.2.3 | 8.19 | 82.50 | 90.69 | NOTE | |
r-release-macos-arm64 | 0.2.3 | 84.00 | NOTE | |||
r-release-macos-x86_64 | 0.2.3 | 138.00 | NOTE | |||
r-release-windows-x86_64 | 0.2.3 | 14.00 | 124.00 | 138.00 | NOTE | |
r-oldrel-macos-arm64 | 0.2.3 | 60.00 | NOTE | |||
r-oldrel-macos-x86_64 | 0.2.3 | 90.00 | NOTE | |||
r-oldrel-windows-x86_64 | 0.2.3 | 17.00 | 147.00 | 164.00 | NOTE |
Version: 0.2.3
Check: Rd files
Result: NOTE
checkRd: (-1) update_ztable.Rd:75: Lost braces; missing escapes or markup?
75 | must be NULL or contain only elements of {"h","t","b","p","!","H"}.}
| ^
checkRd: (-1) ztable_sub.Rd:78: Lost braces; missing escapes or markup?
78 | must be NULL or contain only elements of {"h","t","b","p","!","H"}.
| ^
Flavors: r-devel-linux-x86_64-debian-clang, r-devel-linux-x86_64-debian-gcc, r-devel-linux-x86_64-fedora-clang, r-devel-linux-x86_64-fedora-gcc, r-devel-windows-x86_64, r-patched-linux-x86_64, r-release-linux-x86_64, r-release-macos-arm64, r-release-macos-x86_64, r-release-windows-x86_64, r-oldrel-macos-arm64, r-oldrel-macos-x86_64, r-oldrel-windows-x86_64
Version: 0.2.3
Check: HTML version of manual
Result: NOTE
Found the following HTML validation problems:
addSigColor.html:58:1 (addSigColor.Rd:16): Warning: missing </ul> before </div>
addSubColNames.html:50:1 (addSubColNames.Rd:12): Warning: missing </ul> before </div>
addcgroup.html:67:1 (addcgroup.Rd:21): Warning: missing </ul> before </div>
addrgroup.html:74:1 (addrgroup.Rd:28): Warning: missing </ul> before </div>
align2html.html:46:1 (align2html.Rd:10): Warning: missing </ul> before </div>
align2nd.html:46:1 (align2nd.Rd:10): Warning: missing </ul> before </div>
alignCheck.html:54:1 (alignCheck.Rd:14): Warning: missing </ul> before </div>
alignCount.html:46:1 (alignCount.Rd:10): Warning: missing </ul> before </div>
caption2minipage.html:50:1 (caption2minipage.Rd:12): Warning: missing </ul> before </div>
data2table.html:46:1 (data2table.Rd:10): Warning: missing </ul> before </div>
define_colors.html:50:1 (define_colors.Rd:12): Warning: missing </ul> before </div>
dot-onAttach.html:50:1 (dot-onAttach.Rd:12): Warning: missing </ul> before </div>
getNewAlign.html:46:1 (getNewAlign.Rd:10): Warning: missing </ul> before </div>
getNewSpanCol.html:46:1 (getNewSpanCol.Rd:10): Warning: missing </ul> before </div>
getNewSpanRow.html:46:1 (getNewSpanRow.Rd:10): Warning: missing </ul> before </div>
gradientColor.html:62:1 (gradientColor.Rd:18): Warning: missing </ul> before </div>
hlines.html:58:1 (hlines.Rd:16): Warning: missing </ul> before </div>
isGroupCol.html:54:1 (isGroupCol.Rd:14): Warning: missing </ul> before </div>
make.cell.color.html:97:1 (make.cell.color.Rd:49): Warning: missing </ul> before </div>
make.frontcolor.html:50:1 (make.frontcolor.Rd:12): Warning: missing </ul> before </div>
make_align.html:46:1 (make_align.Rd:10): Warning: missing </ul> before </div>
myhtmlStyle.html:46:1 (myhtmlStyle.Rd:10): Warning: missing </ul> before </div>
normalize2.html:50:1 (normalize2.Rd:12): Warning: missing </ul> before </div>
parallelTablesHTML.html:52:1 (parallelTablesHTML.Rd:13): Warning: missing </ul> before </div>
parallelTablesLatex.html:52:1 (parallelTablesLatex.Rd:13): Warning: missing </ul> before </div>
print.ztable.html:51:1 (print.ztable.Rd:12): Warning: missing </ul> before </div>
printHTMLHead.html:46:1 (printHTMLHead.Rd:10): Warning: missing </ul> before </div>
printLatexHead.html:46:1 (printLatexHead.Rd:10): Warning: missing </ul> before </div>
printRowGroup.html:50:1 (printRowGroup.Rd:12): Warning: missing </ul> before </div>
print_ztable.html:46:1 (print_ztable.Rd:10): Warning: missing </ul> before </div>
repColor.html:50:1 (repColor.Rd:12): Warning: missing </ul> before </div>
spanCol.html:66:1 (spanCol.Rd:20): Warning: missing </ul> before </div>
spanRow.html:66:1 (spanRow.Rd:20): Warning: missing </ul> before </div>
tableLength.html:46:1 (tableLength.Rd:10): Warning: missing </ul> before </div>
totalCol.html:46:1 (totalCol.Rd:10): Warning: missing </ul> before </div>
tr.html:46:1 (tr.Rd:10): Warning: missing </ul> before </div>
tr2.html:46:1 (tr2.Rd:10): Warning: missing </ul> before </div>
trim.ztable.html:46:1 (trim.ztable.Rd:10): Warning: missing </ul> before </div>
update_ztable.html:338:1 (update_ztable.Rd:212): Warning: missing </ul> before </div>
vline2align.html:50:1 (vline2align.Rd:12): Warning: missing </ul> before </div>
vlines.html:58:1 (vlines.Rd:16): Warning: missing </ul> before </div>
ztable2html.html:50:1 (ztable2html.Rd:12): Warning: missing </ul> before </div>
ztable2latex.html:50:1 (ztable2latex.Rd:12): Warning: missing </ul> before </div>
ztable2viewer.html:46:1 (ztable2viewer.Rd:10): Warning: missing </ul> before </div>
Flavor: r-devel-linux-x86_64-debian-gcc