Last updated on 2025-10-21 09:48:53 CEST.
Flavor | Version | Tinstall | Tcheck | Ttotal | Status | Flags |
---|---|---|---|---|---|---|
r-devel-linux-x86_64-debian-clang | 0.10.2 | 14.08 | 93.19 | 107.27 | OK | |
r-devel-linux-x86_64-debian-gcc | 0.10.2 | 10.48 | 65.21 | 75.69 | NOTE | |
r-devel-linux-x86_64-fedora-clang | 0.10.2 | 172.44 | OK | |||
r-devel-linux-x86_64-fedora-gcc | 0.10.2 | 166.22 | OK | |||
r-devel-windows-x86_64 | 0.10.2 | 17.00 | 107.00 | 124.00 | OK | |
r-patched-linux-x86_64 | 0.10.2 | 14.91 | 87.33 | 102.24 | OK | |
r-release-linux-x86_64 | 0.10.2 | 15.30 | 86.24 | 101.54 | OK | |
r-release-macos-arm64 | 0.10.2 | 52.00 | OK | |||
r-release-macos-x86_64 | 0.10.2 | 143.00 | OK | |||
r-release-windows-x86_64 | 0.10.2 | 17.00 | 109.00 | 126.00 | OK | |
r-oldrel-macos-arm64 | 0.10.2 | 59.00 | OK | |||
r-oldrel-macos-x86_64 | 0.10.2 | 122.00 | OK | |||
r-oldrel-windows-x86_64 | 0.10.2 | 22.00 | 137.00 | 159.00 | OK |
Version: 0.10.2
Check: HTML version of manual
Result: NOTE
Found the following HTML validation problems:
ZenodoManager.html:329:1 (ZenodoManager.Rd:208): Warning: <h5> anchor "Usage" already defined
ZenodoManager.html:352:1 (ZenodoManager.Rd:221): Warning: <h5> anchor "Usage" already defined
ZenodoManager.html:358:1 (ZenodoManager.Rd:225): Warning: <h5> anchor "Arguments" already defined
ZenodoManager.html:373:1 (ZenodoManager.Rd:234): Warning: <h5> anchor "Returns" already defined
ZenodoManager.html:390:1 (ZenodoManager.Rd:243): Warning: <h5> anchor "Usage" already defined
ZenodoManager.html:396:1 (ZenodoManager.Rd:247): Warning: <h5> anchor "Arguments" already defined
ZenodoManager.html:409:1 (ZenodoManager.Rd:254): Warning: <h5> anchor "Returns" already defined
ZenodoManager.html:426:1 (ZenodoManager.Rd:263): Warning: <h5> anchor "Usage" already defined
ZenodoManager.html:432:1 (ZenodoManager.Rd:267): Warning: <h5> anchor "Arguments" already defined
ZenodoManager.html:447:1 (ZenodoManager.Rd:276): Warning: <h5> anchor "Returns" already defined
ZenodoManager.html:464:1 (ZenodoManager.Rd:285): Warning: <h5> anchor "Usage" already defined
ZenodoManager.html:470:1 (ZenodoManager.Rd:289): Warning: <h5> anchor "Arguments" already defined
ZenodoManager.html:483:1 (ZenodoManager.Rd:296): Warning: <h5> anchor "Returns" already defined
ZenodoManager.html:500:1 (ZenodoManager.Rd:305): Warning: <h5> anchor "Usage" already defined
ZenodoManager.html:506:1 (ZenodoManager.Rd:309): Warning: <h5> anchor "Arguments" already defined
ZenodoManager.html:521:1 (ZenodoManager.Rd:318): Warning: <h5> anchor "Returns" already defined
ZenodoManager.html:538:1 (ZenodoManager.Rd:327): Warning: <h5> anchor "Usage" already defined
ZenodoManager.html:544:1 (ZenodoManager.Rd:331): Warning: <h5> anchor "Arguments" already defined
ZenodoManager.html:557:1 (ZenodoManager.Rd:338): Warning: <h5> anchor "Returns" already defined
ZenodoManager.html:574:1 (ZenodoManager.Rd:347): Warning: <h5> anchor "Usage" already defined
ZenodoManager.html:580:1 (ZenodoManager.Rd:351): Warning: <h5> anchor "Arguments" already defined
ZenodoManager.html:601:1 (ZenodoManager.Rd:366): Warning: <h5> anchor "Returns" already defined
ZenodoManager.html:618:1 (ZenodoManager.Rd:375): Warning: <h5> anchor "Usage" already defined
ZenodoManager.html:624:1 (ZenodoManager.Rd:379): Warning: <h5> anchor "Arguments" already defined
ZenodoManager.html:637:1 (ZenodoManager.Rd:386): Warning: <h5> anchor "Returns" already defined
ZenodoManager.html:654:1 (ZenodoManager.Rd:395): Warning: <h5> anchor "Usage" already defined
ZenodoManager.html:664:1 (ZenodoManager.Rd:403): Warning: <h5> anchor "Arguments" already defined
ZenodoManager.html:682:1 (ZenodoManager.Rd:415): Warning: <h5> anchor "Returns" already defined
ZenodoManager.html:699:1 (ZenodoManager.Rd:424): Warning: <h5> anchor "Usage" already defined
ZenodoManager.html:705:1 (ZenodoManager.Rd:428): Warning: <h5> anchor "Arguments" already defined
ZenodoManager.html:720:1 (ZenodoManager.Rd:437): Warning: <h5> anchor "Returns" already defined
ZenodoManager.html:737:1 (ZenodoManager.Rd:446): Warning: <h5> anchor "Usage" already defined
ZenodoManager.html:743:1 (ZenodoManager.Rd:450): Warning: <h5> anchor "Arguments" already defined
ZenodoManager.html:756:1 (ZenodoManager.Rd:457): Warning: <h5> anchor "Returns" already defined
ZenodoManager.html:773:1 (ZenodoManager.Rd:466): Warning: <h5> anchor "Usage" already defined
ZenodoManager.html:779:1 (ZenodoManager.Rd:470): Warning: <h5> anchor "Arguments" already defined
ZenodoManager.html:794:1 (ZenodoManager.Rd:479): Warning: <h5> anchor "Returns" already defined
ZenodoManager.html:811:1 (ZenodoManager.Rd:488): Warning: <h5> anchor "Usage" already defined
ZenodoManager.html:817:1 (ZenodoManager.Rd:492): Warning: <h5> anchor "Arguments" already defined
ZenodoManager.html:830:1 (ZenodoManager.Rd:499): Warning: <h5> anchor "Returns" already defined
ZenodoManager.html:847:1 (ZenodoManager.Rd:508): Warning: <h5> anchor "Usage" already defined
ZenodoManager.html:853:1 (ZenodoManager.Rd:512): Warning: <h5> anchor "Arguments" already defined
ZenodoManager.html:866:1 (ZenodoManager.Rd:519): Warning: <h5> anchor "Returns" already defined
ZenodoManager.html:884:1 (ZenodoManager.Rd:529): Warning: <h5> anchor "Usage" already defined
ZenodoManager.html:890:1 (ZenodoManager.Rd:533): Warning: <h5> anchor "Arguments" already defined
ZenodoManager.html:905:1 (ZenodoManager.Rd:542): Warning: <h5> anchor "Returns" already defined
ZenodoManager.html:922:1 (ZenodoManager.Rd:551): Warning: <h5> anchor "Usage" already defined
ZenodoManager.html:928:1 (ZenodoManager.Rd:555): Warning: <h5> anchor "Arguments" already defined
ZenodoManager.html:949:1 (ZenodoManager.Rd:570): Warning: <h5> anchor "Returns" already defined
ZenodoManager.html:966:1 (ZenodoManager.Rd:579): Warning: <h5> anchor "Usage" already defined
ZenodoManager.html:972:1 (ZenodoManager.Rd:583): Warning: <h5> anchor "Arguments" already defined
ZenodoManager.html:993:1 (ZenodoManager.Rd:598): Warning: <h5> anchor "Returns" already defined
ZenodoManager.html:1010:1 (ZenodoManager.Rd:607): Warning: <h5> anchor "Usage" already defined
ZenodoManager.html:1016:1 (ZenodoManager.Rd:611): Warning: <h5> anchor "Arguments" already defined
ZenodoManager.html:1033:1 (ZenodoManager.Rd:622): Warning: <h5> anchor "Returns" already defined
ZenodoManager.html:1050:1 (ZenodoManager.Rd:631): Warning: <h5> anchor "Usage" already defined
ZenodoManager.html:1056:1 (ZenodoManager.Rd:635): Warning: <h5> anchor "Arguments" already defined
ZenodoManager.html:1073:1 (ZenodoManager.Rd:646): Warning: <h5> anchor "Returns" already defined
ZenodoManager.html:1090:1 (ZenodoManager.Rd:655): Warning: <h5> anchor "Usage" already defined
ZenodoManager.html:1096:1 (ZenodoManager.Rd:659): Warning: <h5> anchor "Arguments" already defined
ZenodoManager.html:1109:1 (ZenodoManager.Rd:666): Warning: <h5> anchor "Returns" already defined
ZenodoManager.html:1126:1 (ZenodoManager.Rd:675): Warning: <h5> anchor "Usage" already defined
ZenodoManager.html:1132:1 (ZenodoManager.Rd:679): Warning: <h5> anchor "Arguments" already defined
ZenodoManager.html:1145:1 (ZenodoManager.Rd:686): Warning: <h5> anchor "Returns" already defined
ZenodoManager.html:1162:1 (ZenodoManager.Rd:695): Warning: <h5> anchor "Usage" already defined
ZenodoManager.html:1168:1 (ZenodoManager.Rd:699): Warning: <h5> anchor "Arguments" already defined
ZenodoManager.html:1189:1 (ZenodoManager.Rd:714): Warning: <h5> anchor "Returns" already defined
ZenodoManager.html:1206:1 (ZenodoManager.Rd:723): Warning: <h5> anchor "Usage" already defined
ZenodoManager.html:1212:1 (ZenodoManager.Rd:727): Warning: <h5> anchor "Arguments" already defined
ZenodoManager.html:1229:1 (ZenodoManager.Rd:738): Warning: <h5> anchor "Returns" already defined
ZenodoManager.html:1246:1 (ZenodoManager.Rd:747): Warning: <h5> anchor "Usage" already defined
ZenodoManager.html:1252:1 (ZenodoManager.Rd:751): Warning: <h5> anchor "Arguments" already defined
ZenodoManager.html:1265:1 (ZenodoManager.Rd:758): Warning: <h5> anchor "Returns" already defined
ZenodoManager.html:1282:1 (ZenodoManager.Rd:767): Warning: <h5> anchor "Usage" already defined
ZenodoManager.html:1288:1 (ZenodoManager.Rd:771): Warning: <h5> anchor "Arguments" already defined
ZenodoManager.html:1309:1 (ZenodoManager.Rd:786): Warning: <h5> anchor "Returns" already defined
ZenodoManager.html:1326:1 (ZenodoManager.Rd:795): Warning: <h5> anchor "Usage" already defined
ZenodoManager.html:1332:1 (ZenodoManager.Rd:799): Warning: <h5> anchor "Arguments" already defined
ZenodoManager.html:1349:1 (ZenodoManager.Rd:810): Warning: <h5> anchor "Returns" already defined
ZenodoManager.html:1366:1 (ZenodoManager.Rd:819): Warning: <h5> anchor "Usage" already defined
ZenodoManager.html:1372:1 (ZenodoManager.Rd:823): Warning: <h5> anchor "Arguments" already defined
ZenodoManager.html:1385:1 (ZenodoManager.Rd:830): Warning: <h5> anchor "Returns" already defined
ZenodoManager.html:1409:1 (ZenodoManager.Rd:846): Warning: <h5> anchor "Usage" already defined
ZenodoManager.html:1421:1 (ZenodoManager.Rd:856): Warning: <h5> anchor "Arguments" already defined
ZenodoManager.html:1442:1 (ZenodoManager.Rd:871): Warning: <h5> anchor "Returns" already defined
ZenodoManager.html:1459:1 (ZenodoManager.Rd:880): Warning: <h5> anchor "Usage" already defined
ZenodoManager.html:1465:1 (ZenodoManager.Rd:884): Warning: <h5> anchor "Arguments" already defined
ZenodoManager.html:1478:1 (ZenodoManager.Rd:891): Warning: <h5> anchor "Returns" already defined
ZenodoManager.html:1495:1 (ZenodoManager.Rd:900): Warning: <h5> anchor "Usage" already defined
ZenodoManager.html:1501:1 (ZenodoManager.Rd:904): Warning: <h5> anchor "Arguments" already defined
ZenodoManager.html:1514:1 (ZenodoManager.Rd:911): Warning: <h5> anchor "Returns" already defined
ZenodoManager.html:1531:1 (ZenodoManager.Rd:920): Warning: <h5> anchor "Usage" already defined
ZenodoManager.html:1537:1 (ZenodoManager.Rd:924): Warning: <h5> anchor "Arguments" already defined
ZenodoManager.html:1550:1 (ZenodoManager.Rd:931): Warning: <h5> anchor "Returns" already defined
ZenodoManager.html:1567:1 (ZenodoManager.Rd:940): Warning: <h5> anchor "Usage" already defined
ZenodoManager.html:1573:1 (ZenodoManager.Rd:944): Warning: <h5> anchor "Arguments" already defined
ZenodoManager.html:1586:1 (ZenodoManager.Rd:951): Warning: <h5> anchor "Returns" already defined
ZenodoManager.html:1603:1 (ZenodoManager.Rd:960): Warning: <h5> anchor "Usage" already defined
ZenodoManager.html:1609:1 (ZenodoManager.Rd:964): Warning: <h5> anchor "Arguments" already defined
ZenodoManager.html:1627:1 (ZenodoManager.Rd:976): Warning: <h5> anchor "Returns" already defined
ZenodoManager.html:1644:1 (ZenodoManager.Rd:985): Warning: <h5> anchor "Usage" already defined
ZenodoManager.html:1650:1 (ZenodoManager.Rd:989): Warning: <h5> anchor "Arguments" already defined
ZenodoManager.html:1663:1 (ZenodoManager.Rd:996): Warning: <h5> anchor "Returns" already defined
ZenodoManager.html:1680:1 (ZenodoManager.Rd:1005): Warning: <h5> anchor "Usage" already defined
ZenodoManager.html:1686:1 (ZenodoManager.Rd:1009): Warning: <h5> anchor "Arguments" already defined
ZenodoManager.html:1699:1 (ZenodoManager.Rd:1016): Warning: <h5> anchor "Returns" already defined
ZenodoManager.html:1716:1 (ZenodoManager.Rd:1025): Warning: <h5> anchor "Usage" already defined
ZenodoManager.html:1727:1 (ZenodoManager.Rd:1034): Warning: <h5> anchor "Arguments" already defined
ZenodoManager.html:1746:1 (ZenodoManager.Rd:1047): Warning: <h5> anchor "Returns" already defined
ZenodoManager.html:1763:1 (ZenodoManager.Rd:1056): Warning: <h5> anchor "Usage" already defined
ZenodoManager.html:1769:1 (ZenodoManager.Rd:1060): Warning: <h5> anchor "Arguments" already defined
ZenodoManager.html:1782:1 (ZenodoManager.Rd:1067): Warning: <h5> anchor "Returns" already defined
ZenodoManager.html:1799:1 (ZenodoManager.Rd:1076): Warning: <h5> anchor "Usage" already defined
ZenodoManager.html:1805:1 (ZenodoManager.Rd:1080): Warning: <h5> anchor "Arguments" already defined
ZenodoManager.html:1818:1 (ZenodoManager.Rd:1087): Warning: <h5> anchor "Returns" already defined
ZenodoManager.html:1838:1 (ZenodoManager.Rd:1099): Warning: <h5> anchor "Usage" already defined
ZenodoManager.html:1844:1 (ZenodoManager.Rd:1103): Warning: <h5> anchor "Arguments" already defined
ZenodoManager.html:1859:1 (ZenodoManager.Rd:1112): Warning: <h5> anchor "Returns" already defined
ZenodoManager.html:1878:1 (ZenodoManager.Rd:1123): Warning: <h5> anchor "Usage" already defined
ZenodoManager.html:1884:1 (ZenodoManager.Rd:1127): Warning: <h5> anchor "Arguments" already defined
ZenodoManager.html:1897:1 (ZenodoManager.Rd:1134): Warning: <h5> anchor "Returns" already defined
ZenodoManager.html:1914:1 (ZenodoManager.Rd:1143): Warning: <h5> anchor "Usage" already defined
ZenodoManager.html:1920:1 (ZenodoManager.Rd:1147): Warning: <h5> anchor "Arguments" already defined
ZenodoManager.html:1933:1 (ZenodoManager.Rd:1154): Warning: <h5> anchor "Returns" already defined
ZenodoManager.html:1952:1 (ZenodoManager.Rd:1165): Warning: <h5> anchor "Usage" already defined
ZenodoManager.html:1958:1 (ZenodoManager.Rd:1169): Warning: <h5> anchor "Arguments" already defined
ZenodoManager.html:1971:1 (ZenodoManager.Rd:1176): Warning: <h5> anchor "Returns" already defined
ZenodoManager.html:1988:1 (ZenodoManager.Rd:1185): Warning: <h5> anchor "Usage" already defined
ZenodoManager.html:1994:1 (ZenodoManager.Rd:1189): Warning: <h5> anchor "Arguments" already defined
ZenodoManager.html:2007:1 (ZenodoManager.Rd:1196): Warning: <h5> anchor "Returns" already defined
ZenodoManager.html:2024:1 (ZenodoManager.Rd:1205): Warning: <h5> anchor "Usage" already defined
ZenodoManager.html:2030:1 (ZenodoManager.Rd:1209): Warning: <h5> anchor "Arguments" already defined
ZenodoManager.html:2043:1 (ZenodoManager.Rd:1216): Warning: <h5> anchor "Returns" already defined
ZenodoManager.html:2060:1 (ZenodoManager.Rd:1225): Warning: <h5> anchor "Usage" already defined
ZenodoManager.html:2066:1 (ZenodoManager.Rd:1229): Warning: <h5> anchor "Arguments" already defined
ZenodoManager.html:2081:1 (ZenodoManager.Rd:1238): Warning: <h5> anchor "Returns" already defined
ZenodoManager.html:2100:1 (ZenodoManager.Rd:1249): Warning: <h5> anchor "Usage" already defined
ZenodoManager.html:2106:1 (ZenodoManager.Rd:1253): Warning: <h5> anchor "Arguments" already defined
ZenodoManager.html:2133:1 (ZenodoManager.Rd:1270): Warning: <h5> anchor "Usage" already defined
ZenodoManager.html:2139:1 (ZenodoManager.Rd:1274): Warning: <h5> anchor "Arguments" already defined
ZenodoManager.html:2167:1 (ZenodoManager.Rd:1292): Warning: <h5> anchor "Usage" already defined
ZenodoManager.html:2173:1 (ZenodoManager.Rd:1296): Warning: <h5> anchor "Arguments" already defined
ZenodoManager.html:2201:1 (ZenodoManager.Rd:1314): Warning: <h5> anchor "Usage" already defined
ZenodoManager.html:2207:1 (ZenodoManager.Rd:1318): Warning: <h5> anchor "Arguments" already defined
ZenodoManager.html:2239:1 (ZenodoManager.Rd:1340): Warning: <h5> anchor "Usage" already defined
ZenodoManager.html:2245:1 (ZenodoManager.Rd:1344): Warning: <h5> anchor "Arguments" already defined
ZenodoManager.html:2266:1 (ZenodoManager.Rd:1359): Warning: <h5> anchor "Returns" already defined
ZenodoManager.html:2283:1 (ZenodoManager.Rd:1368): Warning: <h5> anchor "Usage" already defined
ZenodoManager.html:2289:1 (ZenodoManager.Rd:1372): Warning: <h5> anchor "Arguments" already defined
ZenodoManager.html:2302:1 (ZenodoManager.Rd:1379): Warning: <h5> anchor "Returns" already defined
ZenodoManager.html:2319:1 (ZenodoManager.Rd:1388): Warning: <h5> anchor "Usage" already defined
ZenodoManager.html:2325:1 (ZenodoManager.Rd:1392): Warning: <h5> anchor "Arguments" already defined
ZenodoManager.html:2338:1 (ZenodoManager.Rd:1399): Warning: <h5> anchor "Returns" already defined
ZenodoManager.html:2355:1 (ZenodoManager.Rd:1408): Warning: <h5> anchor "Usage" already defined
ZenodoManager.html:2361:1 (ZenodoManager.Rd:1412): Warning: <h5> anchor "Arguments" already defined
ZenodoManager.html:2374:1 (ZenodoManager.Rd:1419): Warning: <h5> anchor "Returns" already defined
ZenodoManager.html:2391:1 (ZenodoManager.Rd:1428): Warning: <h5> anchor "Usage" already defined
ZenodoManager.html:2397:1 (ZenodoManager.Rd:1432): Warning: <h5> anchor "Arguments" already defined
ZenodoManager.html:2410:1 (ZenodoManager.Rd:1439): Warning: <h5> anchor "Returns" already defined
ZenodoManager.html:2427:1 (ZenodoManager.Rd:1448): Warning: <h5> anchor "Usage" already defined
ZenodoManager.html:2433:1 (ZenodoManager.Rd:1452): Warning: <h5> anchor "Arguments" already defined
ZenodoManager.html:2451:1 (ZenodoManager.Rd:1464): Warning: <h5> anchor "Returns" already defined
ZenodoManager.html:2468:1 (ZenodoManager.Rd:1473): Warning: <h5> anchor "Usage" already defined
ZenodoManager.html:2474:1 (ZenodoManager.Rd:1477): Warning: <h5> anchor "Arguments" already defined
ZenodoManager.html:2487:1 (ZenodoManager.Rd:1484): Warning: <h5> anchor "Returns" already defined
ZenodoManager.html:2505:1 (ZenodoManager.Rd:1494): Warning: <h5> anchor "Usage" already defined
ZenodoManager.html:2511:1 (ZenodoManager.Rd:1498): Warning: <h5> anchor "Arguments" already defined
ZenodoManager.html:2524:1 (ZenodoManager.Rd:1505): Warning: <h5> anchor "Returns" already defined
ZenodoManager.html:2541:1 (ZenodoManager.Rd:1514): Warning: <h5> anchor "Usage" already defined
ZenodoManager.html:2547:1 (ZenodoManager.Rd:1518): Warning: <h5> anchor "Arguments" already defined
ZenodoManager.html:2562:1 (ZenodoManager.Rd:1527): Warning: <h5> anchor "Returns" already defined
ZenodoManager.html:2579:1 (ZenodoManager.Rd:1536): Warning: <h5> anchor "Usage" already defined
ZenodoManager.html:2585:1 (ZenodoManager.Rd:1540): Warning: <h5> anchor "Arguments" already defined
ZenodoManager.html:2600:1 (ZenodoManager.Rd:1549): Warning: <h5> anchor "Returns" already defined
ZenodoManager.html:2617:1 (ZenodoManager.Rd:1558): Warning: <h5> anchor "Usage" already defined
ZenodoManager.html:2623:1 (ZenodoManager.Rd:1562): Warning: <h5> anchor "Arguments" already defined
ZenodoManager.html:2638:1 (ZenodoManager.Rd:1571): Warning: <h5> anchor "Returns" already defined
ZenodoManager.html:2655:1 (ZenodoManager.Rd:1580): Warning: <h5> anchor "Usage" already defined
ZenodoManager.html:2661:1 (ZenodoManager.Rd:1584): Warning: <h5> anchor "Arguments" already defined
ZenodoRecord.html:470:1 (ZenodoRecord.Rd:216): Warning: <h5> anchor "Usage" already defined
ZenodoRecord.html:493:1 (ZenodoRecord.Rd:229): Warning: <h5> anchor "Usage" already defined
ZenodoRecord.html:499:1 (ZenodoRecord.Rd:233): Warning: <h5> anchor "Returns" already defined
ZenodoRecord.html:516:1 (ZenodoRecord.Rd:242): Warning: <h5> anchor "Usage" already defined
ZenodoRecord.html:522:1 (ZenodoRecord.Rd:246): Warning: <h5> anchor "Returns" already defined
ZenodoRecord.html:539:1 (ZenodoRecord.Rd:255): Warning: <h5> anchor "Usage" already defined
ZenodoRecord.html:545:1 (ZenodoRecord.Rd:259): Warning: <h5> anchor "Returns" already defined
ZenodoRecord.html:562:1 (ZenodoRecord.Rd:268): Warning: <h5> anchor "Usage" already defined
ZenodoRecord.html:568:1 (ZenodoRecord.Rd:272): Warning: <h5> anchor "Arguments" already defined
ZenodoRecord.html:595:1 (ZenodoRecord.Rd:289): Warning: <h5> anchor "Usage" already defined
ZenodoRecord.html:601:1 (ZenodoRecord.Rd:293): Warning: <h5> anchor "Returns" already defined
ZenodoRecord.html:619:1 (ZenodoRecord.Rd:303): Warning: <h5> anchor "Usage" already defined
ZenodoRecord.html:625:1 (ZenodoRecord.Rd:307): Warning: <h5> anchor "Returns" already defined
ZenodoRecord.html:643:1 (ZenodoRecord.Rd:317): Warning: <h5> anchor "Usage" already defined
ZenodoRecord.html:649:1 (ZenodoRecord.Rd:321): Warning: <h5> anchor "Arguments" already defined
ZenodoRecord.html:672:1 (ZenodoRecord.Rd:334): Warning: <h5> anchor "Usage" already defined
ZenodoRecord.html:678:1 (ZenodoRecord.Rd:338): Warning: <h5> anchor "Arguments" already defined
ZenodoRecord.html:701:1 (ZenodoRecord.Rd:351): Warning: <h5> anchor "Usage" already defined
ZenodoRecord.html:707:1 (ZenodoRecord.Rd:355): Warning: <h5> anchor "Arguments" already defined
ZenodoRecord.html:734:1 (ZenodoRecord.Rd:372): Warning: <h5> anchor "Usage" already defined
ZenodoRecord.html:740:1 (ZenodoRecord.Rd:376): Warning: <h5> anchor "Arguments" already defined
ZenodoRecord.html:763:1 (ZenodoRecord.Rd:389): Warning: <h5> anchor "Usage" already defined
ZenodoRecord.html:769:1 (ZenodoRecord.Rd:393): Warning: <h5> anchor "Arguments" already defined
ZenodoRecord.html:793:1 (ZenodoRecord.Rd:407): Warning: <h5> anchor "Usage" already defined
ZenodoRecord.html:799:1 (ZenodoRecord.Rd:411): Warning: <h5> anchor "Arguments" already defined
ZenodoRecord.html:825:1 (ZenodoRecord.Rd:427): Warning: <h5> anchor "Usage" already defined
ZenodoRecord.html:831:1 (ZenodoRecord.Rd:431): Warning: <h5> anchor "Arguments" already defined
ZenodoRecord.html:855:1 (ZenodoRecord.Rd:445): Warning: <h5> anchor "Usage" already defined
ZenodoRecord.html:861:1 (ZenodoRecord.Rd:449): Warning: <h5> anchor "Arguments" already defined
ZenodoRecord.html:885:1 (ZenodoRecord.Rd:463): Warning: <h5> anchor "Usage" already defined
ZenodoRecord.html:891:1 (ZenodoRecord.Rd:467): Warning: <h5> anchor "Arguments" already defined
ZenodoRecord.html:914:1 (ZenodoRecord.Rd:480): Warning: <h5> anchor "Usage" already defined
ZenodoRecord.html:920:1 (ZenodoRecord.Rd:484): Warning: <h5> anchor "Arguments" already defined
ZenodoRecord.html:948:1 (ZenodoRecord.Rd:502): Warning: <h5> anchor "Usage" already defined
ZenodoRecord.html:954:1 (ZenodoRecord.Rd:506): Warning: <h5> anchor "Arguments" already defined
ZenodoRecord.html:969:1 (ZenodoRecord.Rd:515): Warning: <h5> anchor "Returns" already defined
ZenodoRecord.html:986:1 (ZenodoRecord.Rd:524): Warning: <h5> anchor "Usage" already defined
ZenodoRecord.html:992:1 (ZenodoRecord.Rd:528): Warning: <h5> anchor "Arguments" already defined
ZenodoRecord.html:1015:1 (ZenodoRecord.Rd:541): Warning: <h5> anchor "Usage" already defined
ZenodoRecord.html:1021:1 (ZenodoRecord.Rd:545): Warning: <h5> anchor "Arguments" already defined
ZenodoRecord.html:1038:1 (ZenodoRecord.Rd:556): Warning: <h5> anchor "Returns" already defined
ZenodoRecord.html:1055:1 (ZenodoRecord.Rd:565): Warning: <h5> anchor "Usage" already defined
ZenodoRecord.html:1061:1 (ZenodoRecord.Rd:569): Warning: <h5> anchor "Arguments" already defined
ZenodoRecord.html:1079:1 (ZenodoRecord.Rd:581): Warning: <h5> anchor "Returns" already defined
ZenodoRecord.html:1096:1 (ZenodoRecord.Rd:590): Warning: <h5> anchor "Usage" already defined
ZenodoRecord.html:1102:1 (ZenodoRecord.Rd:594): Warning: <h5> anchor "Arguments" already defined
ZenodoRecord.html:1125:1 (ZenodoRecord.Rd:607): Warning: <h5> anchor "Usage" already defined
ZenodoRecord.html:1131:1 (ZenodoRecord.Rd:611): Warning: <h5> anchor "Arguments" already defined
ZenodoRecord.html:1149:1 (ZenodoRecord.Rd:623): Warning: <h5> anchor "Returns" already defined
ZenodoRecord.html:1166:1 (ZenodoRecord.Rd:632): Warning: <h5> anchor "Usage" already defined
ZenodoRecord.html:1172:1 (ZenodoRecord.Rd:636): Warning: <h5> anchor "Arguments" already defined
ZenodoRecord.html:1190:1 (ZenodoRecord.Rd:648): Warning: <h5> anchor "Returns" already defined
ZenodoRecord.html:1209:1 (ZenodoRecord.Rd:659): Warning: <h5> anchor "Usage" already defined
ZenodoRecord.html:1227:1 (ZenodoRecord.Rd:675): Warning: <h5> anchor "Arguments" already defined
ZenodoRecord.html:1262:1 (ZenodoRecord.Rd:704): Warning: <h5> anchor "Returns" already defined
ZenodoRecord.html:1280:1 (ZenodoRecord.Rd:714): Warning: <h5> anchor "Usage" already defined
ZenodoRecord.html:1286:1 (ZenodoRecord.Rd:718): Warning: <h5> anchor "Arguments" already defined
ZenodoRecord.html:1303:1 (ZenodoRecord.Rd:729): Warning: <h5> anchor "Returns" already defined
ZenodoRecord.html:1322:1 (ZenodoRecord.Rd:740): Warning: <h5> anchor "Usage" already defined
ZenodoRecord.html:1339:1 (ZenodoRecord.Rd:755): Warning: <h5> anchor "Arguments" already defined
ZenodoRecord.html:1372:1 (ZenodoRecord.Rd:782): Warning: <h5> anchor "Returns" already defined
ZenodoRecord.html:1389:1 (ZenodoRecord.Rd:791): Warning: <h5> anchor "Usage" already defined
ZenodoRecord.html:1395:1 (ZenodoRecord.Rd:795): Warning: <h5> anchor "Arguments" already defined
ZenodoRecord.html:1408:1 (ZenodoRecord.Rd:802): Warning: <h5> anchor "Returns" already defined
ZenodoRecord.html:1425:1 (ZenodoRecord.Rd:811): Warning: <h5> anchor "Usage" already defined
ZenodoRecord.html:1431:1 (ZenodoRecord.Rd:815): Warning: <h5> anchor "Arguments" already defined
ZenodoRecord.html:1444:1 (ZenodoRecord.Rd:822): Warning: <h5> anchor "Returns" already defined
ZenodoRecord.html:1461:1 (ZenodoRecord.Rd:831): Warning: <h5> anchor "Usage" already defined
ZenodoRecord.html:1467:1 (ZenodoRecord.Rd:835): Warning: <h5> anchor "Arguments" already defined
ZenodoRecord.html:1480:1 (ZenodoRecord.Rd:842): Warning: <h5> anchor "Returns" already defined
ZenodoRecord.html:1497:1 (ZenodoRecord.Rd:851): Warning: <h5> anchor "Usage" already defined
ZenodoRecord.html:1503:1 (ZenodoRecord.Rd:855): Warning: <h5> anchor "Arguments" already defined
ZenodoRecord.html:1516:1 (ZenodoRecord.Rd:862): Warning: <h5> anchor "Returns" already defined
ZenodoRecord.html:1533:1 (ZenodoRecord.Rd:871): Warning: <h5> anchor "Usage" already defined
ZenodoRecord.html:1539:1 (ZenodoRecord.Rd:875): Warning: <h5> anchor "Arguments" already defined
ZenodoRecord.html:1552:1 (ZenodoRecord.Rd:882): Warning: <h5> anchor "Returns" already defined
ZenodoRecord.html:1569:1 (ZenodoRecord.Rd:891): Warning: <h5> anchor "Usage" already defined
ZenodoRecord.html:1575:1 (ZenodoRecord.Rd:895): Warning: <h5> anchor "Arguments" already defined
ZenodoRecord.html:1588:1 (ZenodoRecord.Rd:902): Warning: <h5> anchor "Returns" already defined
ZenodoRecord.html:1607:1 (ZenodoRecord.Rd:913): Warning: <h5> anchor "Usage" already defined
ZenodoRecord.html:1624:1 (ZenodoRecord.Rd:928): Warning: <h5> anchor "Arguments" already defined
ZenodoRecord.html:1657:1 (ZenodoRecord.Rd:955): Warning: <h5> anchor "Returns" already defined
ZenodoRecord.html:1674:1 (ZenodoRecord.Rd:964): Warning: <h5> anchor "Usage" already defined
ZenodoRecord.html:1680:1 (ZenodoRecord.Rd:968): Warning: <h5> anchor "Arguments" already defined
ZenodoRecord.html:1693:1 (ZenodoRecord.Rd:975): Warning: <h5> anchor "Returns" already defined
ZenodoRecord.html:1710:1 (ZenodoRecord.Rd:984): Warning: <h5> anchor "Usage" already defined
ZenodoRecord.html:1716:1 (ZenodoRecord.Rd:988): Warning: <h5> anchor "Arguments" already defined
ZenodoRecord.html:1729:1 (ZenodoRecord.Rd:995): Warning: <h5> anchor "Returns" already defined
ZenodoRecord.html:1746:1 (ZenodoRecord.Rd:1004): Warning: <h5> anchor "Usage" already defined
ZenodoRecord.html:1752:1 (ZenodoRecord.Rd:1008): Warning: <h5> anchor "Arguments" already defined
ZenodoRecord.html:1765:1 (ZenodoRecord.Rd:1015): Warning: <h5> anchor "Returns" already defined
ZenodoRecord.html:1782:1 (ZenodoRecord.Rd:1024): Warning: <h5> anchor "Usage" already defined
ZenodoRecord.html:1788:1 (ZenodoRecord.Rd:1028): Warning: <h5> anchor "Arguments" already defined
ZenodoRecord.html:1801:1 (ZenodoRecord.Rd:1035): Warning: <h5> anchor "Returns" already defined
ZenodoRecord.html:1818:1 (ZenodoRecord.Rd:1044): Warning: <h5> anchor "Usage" already defined
ZenodoRecord.html:1824:1 (ZenodoRecord.Rd:1048): Warning: <h5> anchor "Arguments" already defined
ZenodoRecord.html:1837:1 (ZenodoRecord.Rd:1055): Warning: <h5> anchor "Returns" already defined
ZenodoRecord.html:1854:1 (ZenodoRecord.Rd:1064): Warning: <h5> anchor "Usage" already defined
ZenodoRecord.html:1860:1 (ZenodoRecord.Rd:1068): Warning: <h5> anchor "Arguments" already defined
ZenodoRecord.html:1873:1 (ZenodoRecord.Rd:1075): Warning: <h5> anchor "Returns" already defined
ZenodoRecord.html:1890:1 (ZenodoRecord.Rd:1084): Warning: <h5> anchor "Usage" already defined
ZenodoRecord.html:1902:1 (ZenodoRecord.Rd:1094): Warning: <h5> anchor "Arguments" already defined
ZenodoRecord.html:1935:1 (ZenodoRecord.Rd:1117): Warning: <h5> anchor "Usage" already defined
ZenodoRecord.html:1941:1 (ZenodoRecord.Rd:1121): Warning: <h5> anchor "Arguments" already defined
ZenodoRecord.html:1956:1 (ZenodoRecord.Rd:1130): Warning: <h5> anchor "Returns" already defined
ZenodoRecord.html:1973:1 (ZenodoRecord.Rd:1139): Warning: <h5> anchor "Usage" already defined
ZenodoRecord.html:1979:1 (ZenodoRecord.Rd:1143): Warning: <h5> anchor "Arguments" already defined
ZenodoRecord.html:2002:1 (ZenodoRecord.Rd:1156): Warning: <h5> anchor "Usage" already defined
ZenodoRecord.html:2008:1 (ZenodoRecord.Rd:1160): Warning: <h5> anchor "Arguments" already defined
ZenodoRecord.html:2031:1 (ZenodoRecord.Rd:1173): Warning: <h5> anchor "Usage" already defined
ZenodoRecord.html:2037:1 (ZenodoRecord.Rd:1177): Warning: <h5> anchor "Arguments" already defined
ZenodoRecord.html:2060:1 (ZenodoRecord.Rd:1190): Warning: <h5> anchor "Usage" already defined
ZenodoRecord.html:2071:1 (ZenodoRecord.Rd:1199): Warning: <h5> anchor "Arguments" already defined
ZenodoRecord.html:2094:1 (ZenodoRecord.Rd:1216): Warning: <h5> anchor "Returns" already defined
ZenodoRecord.html:2111:1 (ZenodoRecord.Rd:1225): Warning: <h5> anchor "Usage" already defined
ZenodoRecord.html:2117:1 (ZenodoRecord.Rd:1229): Warning: <h5> anchor "Arguments" already defined
ZenodoRecord.html:2138:1 (ZenodoRecord.Rd:1244): Warning: <h5> anchor "Returns" already defined
ZenodoRecord.html:2155:1 (ZenodoRecord.Rd:1253): Warning: <h5> anchor "Usage" already defined
ZenodoRecord.html:2161:1 (ZenodoRecord.Rd:1257): Warning: <h5> anchor "Arguments" already defined
ZenodoRecord.html:2184:1 (ZenodoRecord.Rd:1270): Warning: <h5> anchor "Usage" already defined
ZenodoRecord.html:2190:1 (ZenodoRecord.Rd:1274): Warning: <h5> anchor "Arguments" already defined
ZenodoRecord.html:2203:1 (ZenodoRecord.Rd:1281): Warning: <h5> anchor "Returns" already defined
ZenodoRecord.html:2220:1 (ZenodoRecord.Rd:1290): Warning: <h5> anchor "Usage" already defined
ZenodoRecord.html:2226:1 (ZenodoRecord.Rd:1294): Warning: <h5> anchor "Arguments" already defined
ZenodoRecord.html:2239:1 (ZenodoRecord.Rd:1301): Warning: <h5> anchor "Returns" already defined
ZenodoRecord.html:2256:1 (ZenodoRecord.Rd:1310): Warning: <h5> anchor "Usage" already defined
ZenodoRecord.html:2262:1 (ZenodoRecord.Rd:1314): Warning: <h5> anchor "Arguments" already defined
ZenodoRecord.html:2285:1 (ZenodoRecord.Rd:1327): Warning: <h5> anchor "Usage" already defined
ZenodoRecord.html:2291:1 (ZenodoRecord.Rd:1331): Warning: <h5> anchor "Arguments" already defined
ZenodoRecord.html:2314:1 (ZenodoRecord.Rd:1344): Warning: <h5> anchor "Usage" already defined
ZenodoRecord.html:2320:1 (ZenodoRecord.Rd:1348): Warning: <h5> anchor "Arguments" already defined
ZenodoRecord.html:2333:1 (ZenodoRecord.Rd:1355): Warning: <h5> anchor "Returns" already defined
ZenodoRecord.html:2350:1 (ZenodoRecord.Rd:1364): Warning: <h5> anchor "Usage" already defined
ZenodoRecord.html:2356:1 (ZenodoRecord.Rd:1368): Warning: <h5> anchor "Arguments" already defined
ZenodoRecord.html:2369:1 (ZenodoRecord.Rd:1375): Warning: <h5> anchor "Returns" already defined
ZenodoRecord.html:2386:1 (ZenodoRecord.Rd:1384): Warning: <h5> anchor "Usage" already defined
ZenodoRecord.html:2392:1 (ZenodoRecord.Rd:1388): Warning: <h5> anchor "Arguments" already defined
ZenodoRecord.html:2405:1 (ZenodoRecord.Rd:1395): Warning: <h5> anchor "Returns" already defined
ZenodoRecord.html:2422:1 (ZenodoRecord.Rd:1404): Warning: <h5> anchor "Usage" already defined
ZenodoRecord.html:2428:1 (ZenodoRecord.Rd:1408): Warning: <h5> anchor "Arguments" already defined
ZenodoRecord.html:2441:1 (ZenodoRecord.Rd:1415): Warning: <h5> anchor "Returns" already defined
ZenodoRecord.html:2458:1 (ZenodoRecord.Rd:1424): Warning: <h5> anchor "Usage" already defined
ZenodoRecord.html:2464:1 (ZenodoRecord.Rd:1428): Warning: <h5> anchor "Arguments" already defined
ZenodoRecord.html:2487:1 (ZenodoRecord.Rd:1441): Warning: <h5> anchor "Usage" already defined
ZenodoRecord.html:2493:1 (ZenodoRecord.Rd:1445): Warning: <h5> anchor "Arguments" already defined
ZenodoRecord.html:2520:1 (ZenodoRecord.Rd:1462): Warning: <h5> anchor "Usage" already defined
ZenodoRecord.html:2526:1 (ZenodoRecord.Rd:1466): Warning: <h5> anchor "Arguments" already defined
ZenodoRecord.html:2543:1 (ZenodoRecord.Rd:1477): Warning: <h5> anchor "Returns" already defined
ZenodoRecord.html:2560:1 (ZenodoRecord.Rd:1486): Warning: <h5> anchor "Usage" already defined
ZenodoRecord.html:2566:1 (ZenodoRecord.Rd:1490): Warning: <h5> anchor "Arguments" already defined
ZenodoRecord.html:2593:1 (ZenodoRecord.Rd:1507): Warning: <h5> anchor "Usage" already defined
ZenodoRecord.html:2599:1 (ZenodoRecord.Rd:1511): Warning: <h5> anchor "Arguments" already defined
ZenodoRecord.html:2612:1 (ZenodoRecord.Rd:1518): Warning: <h5> anchor "Returns" already defined
ZenodoRecord.html:2629:1 (ZenodoRecord.Rd:1527): Warning: <h5> anchor "Usage" already defined
ZenodoRecord.html:2635:1 (ZenodoRecord.Rd:1531): Warning: <h5> anchor "Arguments" already defined
ZenodoRecord.html:2658:1 (ZenodoRecord.Rd:1544): Warning: <h5> anchor "Usage" already defined
ZenodoRecord.html:2664:1 (ZenodoRecord.Rd:1548): Warning: <h5> anchor "Arguments" already defined
ZenodoRecord.html:2687:1 (ZenodoRecord.Rd:1561): Warning: <h5> anchor "Usage" already defined
ZenodoRecord.html:2693:1 (ZenodoRecord.Rd:1565): Warning: <h5> anchor "Arguments" already defined
ZenodoRecord.html:2716:1 (ZenodoRecord.Rd:1578): Warning: <h5> anchor "Usage" already defined
ZenodoRecord.html:2722:1 (ZenodoRecord.Rd:1582): Warning: <h5> anchor "Arguments" already defined
ZenodoRecord.html:2745:1 (ZenodoRecord.Rd:1595): Warning: <h5> anchor "Usage" already defined
ZenodoRecord.html:2751:1 (ZenodoRecord.Rd:1599): Warning: <h5> anchor "Arguments" already defined
ZenodoRecord.html:2774:1 (ZenodoRecord.Rd:1612): Warning: <h5> anchor "Usage" already defined
ZenodoRecord.html:2780:1 (ZenodoRecord.Rd:1616): Warning: <h5> anchor "Arguments" already defined
ZenodoRecord.html:2803:1 (ZenodoRecord.Rd:1629): Warning: <h5> anchor "Usage" already defined
ZenodoRecord.html:2809:1 (ZenodoRecord.Rd:1633): Warning: <h5> anchor "Arguments" already defined
ZenodoRecord.html:2832:1 (ZenodoRecord.Rd:1646): Warning: <h5> anchor "Usage" already defined
ZenodoRecord.html:2838:1 (ZenodoRecord.Rd:1650): Warning: <h5> anchor "Arguments" already defined
ZenodoRecord.html:2861:1 (ZenodoRecord.Rd:1663): Warning: <h5> anchor "Usage" already defined
ZenodoRecord.html:2867:1 (ZenodoRecord.Rd:1667): Warning: <h5> anchor "Arguments" already defined
ZenodoRecord.html:2890:1 (ZenodoRecord.Rd:1680): Warning: <h5> anchor "Usage" already defined
ZenodoRecord.html:2896:1 (ZenodoRecord.Rd:1684): Warning: <h5> anchor "Arguments" already defined
ZenodoRecord.html:2919:1 (ZenodoRecord.Rd:1697): Warning: <h5> anchor "Usage" already defined
ZenodoRecord.html:2925:1 (ZenodoRecord.Rd:1701): Warning: <h5> anchor "Arguments" already defined
ZenodoRecord.html:2948:1 (ZenodoRecord.Rd:1714): Warning: <h5> anchor "Usage" already defined
ZenodoRecord.html:2954:1 (ZenodoRecord.Rd:1718): Warning: <h5> anchor "Arguments" already defined
ZenodoRecord.html:2977:1 (ZenodoRecord.Rd:1731): Warning: <h5> anchor "Usage" already defined
ZenodoRecord.html:2983:1 (ZenodoRecord.Rd:1735): Warning: <h5> anchor "Arguments" already defined
ZenodoRecord.html:3006:1 (ZenodoRecord.Rd:1748): Warning: <h5> anchor "Usage" already defined
ZenodoRecord.html:3012:1 (ZenodoRecord.Rd:1752): Warning: <h5> anchor "Arguments" already defined
ZenodoRecord.html:3035:1 (ZenodoRecord.Rd:1765): Warning: <h5> anchor "Usage" already defined
ZenodoRecord.html:3041:1 (ZenodoRecord.Rd:1769): Warning: <h5> anchor "Arguments" already defined
ZenodoRecord.html:3064:1 (ZenodoRecord.Rd:1782): Warning: <h5> anchor "Usage" already defined
ZenodoRecord.html:3070:1 (ZenodoRecord.Rd:1786): Warning: <h5> anchor "Arguments" already defined
ZenodoRecord.html:3093:1 (ZenodoRecord.Rd:1799): Warning: <h5> anchor "Usage" already defined
ZenodoRecord.html:3099:1 (ZenodoRecord.Rd:1803): Warning: <h5> anchor "Arguments" already defined
ZenodoRecord.html:3122:1 (ZenodoRecord.Rd:1816): Warning: <h5> anchor "Usage" already defined
ZenodoRecord.html:3134:1 (ZenodoRecord.Rd:1826): Warning: <h5> anchor "Arguments" already defined
ZenodoRecord.html:3167:1 (ZenodoRecord.Rd:1849): Warning: <h5> anchor "Usage" already defined
ZenodoRecord.html:3173:1 (ZenodoRecord.Rd:1853): Warning: <h5> anchor "Arguments" already defined
ZenodoRecord.html:3188:1 (ZenodoRecord.Rd:1862): Warning: <h5> anchor "Returns" already defined
ZenodoRecord.html:3205:1 (ZenodoRecord.Rd:1871): Warning: <h5> anchor "Usage" already defined
ZenodoRecord.html:3211:1 (ZenodoRecord.Rd:1875): Warning: <h5> anchor "Arguments" already defined
ZenodoRecord.html:3224:1 (ZenodoRecord.Rd:1882): Warning: <h5> anchor "Returns" already defined
ZenodoRecord.html:3241:1 (ZenodoRecord.Rd:1891): Warning: <h5> anchor "Usage" already defined
ZenodoRecord.html:3247:1 (ZenodoRecord.Rd:1895): Warning: <h5> anchor "Arguments" already defined
ZenodoRecord.html:3260:1 (ZenodoRecord.Rd:1902): Warning: <h5> anchor "Returns" already defined
ZenodoRecord.html:3277:1 (ZenodoRecord.Rd:1911): Warning: <h5> anchor "Usage" already defined
ZenodoRecord.html:3283:1 (ZenodoRecord.Rd:1915): Warning: <h5> anchor "Arguments" already defined
ZenodoRecord.html:3296:1 (ZenodoRecord.Rd:1922): Warning: <h5> anchor "Returns" already defined
ZenodoRecord.html:3313:1 (ZenodoRecord.Rd:1931): Warning: <h5> anchor "Usage" already defined
ZenodoRecord.html:3319:1 (ZenodoRecord.Rd:1935): Warning: <h5> anchor "Arguments" already defined
ZenodoRecord.html:3332:1 (ZenodoRecord.Rd:1942): Warning: <h5> anchor "Returns" already defined
ZenodoRecord.html:3349:1 (ZenodoRecord.Rd:1951): Warning: <h5> anchor "Usage" already defined
ZenodoRecord.html:3355:1 (ZenodoRecord.Rd:1955): Warning: <h5> anchor "Arguments" already defined
ZenodoRecord.html:3384:1 (ZenodoRecord.Rd:1974): Warning: <h5> anchor "Usage" already defined
ZenodoRecord.html:3390:1 (ZenodoRecord.Rd:1978): Warning: <h5> anchor "Arguments" already defined
ZenodoRecord.html:3403:1 (ZenodoRecord.Rd:1985): Warning: <h5> anchor "Returns" already defined
ZenodoRecord.html:3420:1 (ZenodoRecord.Rd:1994): Warning: <h5> anchor "Usage" already defined
ZenodoRecord.html:3426:1 (ZenodoRecord.Rd:1998): Warning: <h5> anchor "Arguments" already defined
ZenodoRecord.html:3445:1 (ZenodoRecord.Rd:2011): Warning: <h5> anchor "Returns" already defined
ZenodoRecord.html:3462:1 (ZenodoRecord.Rd:2020): Warning: <h5> anchor "Usage" already defined
ZenodoRecord.html:3468:1 (ZenodoRecord.Rd:2024): Warning: <h5> anchor "Arguments" already defined
ZenodoRecord.html:3481:1 (ZenodoRecord.Rd:2031): Warning: <h5> anchor "Returns" already defined
ZenodoRecord.html:3498:1 (ZenodoRecord.Rd:2040): Warning: <h5> anchor "Usage" already defined
ZenodoRecord.html:3504:1 (ZenodoRecord.Rd:2044): Warning: <h5> anchor "Arguments" already defined
ZenodoRecord.html:3517:1 (ZenodoRecord.Rd:2051): Warning: <h5> anchor "Returns" already defined
ZenodoRecord.html:3534:1 (ZenodoRecord.Rd:2060): Warning: <h5> anchor "Usage" already defined
ZenodoRecord.html:3540:1 (ZenodoRecord.Rd:2064): Warning: <h5> anchor "Arguments" already defined
ZenodoRecord.html:3553:1 (ZenodoRecord.Rd:2071): Warning: <h5> anchor "Returns" already defined
ZenodoRecord.html:3570:1 (ZenodoRecord.Rd:2080): Warning: <h5> anchor "Usage" already defined
ZenodoRecord.html:3576:1 (ZenodoRecord.Rd:2084): Warning: <h5> anchor "Arguments" already defined
ZenodoRecord.html:3589:1 (ZenodoRecord.Rd:2091): Warning: <h5> anchor "Returns" already defined
ZenodoRecord.html:3606:1 (ZenodoRecord.Rd:2100): Warning: <h5> anchor "Usage" already defined
ZenodoRecord.html:3612:1 (ZenodoRecord.Rd:2104): Warning: <h5> anchor "Arguments" already defined
ZenodoRecord.html:3625:1 (ZenodoRecord.Rd:2111): Warning: <h5> anchor "Returns" already defined
ZenodoRecord.html:3642:1 (ZenodoRecord.Rd:2120): Warning: <h5> anchor "Usage" already defined
ZenodoRecord.html:3648:1 (ZenodoRecord.Rd:2124): Warning: <h5> anchor "Arguments" already defined
ZenodoRecord.html:3661:1 (ZenodoRecord.Rd:2131): Warning: <h5> anchor "Returns" already defined
ZenodoRecord.html:3678:1 (ZenodoRecord.Rd:2140): Warning: <h5> anchor "Usage" already defined
ZenodoRecord.html:3684:1 (ZenodoRecord.Rd:2144): Warning: <h5> anchor "Arguments" already defined
ZenodoRecord.html:3707:1 (ZenodoRecord.Rd:2157): Warning: <h5> anchor "Usage" already defined
ZenodoRecord.html:3713:1 (ZenodoRecord.Rd:2161): Warning: <h5> anchor "Arguments" already defined
ZenodoRecord.html:3726:1 (ZenodoRecord.Rd:2168): Warning: <h5> anchor "Returns" already defined
ZenodoRecord.html:3743:1 (ZenodoRecord.Rd:2177): Warning: <h5> anchor "Usage" already defined
ZenodoRecord.html:3749:1 (ZenodoRecord.Rd:2181): Warning: <h5> anchor "Arguments" already defined
ZenodoRecord.html:3762:1 (ZenodoRecord.Rd:2188): Warning: <h5> anchor "Returns" already defined
ZenodoRecord.html:3780:1 (ZenodoRecord.Rd:2198): Warning: <h5> anchor "Usage" already defined
ZenodoRecord.html:3786:1 (ZenodoRecord.Rd:2202): Warning: <h5> anchor "Arguments" already defined
ZenodoRecord.html:3809:1 (ZenodoRecord.Rd:2215): Warning: <h5> anchor "Usage" already defined
ZenodoRecord.html:3815:1 (ZenodoRecord.Rd:2219): Warning: <h5> anchor "Arguments" already defined
ZenodoRecord.html:3829:1 (ZenodoRecord.Rd:2227): Warning: <h5> anchor "Returns" already defined
ZenodoRecord.html:3846:1 (ZenodoRecord.Rd:2236): Warning: <h5> anchor "Usage" already defined
ZenodoRecord.html:3862:1 (ZenodoRecord.Rd:2250): Warning: <h5> anchor "Arguments" already defined
ZenodoRecord.html:3905:1 (ZenodoRecord.Rd:2283): Warning: <h5> anchor "Usage" already defined
ZenodoRecord.html:3911:1 (ZenodoRecord.Rd:2287): Warning: <h5> anchor "Arguments" already defined
ZenodoRecord.html:3941:1 (ZenodoRecord.Rd:2307): Warning: <h5> anchor "Usage" already defined
ZenodoRecord.html:3947:1 (ZenodoRecord.Rd:2311): Warning: <h5> anchor "Returns" already defined
ZenodoRecord.html:3964:1 (ZenodoRecord.Rd:2320): Warning: <h5> anchor "Usage" already defined
ZenodoRecord.html:3970:1 (ZenodoRecord.Rd:2324): Warning: <h5> anchor "Returns" already defined
ZenodoRecord.html:3987:1 (ZenodoRecord.Rd:2333): Warning: <h5> anchor "Usage" already defined
ZenodoRecord.html:3993:1 (ZenodoRecord.Rd:2337): Warning: <h5> anchor "Returns" already defined
ZenodoRecord.html:4011:1 (ZenodoRecord.Rd:2347): Warning: <h5> anchor "Usage" already defined
ZenodoRecord.html:4017:1 (ZenodoRecord.Rd:2351): Warning: <h5> anchor "Returns" already defined
ZenodoRecord.html:4034:1 (ZenodoRecord.Rd:2360): Warning: <h5> anchor "Usage" already defined
ZenodoRecord.html:4040:1 (ZenodoRecord.Rd:2364): Warning: <h5> anchor "Arguments" already defined
ZenodoRequest.html:168:1 (ZenodoRequest.Rd:107): Warning: <h5> anchor "Usage" already defined
ZenodoRequest.html:184:1 (ZenodoRequest.Rd:117): Warning: <h5> anchor "Usage" already defined
ZenodoRequest.html:200:1 (ZenodoRequest.Rd:127): Warning: <h5> anchor "Usage" already defined
ZenodoRequest.html:216:1 (ZenodoRequest.Rd:137): Warning: <h5> anchor "Usage" already defined
ZenodoRequest.html:232:1 (ZenodoRequest.Rd:147): Warning: <h5> anchor "Usage" already defined
ZenodoRequest.html:248:1 (ZenodoRequest.Rd:157): Warning: <h5> anchor "Usage" already defined
ZenodoRequest.html:264:1 (ZenodoRequest.Rd:167): Warning: <h5> anchor "Usage" already defined
ZenodoRequest.html:280:1 (ZenodoRequest.Rd:177): Warning: <h5> anchor "Usage" already defined
ZenodoRequest.html:286:1 (ZenodoRequest.Rd:181): Warning: <h5> anchor "Arguments" already defined
ZenodoRequest.html:309:1 (ZenodoRequest.Rd:194): Warning: <h5> anchor "Usage" already defined
ZenodoRequest.html:315:1 (ZenodoRequest.Rd:198): Warning: <h5> anchor "Arguments" already defined
zen4RLogger.html:133:1 (zen4RLogger.Rd:70): Warning: <h5> anchor "Usage" already defined
zen4RLogger.html:139:1 (zen4RLogger.Rd:74): Warning: <h5> anchor "Arguments" already defined
zen4RLogger.html:162:1 (zen4RLogger.Rd:87): Warning: <h5> anchor "Usage" already defined
zen4RLogger.html:168:1 (zen4RLogger.Rd:91): Warning: <h5> anchor "Arguments" already defined
zen4RLogger.html:191:1 (zen4RLogger.Rd:104): Warning: <h5> anchor "Usage" already defined
zen4RLogger.html:197:1 (zen4RLogger.Rd:108): Warning: <h5> anchor "Arguments" already defined
zen4RLogger.html:220:1 (zen4RLogger.Rd:121): Warning: <h5> anchor "Usage" already defined
zen4RLogger.html:226:1 (zen4RLogger.Rd:125): Warning: <h5> anchor "Arguments" already defined
zen4RLogger.html:249:1 (zen4RLogger.Rd:138): Warning: <h5> anchor "Usage" already defined
zen4RLogger.html:272:1 (zen4RLogger.Rd:151): Warning: <h5> anchor "Usage" already defined
zen4RLogger.html:278:1 (zen4RLogger.Rd:155): Warning: <h5> anchor "Returns" already defined
zen4RLogger.html:295:1 (zen4RLogger.Rd:164): Warning: <h5> anchor "Usage" already defined
zen4RLogger.html:301:1 (zen4RLogger.Rd:168): Warning: <h5> anchor "Arguments" already defined
zenodo_pat.html:46:1 (zenodo_pat.Rd:10): Warning: missing </ul> before </div>
Flavor: r-devel-linux-x86_64-debian-gcc