Last updated on 2025-10-21 09:48:53 CEST.
Flavor | Version | Tinstall | Tcheck | Ttotal | Status | Flags |
---|---|---|---|---|---|---|
r-devel-linux-x86_64-debian-clang | 1.0.0 | 4.24 | 52.06 | 56.30 | OK | |
r-devel-linux-x86_64-debian-gcc | 1.0.0 | 3.06 | 40.07 | 43.13 | NOTE | |
r-devel-linux-x86_64-fedora-clang | 1.0.0 | 89.43 | OK | |||
r-devel-linux-x86_64-fedora-gcc | 1.0.0 | 94.07 | OK | |||
r-devel-windows-x86_64 | 1.0.0 | 6.00 | 66.00 | 72.00 | OK | |
r-patched-linux-x86_64 | 1.0.0 | 4.69 | 48.59 | 53.28 | OK | |
r-release-linux-x86_64 | 1.0.0 | 3.79 | 48.69 | 52.48 | OK | |
r-release-macos-arm64 | 1.0.0 | 34.00 | OK | |||
r-release-macos-x86_64 | 1.0.0 | 72.00 | OK | |||
r-release-windows-x86_64 | 1.0.0 | 6.00 | 68.00 | 74.00 | OK | |
r-oldrel-macos-arm64 | 1.0.0 | 45.00 | OK | |||
r-oldrel-macos-x86_64 | 1.0.0 | 48.00 | OK | |||
r-oldrel-windows-x86_64 | 1.0.0 | 8.00 | 80.00 | 88.00 | OK |
Version: 1.0.0
Check: HTML version of manual
Result: NOTE
Found the following HTML validation problems:
depth.html:46:1 (depth.Rd:10): Warning: missing </ul> before </div>
error_lineage.html:46:1 (error_lineage.Rd:10): Warning: missing </ul> before </div>
Flavor: r-devel-linux-x86_64-debian-gcc