Last updated on 2025-10-21 09:48:53 CEST.
Flavor | Version | Tinstall | Tcheck | Ttotal | Status | Flags |
---|---|---|---|---|---|---|
r-devel-linux-x86_64-debian-clang | 1.2.5 | 12.81 | 224.73 | 237.54 | OK | |
r-devel-linux-x86_64-debian-gcc | 1.2.5 | 9.52 | 140.18 | 149.70 | NOTE | |
r-devel-linux-x86_64-fedora-clang | 1.2.5 | 390.33 | OK | |||
r-devel-linux-x86_64-fedora-gcc | 1.2.5 | 382.61 | OK | |||
r-devel-windows-x86_64 | 1.2.5 | 17.00 | 304.00 | 321.00 | OK | |
r-patched-linux-x86_64 | 1.2.5 | 19.23 | 211.19 | 230.42 | OK | |
r-release-linux-x86_64 | 1.2.5 | 12.15 | 213.78 | 225.93 | OK | |
r-release-macos-arm64 | 1.2.5 | 106.00 | OK | |||
r-release-macos-x86_64 | 1.2.5 | 218.00 | OK | |||
r-release-windows-x86_64 | 1.2.5 | 20.00 | 310.00 | 330.00 | OK | |
r-oldrel-macos-arm64 | 1.2.5 | 125.00 | OK | |||
r-oldrel-macos-x86_64 | 1.2.5 | 210.00 | OK | |||
r-oldrel-windows-x86_64 | 1.2.5 | 23.00 | 379.00 | 402.00 | OK |
Version: 1.2.5
Check: HTML version of manual
Result: NOTE
Found the following HTML validation problems:
cell_value.html:54:1 (cell_value.Rd:14): Warning: missing </ul> before </div>
get_labs.html:50:1 (get_labs.Rd:10): Warning: missing </ul> before </div>
promote.default.html:51:1 (promote.default.Rd:12): Warning: missing </ul> before </div>
rescale.dvec.html:59:1 (rescale.dvec.Rd:16): Warning: missing </ul> before </div>
scale_type.dvec.html:47:1 (scale_type.dvec.Rd:10): Warning: missing </ul> before </div>
vec_cast.character.dvec.html:56:1 (vec_cast.character.dvec.Rd:14): Warning: missing </ul> before </div>
vec_cast.classified.classified.html:55:1 (vec_cast.classified.classified.Rd:14): Warning: missing </ul> before </div>
vec_cast.classified.factor.html:55:1 (vec_cast.classified.factor.Rd:14): Warning: missing </ul> before </div>
vec_cast.complex.dvec.html:56:1 (vec_cast.complex.dvec.Rd:14): Warning: missing </ul> before </div>
vec_cast.double.dvec.html:56:1 (vec_cast.double.dvec.Rd:14): Warning: missing </ul> before </div>
vec_cast.dvec.character.html:56:1 (vec_cast.dvec.character.Rd:14): Warning: missing </ul> before </div>
vec_cast.dvec.complex.html:56:1 (vec_cast.dvec.complex.Rd:14): Warning: missing </ul> before </div>
vec_cast.dvec.double.html:56:1 (vec_cast.dvec.double.Rd:14): Warning: missing </ul> before </div>
vec_cast.dvec.dvec.html:60:1 (vec_cast.dvec.dvec.Rd:16): Warning: missing </ul> before </div>
vec_cast.dvec.integer.html:56:1 (vec_cast.dvec.integer.Rd:14): Warning: missing </ul> before </div>
vec_cast.dvec.logical.html:60:1 (vec_cast.dvec.logical.Rd:16): Warning: missing </ul> before </div>
vec_cast.factor.classified.html:55:1 (vec_cast.factor.classified.Rd:14): Warning: missing </ul> before </div>
vec_cast.integer.dvec.html:56:1 (vec_cast.integer.dvec.Rd:14): Warning: missing </ul> before </div>
vec_cast.logical.dvec.html:60:1 (vec_cast.logical.dvec.Rd:16): Warning: missing </ul> before </div>
vec_ptype2.character.dvec.html:60:1 (vec_ptype2.character.dvec.Rd:16): Warning: missing </ul> before </div>
vec_ptype2.classified.factor.html:55:1 (vec_ptype2.classified.factor.Rd:14): Warning: missing </ul> before </div>
vec_ptype2.complex.dvec.html:60:1 (vec_ptype2.complex.dvec.Rd:16): Warning: missing </ul> before </div>
vec_ptype2.double.dvec.html:60:1 (vec_ptype2.double.dvec.Rd:16): Warning: missing </ul> before </div>
vec_ptype2.dvec.character.html:60:1 (vec_ptype2.dvec.character.Rd:16): Warning: missing </ul> before </div>
vec_ptype2.dvec.complex.html:60:1 (vec_ptype2.dvec.complex.Rd:16): Warning: missing </ul> before </div>
vec_ptype2.dvec.integer.html:60:1 (vec_ptype2.dvec.integer.Rd:16): Warning: missing </ul> before </div>
vec_ptype2.dvec.logical.html:60:1 (vec_ptype2.dvec.logical.Rd:16): Warning: missing </ul> before </div>
vec_ptype2.factor.classified.html:55:1 (vec_ptype2.factor.classified.Rd:14): Warning: missing </ul> before </div>
vec_ptype2.integer.dvec.html:60:1 (vec_ptype2.integer.dvec.Rd:16): Warning: missing </ul> before </div>
vec_ptype2.logical.dvec.html:60:1 (vec_ptype2.logical.dvec.Rd:16): Warning: missing </ul> before </div>
Flavor: r-devel-linux-x86_64-debian-gcc