Last updated on 2025-10-21 09:48:53 CEST.
Flavor | Version | Tinstall | Tcheck | Ttotal | Status | Flags |
---|---|---|---|---|---|---|
r-devel-linux-x86_64-debian-clang | 2.1.2 | 11.72 | 89.97 | 101.69 | NOTE | |
r-devel-linux-x86_64-debian-gcc | 2.1.2 | 7.71 | 59.51 | 67.22 | NOTE | |
r-devel-linux-x86_64-fedora-clang | 2.1.2 | 164.45 | NOTE | |||
r-devel-linux-x86_64-fedora-gcc | 2.1.2 | 144.12 | NOTE | |||
r-devel-windows-x86_64 | 2.1.2 | 12.00 | 90.00 | 102.00 | NOTE | |
r-patched-linux-x86_64 | 2.1.2 | 9.15 | 83.36 | 92.51 | NOTE | |
r-release-linux-x86_64 | 2.1.2 | 10.19 | 82.02 | 92.21 | NOTE | |
r-release-macos-arm64 | 2.1.2 | 35.00 | NOTE | |||
r-release-macos-x86_64 | 2.1.2 | 75.00 | NOTE | |||
r-release-windows-x86_64 | 2.1.2 | 13.00 | 93.00 | 106.00 | NOTE | |
r-oldrel-macos-arm64 | 2.1.2 | 35.00 | NOTE | |||
r-oldrel-macos-x86_64 | 2.1.2 | 54.00 | NOTE | |||
r-oldrel-windows-x86_64 | 2.1.2 | 16.00 | 111.00 | 127.00 | NOTE |
Version: 2.1.2
Check: Rd files
Result: NOTE
checkRd: (-1) cat_sim.Rd:110: Lost braces; missing escapes or markup?
110 | \code{min} and {max} are mandatory for setting limits on the test length. User-defined
| ^
Flavors: r-devel-linux-x86_64-debian-clang, r-devel-linux-x86_64-debian-gcc, r-devel-linux-x86_64-fedora-clang, r-devel-linux-x86_64-fedora-gcc, r-devel-windows-x86_64, r-patched-linux-x86_64, r-release-linux-x86_64, r-release-macos-arm64, r-release-macos-x86_64, r-release-windows-x86_64, r-oldrel-macos-arm64, r-oldrel-macos-x86_64, r-oldrel-windows-x86_64
Version: 2.1.2
Check: HTML version of manual
Result: NOTE
Found the following HTML validation problems:
ata_helpers.html:104:1 (ata_helpers.Rd:43): Warning: missing </ul> before </div>
estimate_helpers.html:76:1 (estimate_helpers.Rd:29): Warning: missing </ul> before </div>
expected_raw_score_dist.html:58:1 (expected_raw_score_dist.Rd:16): Warning: missing </ul> before </div>
freq.html:54:1 (freq.Rd:14): Warning: missing </ul> before </div>
hermite_gauss.html:46:1 (hermite_gauss.Rd:10): Warning: missing </ul> before </div>
rmse.html:50:1 (rmse.Rd:12): Warning: missing </ul> before </div>
Flavor: r-devel-linux-x86_64-debian-gcc