Last updated on 2025-10-21 09:48:53 CEST.
Flavor | Version | Tinstall | Tcheck | Ttotal | Status | Flags |
---|---|---|---|---|---|---|
r-devel-linux-x86_64-debian-clang | 0.1.6 | 10.19 | 66.87 | 77.06 | OK | |
r-devel-linux-x86_64-debian-gcc | 0.1.6 | 6.98 | 49.58 | 56.56 | NOTE | |
r-devel-linux-x86_64-fedora-clang | 0.1.6 | 117.13 | OK | |||
r-devel-linux-x86_64-fedora-gcc | 0.1.6 | 106.51 | OK | |||
r-devel-windows-x86_64 | 0.1.6 | 12.00 | 75.00 | 87.00 | OK | |
r-patched-linux-x86_64 | 0.1.6 | 10.32 | 60.25 | 70.57 | OK | |
r-release-linux-x86_64 | 0.1.6 | 9.50 | 59.55 | 69.05 | OK | |
r-release-macos-arm64 | 0.1.6 | 33.00 | OK | |||
r-release-macos-x86_64 | 0.1.6 | 66.00 | OK | |||
r-release-windows-x86_64 | 0.1.6 | 13.00 | 77.00 | 90.00 | OK | |
r-oldrel-macos-arm64 | 0.1.6 | 39.00 | OK | |||
r-oldrel-macos-x86_64 | 0.1.6 | 71.00 | OK | |||
r-oldrel-windows-x86_64 | 0.1.6 | 15.00 | 96.00 | 111.00 | OK |
Version: 0.1.6
Check: HTML version of manual
Result: NOTE
Found the following HTML validation problems:
xtdml.html:231:1 (xtdml.Rd:169): Warning: <h5> anchor "Usage" already defined
xtdml.html:247:1 (xtdml.Rd:179): Warning: <h5> anchor "Usage" already defined
xtdml.html:293:1 (xtdml.Rd:209): Warning: <h5> anchor "Usage" already defined
xtdml.html:299:1 (xtdml.Rd:213): Warning: <h5> anchor "Returns" already defined
xtdml.html:322:1 (xtdml.Rd:228): Warning: <h5> anchor "Usage" already defined
xtdml.html:334:1 (xtdml.Rd:238): Warning: <h5> anchor "Arguments" already defined
xtdml.html:405:1 (xtdml.Rd:290): Warning: <h5> anchor "Returns" already defined
xtdml.html:422:1 (xtdml.Rd:299): Warning: <h5> anchor "Usage" already defined
xtdml.html:428:1 (xtdml.Rd:303): Warning: <h5> anchor "Arguments" already defined
xtdml.html:452:1 (xtdml.Rd:317): Warning: <h5> anchor "Usage" already defined
xtdml.html:458:1 (xtdml.Rd:321): Warning: <h5> anchor "Arguments" already defined
xtdml.html:482:1 (xtdml.Rd:339): Warning: <h5> anchor "Returns" already defined
xtdml.html:499:1 (xtdml.Rd:348): Warning: <h5> anchor "Usage" already defined
xtdml.html:505:1 (xtdml.Rd:352): Warning: <h5> anchor "Returns" already defined
xtdml.html:522:1 (xtdml.Rd:361): Warning: <h5> anchor "Usage" already defined
xtdml.html:528:1 (xtdml.Rd:365): Warning: <h5> anchor "Returns" already defined
xtdml.html:548:1 (xtdml.Rd:377): Warning: <h5> anchor "Usage" already defined
xtdml.html:559:1 (xtdml.Rd:386): Warning: <h5> anchor "Arguments" already defined
xtdml.html:591:1 (xtdml.Rd:412): Warning: <h5> anchor "Returns" already defined
xtdml.html:608:1 (xtdml.Rd:421): Warning: <h5> anchor "Usage" already defined
xtdml.html:614:1 (xtdml.Rd:425): Warning: <h5> anchor "Arguments" already defined
xtdml.html:628:1 (xtdml.Rd:433): Warning: <h5> anchor "Returns" already defined
xtdml.html:645:1 (xtdml.Rd:442): Warning: <h5> anchor "Usage" already defined
xtdml.html:651:1 (xtdml.Rd:446): Warning: <h5> anchor "Arguments" already defined
xtdml_data.html:271:1 (xtdml_data.Rd:182): Warning: missing </ul> before </div>
xtdml_data.html:199:1 (xtdml_data.Rd:140): Warning: <h5> anchor "Usage" already defined
xtdml_data.html:218:1 (xtdml_data.Rd:153): Warning: <h5> anchor "Usage" already defined
xtdml_data.html:224:1 (xtdml_data.Rd:157): Warning: <h5> anchor "Arguments" already defined
xtdml_data.html:248:1 (xtdml_data.Rd:171): Warning: <h5> anchor "Usage" already defined
xtdml_data.html:254:1 (xtdml_data.Rd:175): Warning: <h5> anchor "Arguments" already defined
xtdml_plr.html:207:1 (xtdml_plr.Rd:231): Warning: <h5> anchor "Usage" already defined
xtdml_plr.html:218:1 (xtdml_plr.Rd:240): Warning: <h5> anchor "Arguments" already defined
xtdml_plr.html:271:1 (xtdml_plr.Rd:279): Warning: <h5> anchor "Usage" already defined
xtdml_plr.html:283:1 (xtdml_plr.Rd:289): Warning: <h5> anchor "Arguments" already defined
xtdml_plr.html:354:1 (xtdml_plr.Rd:341): Warning: <h5> anchor "Returns" already defined
xtdml_plr.html:422:1 (xtdml_plr.Rd:400): Warning: <h5> anchor "Usage" already defined
xtdml_plr.html:428:1 (xtdml_plr.Rd:404): Warning: <h5> anchor "Arguments" already defined
Flavor: r-devel-linux-x86_64-debian-gcc