CRAN Package Check Results for Package wppExplorer

Last updated on 2025-07-13 09:49:58 CEST.

Flavor Version Tinstall Tcheck Ttotal Status Flags
r-devel-linux-x86_64-debian-clang 2.3-4 8.39 76.56 84.95 NOTE
r-devel-linux-x86_64-debian-gcc 2.3-4 5.70 53.65 59.35 NOTE
r-devel-linux-x86_64-fedora-clang 2.3-4 129.03 OK
r-devel-linux-x86_64-fedora-gcc 2.3-4 120.35 OK
r-devel-windows-x86_64 2.3-4 9.00 85.00 94.00 OK
r-patched-linux-x86_64 2.3-4 8.56 71.03 79.59 OK
r-release-linux-x86_64 2.3-4 7.34 70.58 77.92 OK
r-release-macos-arm64 2.3-4 36.00 OK
r-release-macos-x86_64 2.3-4 66.00 OK
r-release-windows-x86_64 2.3-4 10.00 88.00 98.00 OK
r-oldrel-macos-arm64 2.3-4 35.00 OK
r-oldrel-macos-x86_64 2.3-4 52.00 OK
r-oldrel-windows-x86_64 2.3-4 13.00 103.00 116.00 OK

Check Details

Version: 2.3-4
Check: CRAN incoming feasibility
Result: NOTE Maintainer: ‘Hana Sevcikova <hanas@uw.edu>’ No Authors@R field in DESCRIPTION. Please add one, modifying Authors@R: person(given = "Hana", family = "Sevcikova", role = c("aut", "cre"), email = "hanas@uw.edu") as necessary. Flavors: r-devel-linux-x86_64-debian-clang, r-devel-linux-x86_64-debian-gcc