Last updated on 2025-10-21 09:48:52 CEST.
Flavor | Version | Tinstall | Tcheck | Ttotal | Status | Flags |
---|---|---|---|---|---|---|
r-devel-linux-x86_64-debian-clang | 0.8.4 | 3.97 | 31.27 | 35.24 | OK | |
r-devel-linux-x86_64-debian-gcc | 0.8.4 | 2.52 | 23.25 | 25.77 | NOTE | |
r-devel-linux-x86_64-fedora-clang | 0.8.4 | 55.10 | OK | |||
r-devel-linux-x86_64-fedora-gcc | 0.8.4 | 49.42 | OK | |||
r-devel-windows-x86_64 | 0.8.4 | 5.00 | 51.00 | 56.00 | OK | |
r-patched-linux-x86_64 | 0.8.4 | 4.01 | 28.86 | 32.87 | OK | |
r-release-linux-x86_64 | 0.8.4 | 3.61 | 29.14 | 32.75 | OK | |
r-release-macos-arm64 | 0.8.4 | 20.00 | OK | |||
r-release-macos-x86_64 | 0.8.4 | 46.00 | OK | |||
r-release-windows-x86_64 | 0.8.4 | 7.00 | 65.00 | 72.00 | OK | |
r-oldrel-macos-arm64 | 0.8.4 | 24.00 | OK | |||
r-oldrel-macos-x86_64 | 0.8.4 | 47.00 | OK | |||
r-oldrel-windows-x86_64 | 0.8.4 | 6.00 | 53.00 | 59.00 | OK |
Version: 0.8.4
Check: top-level files
Result: NOTE
Found the following validation problem for the NEWS.Rd HTML conversion:
NEWS.html:31:1 (inst/NEWS.Rd:9): Warning: <h3> anchor "Version-0.8.3-+282025-02-23+29" already defined
NEWS.html:149:1 (inst/NEWS.Rd:75): Warning: <h3> anchor "Version-0.6.3-+282021-09-06+29" already defined
Flavor: r-devel-linux-x86_64-debian-gcc