Last updated on 2025-10-21 09:48:52 CEST.
Flavor | Version | Tinstall | Tcheck | Ttotal | Status | Flags |
---|---|---|---|---|---|---|
r-devel-linux-x86_64-debian-clang | 0.9.4 | 17.92 | 78.47 | 96.39 | OK | |
r-devel-linux-x86_64-debian-gcc | 0.9.4 | 14.98 | 52.07 | 67.05 | NOTE | |
r-devel-linux-x86_64-fedora-clang | 0.9.4 | 159.56 | OK | |||
r-devel-linux-x86_64-fedora-gcc | 0.9.4 | 144.91 | OK | |||
r-devel-windows-x86_64 | 0.9.4 | 35.00 | 112.00 | 147.00 | OK | |
r-patched-linux-x86_64 | 0.9.4 | 19.69 | 74.03 | 93.72 | OK | |
r-release-linux-x86_64 | 0.9.4 | 15.69 | 73.30 | 88.99 | OK | |
r-release-macos-arm64 | 0.9.4 | 40.00 | OK | |||
r-release-macos-x86_64 | 0.9.4 | 90.00 | OK | |||
r-release-windows-x86_64 | 0.9.4 | 35.00 | 114.00 | 149.00 | OK | |
r-oldrel-macos-arm64 | 0.9.4 | 47.00 | OK | |||
r-oldrel-macos-x86_64 | 0.9.4 | 106.00 | OK | |||
r-oldrel-windows-x86_64 | 0.9.4 | 42.00 | 140.00 | 182.00 | OK |
Version: 0.9.4
Check: HTML version of manual
Result: NOTE
Found the following HTML validation problems:
deprecated.html:75:1 (deprecated.Rd:32): Warning: missing </ul> before </div>
new_wk_crc.html:50:1 (new_wk_crc.Rd:12): Warning: missing </ul> before </div>
new_wk_rct.html:53:1 (new_wk_rct.Rd:15): Warning: missing </ul> before </div>
new_wk_wkb.html:59:1 (new_wk_wkb.Rd:21): Warning: missing </ul> before </div>
new_wk_wkt.html:59:1 (new_wk_wkt.Rd:21): Warning: missing </ul> before </div>
new_wk_xy.html:67:1 (new_wk_xy.Rd:36): Warning: missing </ul> before </div>
vctrs-methods.html:76:1 (vctrs-methods.Rd:56): Warning: missing </ul> before </div>
wk_crs.html:72:1 (wk_crs.Rd:32): Warning: missing </ul> before </div>
wk_trans_affine.html:91:1 (wk_trans_affine.Rd:49): Warning: missing </ul> before </div>
wk_trans_inverse.html:70:1 (wk_trans_inverse.Rd:28): Warning: missing </ul> before </div>
wk_translate.html:61:1 (wk_translate.Rd:21): Warning: missing </ul> before </div>
Flavor: r-devel-linux-x86_64-debian-gcc