Last updated on 2025-10-21 09:48:52 CEST.
Flavor | Version | Tinstall | Tcheck | Ttotal | Status | Flags |
---|---|---|---|---|---|---|
r-devel-linux-x86_64-debian-clang | 2.4.2 | 8.31 | 91.70 | 100.01 | OK | |
r-devel-linux-x86_64-debian-gcc | 2.4.2 | 6.31 | 64.73 | 71.04 | NOTE | |
r-devel-linux-x86_64-fedora-clang | 2.4.2 | 164.65 | OK | |||
r-devel-linux-x86_64-fedora-gcc | 2.4.2 | 163.15 | OK | |||
r-devel-windows-x86_64 | 2.4.2 | 12.00 | 102.00 | 114.00 | OK | |
r-patched-linux-x86_64 | 2.4.2 | 11.29 | 85.78 | 97.07 | OK | |
r-release-linux-x86_64 | 2.4.2 | 8.43 | 86.58 | 95.01 | OK | |
r-release-macos-arm64 | 2.4.2 | 51.00 | OK | |||
r-release-macos-x86_64 | 2.4.2 | 88.00 | OK | |||
r-release-windows-x86_64 | 2.4.2 | 13.00 | 104.00 | 117.00 | OK | |
r-oldrel-macos-arm64 | 2.4.2 | 47.00 | OK | |||
r-oldrel-macos-x86_64 | 2.4.2 | 71.00 | OK | |||
r-oldrel-windows-x86_64 | 2.4.2 | 17.00 | 129.00 | 146.00 | OK |
Version: 2.4.2
Check: HTML version of manual
Result: NOTE
Found the following HTML validation problems:
Clarion.html:157:1 (Clarion.Rd:80): Warning: <h5> anchor "Usage" already defined
Clarion.html:163:1 (Clarion.Rd:84): Warning: <h5> anchor "Returns" already defined
Clarion.html:180:1 (Clarion.Rd:93): Warning: <h5> anchor "Usage" already defined
Clarion.html:196:1 (Clarion.Rd:103): Warning: <h5> anchor "Usage" already defined
Clarion.html:215:1 (Clarion.Rd:114): Warning: <h5> anchor "Returns" already defined
Clarion.html:232:1 (Clarion.Rd:123): Warning: <h5> anchor "Usage" already defined
Clarion.html:245:1 (Clarion.Rd:131): Warning: <h5> anchor "Returns" already defined
Clarion.html:262:1 (Clarion.Rd:140): Warning: <h5> anchor "Usage" already defined
Clarion.html:268:1 (Clarion.Rd:144): Warning: <h5> anchor "Arguments" already defined
Clarion.html:281:1 (Clarion.Rd:151): Warning: <h5> anchor "Returns" already defined
Clarion.html:298:1 (Clarion.Rd:160): Warning: <h5> anchor "Usage" already defined
Clarion.html:304:1 (Clarion.Rd:164): Warning: <h5> anchor "Arguments" already defined
Clarion.html:321:1 (Clarion.Rd:175): Warning: <h5> anchor "Details" already defined
Clarion.html:328:1 (Clarion.Rd:179): Warning: <h5> anchor "Returns" already defined
Clarion.html:345:1 (Clarion.Rd:188): Warning: <h5> anchor "Usage" already defined
Clarion.html:351:1 (Clarion.Rd:192): Warning: <h5> anchor "Arguments" already defined
Clarion.html:374:1 (Clarion.Rd:205): Warning: <h5> anchor "Usage" already defined
Clarion.html:380:1 (Clarion.Rd:209): Warning: <h5> anchor "Arguments" already defined
Clarion.html:399:1 (Clarion.Rd:222): Warning: <h5> anchor "Returns" already defined
Clarion.html:416:1 (Clarion.Rd:231): Warning: <h5> anchor "Usage" already defined
Clarion.html:422:1 (Clarion.Rd:235): Warning: <h5> anchor "Arguments" already defined
Clarion.html:445:1 (Clarion.Rd:248): Warning: <h5> anchor "Usage" already defined
Clarion.html:451:1 (Clarion.Rd:252): Warning: <h5> anchor "Arguments" already defined
Flavor: r-devel-linux-x86_64-debian-gcc