Last updated on 2025-10-21 09:48:52 CEST.
Flavor | Version | Tinstall | Tcheck | Ttotal | Status | Flags |
---|---|---|---|---|---|---|
r-devel-linux-x86_64-debian-clang | 0.4.1 | 1.77 | 19.90 | 21.67 | NOTE | |
r-devel-linux-x86_64-debian-gcc | 0.4.1 | 1.51 | 16.39 | 17.90 | NOTE | |
r-devel-linux-x86_64-fedora-clang | 0.4.1 | 32.95 | OK | |||
r-devel-linux-x86_64-fedora-gcc | 0.4.1 | 29.93 | OK | |||
r-devel-windows-x86_64 | 0.4.1 | 3.00 | 38.00 | 41.00 | OK | |
r-patched-linux-x86_64 | 0.4.1 | 1.90 | 18.74 | 20.64 | OK | |
r-release-linux-x86_64 | 0.4.1 | 1.54 | 18.52 | 20.06 | OK | |
r-release-macos-arm64 | 0.4.1 | 15.00 | OK | |||
r-release-macos-x86_64 | 0.4.1 | 24.00 | OK | |||
r-release-windows-x86_64 | 0.4.1 | 5.00 | 41.00 | 46.00 | OK | |
r-oldrel-macos-arm64 | 0.4.1 | 19.00 | OK | |||
r-oldrel-macos-x86_64 | 0.4.1 | 21.00 | OK | |||
r-oldrel-windows-x86_64 | 0.4.1 | 4.00 | 43.00 | 47.00 | OK |
Version: 0.4.1
Check: CRAN incoming feasibility
Result: NOTE
Maintainer: ‘Edwin de Jonge <edwindjonge@gmail.com>’
No Authors@R field in DESCRIPTION.
Please add one, modifying
Authors@R: person(given = "Edwin",
family = "de Jonge",
role = c("aut", "cre"),
email = "edwindjonge@gmail.com")
as necessary.
Flavors: r-devel-linux-x86_64-debian-clang, r-devel-linux-x86_64-debian-gcc
Version: 0.4.1
Check: HTML version of manual
Result: NOTE
Found the following HTML validation problems:
delimit.html:50:1 (delimit.Rd:12): Warning: missing </ul> before </div>
rxsplit.html:51:1 (rxsplit.Rd:12): Warning: missing </ul> before </div>
tag2delim.html:46:1 (tag2delim.Rd:10): Warning: missing </ul> before </div>
Flavor: r-devel-linux-x86_64-debian-gcc