Last updated on 2025-10-21 09:48:52 CEST.
Flavor | Version | Tinstall | Tcheck | Ttotal | Status | Flags |
---|---|---|---|---|---|---|
r-devel-linux-x86_64-debian-clang | 0.5.1 | 2.87 | 35.79 | 38.66 | OK | |
r-devel-linux-x86_64-debian-gcc | 0.5.1 | 2.10 | 26.63 | 28.73 | NOTE | |
r-devel-linux-x86_64-fedora-clang | 0.5.1 | 61.69 | OK | |||
r-devel-linux-x86_64-fedora-gcc | 0.5.1 | 55.89 | OK | |||
r-devel-windows-x86_64 | 0.5.1 | 5.00 | 54.00 | 59.00 | OK | |
r-patched-linux-x86_64 | 0.5.1 | 3.19 | 34.12 | 37.31 | OK | |
r-release-linux-x86_64 | 0.5.1 | 2.92 | 33.90 | 36.82 | OK | |
r-release-macos-arm64 | 0.5.1 | 24.00 | OK | |||
r-release-macos-x86_64 | 0.5.1 | 41.00 | OK | |||
r-release-windows-x86_64 | 0.5.1 | 4.00 | 56.00 | 60.00 | OK | |
r-oldrel-macos-arm64 | 0.5.1 | 25.00 | OK | |||
r-oldrel-macos-x86_64 | 0.5.1 | 42.00 | OK | |||
r-oldrel-windows-x86_64 | 0.5.1 | 4.00 | 64.00 | 68.00 | OK |
Version: 0.5.1
Check: HTML version of manual
Result: NOTE
Found the following HTML validation problems:
dwgtRank.html:156:1 (dwgtRank.Rd:90): Warning: <h3> anchor "_sec_note" already defined
dwgtRank.html:168:1 (dwgtRank.Rd:100): Warning: <h3> anchor "_sec_note" already defined
dwgtRank.html:178:1 (dwgtRank.Rd:154): Warning: <h3> anchor "_sec_note" already defined
ef2C.html:158:1 (ef2C.Rd:89): Warning: <h3> anchor "_sec_note" already defined
ef2C.html:165:1 (ef2C.Rd:94): Warning: <h3> anchor "_sec_note" already defined
Flavor: r-devel-linux-x86_64-debian-gcc