CRAN Package Check Results for Package websocket

Last updated on 2025-07-06 09:50:21 CEST.

Flavor Version Tinstall Tcheck Ttotal Status Flags
r-devel-linux-x86_64-debian-clang 1.4.4 62.42 31.23 93.65 OK
r-devel-linux-x86_64-debian-gcc 1.4.4 49.15 25.92 75.07 OK
r-devel-linux-x86_64-fedora-clang 1.4.4 147.23 OK
r-devel-linux-x86_64-fedora-gcc 1.4.4 182.38 OK
r-devel-windows-x86_64 1.4.4 82.00 146.00 228.00 OK
r-patched-linux-x86_64 1.4.4 67.04 29.01 96.05 OK
r-release-linux-x86_64 1.4.4 66.72 28.92 95.64 OK
r-release-macos-arm64 1.4.4 72.00 OK
r-release-macos-x86_64 1.4.4 186.00 OK
r-release-windows-x86_64 1.4.4 81.00 148.00 229.00 OK
r-oldrel-macos-arm64 1.4.4 71.00 NOTE
r-oldrel-macos-x86_64 1.4.4 184.00 NOTE
r-oldrel-windows-x86_64 1.4.4 101.00 168.00 269.00 NOTE

Check Details

Version: 1.4.4
Check: installed package size
Result: NOTE installed size is 29.4Mb sub-directories of 1Mb or more: libs 29.2Mb Flavors: r-oldrel-macos-arm64, r-oldrel-macos-x86_64, r-oldrel-windows-x86_64

Version: 1.4.4
Check: for GNU extensions in Makefiles
Result: NOTE GNU make is a SystemRequirements. Flavors: r-oldrel-macos-arm64, r-oldrel-macos-x86_64, r-oldrel-windows-x86_64