CRAN Package Check Results for Package webr

Last updated on 2025-10-21 09:48:52 CEST.

Flavor Version Tinstall Tcheck Ttotal Status Flags
r-devel-linux-x86_64-debian-clang 0.1.5 14.63 141.62 156.25 OK
r-devel-linux-x86_64-debian-gcc 0.1.5 10.11 102.40 112.51 NOTE
r-devel-linux-x86_64-fedora-clang 0.1.5 244.57 NOTE
r-devel-linux-x86_64-fedora-gcc 0.1.5 238.39 NOTE
r-devel-windows-x86_64 0.1.5 16.00 138.00 154.00 OK
r-patched-linux-x86_64 0.1.5 12.42 132.49 144.91 OK
r-release-linux-x86_64 0.1.5 12.68 130.88 143.56 OK
r-release-macos-arm64 0.1.5 63.00 OK
r-release-macos-x86_64 0.1.5 106.00 OK
r-release-windows-x86_64 0.1.5 17.00 138.00 155.00 OK
r-oldrel-macos-arm64 0.1.5 60.00 NOTE
r-oldrel-macos-x86_64 0.1.5 89.00 NOTE
r-oldrel-windows-x86_64 0.1.5 22.00 177.00 199.00 NOTE

Check Details

Version: 0.1.5
Check: HTML version of manual
Result: NOTE Found the following HTML validation problems: BiVar.html:46:1 (BiVar.Rd:10): Warning: missing </ul> before </div> ContinuousVar.html:46:1 (ContinuousVar.Rd:10): Warning: missing </ul> before </div> GroupVar.html:50:1 (GroupVar.Rd:12): Warning: missing </ul> before </div> extractLabels.html:46:1 (extractLabels.Rd:10): Warning: missing </ul> before </div> gg_color_hue.html:46:1 (gg_color_hue.Rd:10): Warning: missing </ul> before </div> langchoice1.html:50:1 (langchoice1.Rd:12): Warning: missing </ul> before </div> makeSub.html:46:1 (makeSub.Rd:10): Warning: missing </ul> before </div> makeSubColor.html:50:1 (makeSubColor.Rd:12): Warning: missing </ul> before </div> mychisq.test.html:46:1 (mychisq.test.Rd:10): Warning: missing </ul> before </div> transparent.html:46:1 (transparent.Rd:10): Warning: missing </ul> before </div> x2result.html:46:1 (x2result.Rd:10): Warning: missing </ul> before </div> Flavor: r-devel-linux-x86_64-debian-gcc

Version: 0.1.5
Check: dependencies in R code
Result: NOTE Namespaces in Imports field not imported from: ‘shiny’ ‘tidyselect’ All declared Imports should be used. Flavors: r-devel-linux-x86_64-fedora-clang, r-devel-linux-x86_64-fedora-gcc

Version: 0.1.5
Check: LazyData
Result: NOTE 'LazyData' is specified without a 'data' directory Flavors: r-oldrel-macos-arm64, r-oldrel-macos-x86_64, r-oldrel-windows-x86_64