Last updated on 2025-10-21 09:48:52 CEST.
Flavor | Version | Tinstall | Tcheck | Ttotal | Status | Flags |
---|---|---|---|---|---|---|
r-devel-linux-x86_64-debian-clang | 0.6.7 | 3.72 | 35.40 | 39.12 | OK | |
r-devel-linux-x86_64-debian-gcc | 0.6.7 | 2.87 | 27.17 | 30.04 | NOTE | |
r-devel-linux-x86_64-fedora-clang | 0.6.7 | 63.82 | OK | |||
r-devel-linux-x86_64-fedora-gcc | 0.6.7 | 55.44 | OK | |||
r-devel-windows-x86_64 | 0.6.7 | 6.00 | 53.00 | 59.00 | OK | |
r-patched-linux-x86_64 | 0.6.7 | 4.05 | 33.00 | 37.05 | OK | |
r-release-linux-x86_64 | 0.6.7 | 3.17 | 33.21 | 36.38 | OK | |
r-release-macos-arm64 | 0.6.7 | 22.00 | OK | |||
r-release-macos-x86_64 | 0.6.7 | 34.00 | OK | |||
r-release-windows-x86_64 | 0.6.7 | 7.00 | 55.00 | 62.00 | OK | |
r-oldrel-macos-arm64 | 0.6.7 | 22.00 | OK | |||
r-oldrel-macos-x86_64 | 0.6.7 | 29.00 | OK | |||
r-oldrel-windows-x86_64 | 0.6.7 | 6.00 | 62.00 | 68.00 | OK |
Version: 0.6.7
Check: HTML version of manual
Result: NOTE
Found the following HTML validation problems:
fill_vector_interval.html:46:1 (fill_vector_interval.Rd:10): Warning: missing </ul> before </div>
fill_vector_last.html:50:1 (fill_vector_last.Rd:12): Warning: missing </ul> before </div>
fill_vector_max.html:50:1 (fill_vector_max.Rd:12): Warning: missing </ul> before </div>
fill_vector_min.html:50:1 (fill_vector_min.Rd:12): Warning: missing </ul> before </div>
fill_vector_previous.html:46:1 (fill_vector_previous.Rd:10): Warning: missing </ul> before </div>
fill_vector_strict.html:50:1 (fill_vector_strict.Rd:12): Warning: missing </ul> before </div>
Flavor: r-devel-linux-x86_64-debian-gcc