CRAN Package Check Results for Package vol2birdR

Last updated on 2025-10-21 09:48:52 CEST.

Flavor Version Tinstall Tcheck Ttotal Status Flags
r-devel-linux-x86_64-debian-clang 1.2.1 93.77 68.65 162.42 OK
r-devel-linux-x86_64-debian-gcc 1.2.1 76.19 51.30 127.49 NOTE
r-devel-linux-x86_64-fedora-clang 1.2.1 288.85 OK
r-devel-linux-x86_64-fedora-gcc 1.2.1 290.02 OK
r-devel-windows-x86_64 1.2.1 186.00 244.00 430.00 OK
r-patched-linux-x86_64 1.2.1 94.59 65.52 160.11 OK
r-release-linux-x86_64 1.2.1 96.17 65.58 161.75 OK
r-release-macos-arm64 1.2.1 98.00 OK
r-release-macos-x86_64 1.2.1 148.00 OK
r-release-windows-x86_64 1.2.1 203.00 268.00 471.00 OK
r-oldrel-macos-arm64 1.2.1 101.00 NOTE
r-oldrel-macos-x86_64 1.2.1 151.00 NOTE
r-oldrel-windows-x86_64 1.2.1 213.00 330.00 543.00 NOTE

Check Details

Version: 1.2.1
Check: HTML version of manual
Result: NOTE Found the following HTML validation problems: cpp_mistnet_init.html:46:1 (cpp_mistnet_init.Rd:10): Warning: missing </ul> before </div> cpp_vol2bird_set_wsr88d_site_location.html:46:1 (cpp_vol2bird_set_wsr88d_site_location.Rd:10): Warning: missing </ul> before </div> mistnet_install_libs.html:58:1 (mistnet_install_libs.Rd:16): Warning: missing </ul> before </div> mistnet_start.html:54:1 (mistnet_start.Rd:14): Warning: missing </ul> before </div> Flavor: r-devel-linux-x86_64-debian-gcc

Version: 1.2.1
Check: installed package size
Result: NOTE installed size is 27.0Mb sub-directories of 1Mb or more: extdata 1.6Mb libs 25.1Mb Flavors: r-oldrel-macos-arm64, r-oldrel-macos-x86_64, r-oldrel-windows-x86_64

Version: 1.2.1
Check: for GNU extensions in Makefiles
Result: NOTE GNU make is a SystemRequirements. Flavors: r-oldrel-macos-arm64, r-oldrel-macos-x86_64, r-oldrel-windows-x86_64