Last updated on 2025-10-21 09:48:52 CEST.
Flavor | Version | Tinstall | Tcheck | Ttotal | Status | Flags |
---|---|---|---|---|---|---|
r-devel-linux-x86_64-debian-clang | 0.5.4 | 11.32 | 106.02 | 117.34 | OK | |
r-devel-linux-x86_64-debian-gcc | 0.5.4 | 8.10 | 77.89 | 85.99 | NOTE | |
r-devel-linux-x86_64-fedora-clang | 0.5.4 | 201.81 | OK | |||
r-devel-linux-x86_64-fedora-gcc | 0.5.4 | 183.94 | OK | |||
r-devel-windows-x86_64 | 0.5.4 | 12.00 | 121.00 | 133.00 | OK | |
r-patched-linux-x86_64 | 0.5.4 | 10.47 | 99.67 | 110.14 | OK | |
r-release-linux-x86_64 | 0.5.4 | 8.85 | 101.33 | 110.18 | OK | |
r-release-macos-arm64 | 0.5.4 | 56.00 | OK | |||
r-release-macos-x86_64 | 0.5.4 | 113.00 | OK | |||
r-release-windows-x86_64 | 0.5.4 | 13.00 | 120.00 | 133.00 | OK | |
r-oldrel-macos-arm64 | 0.5.4 | 63.00 | OK | |||
r-oldrel-macos-x86_64 | 0.5.4 | 118.00 | OK | |||
r-oldrel-windows-x86_64 | 0.5.4 | 16.00 | 150.00 | 166.00 | OK |
Version: 0.5.4
Check: HTML version of manual
Result: NOTE
Found the following HTML validation problems:
is.audio.html:47:1 (is.audio.Rd:10): Warning: missing </ul> before </div>
is.hosted.html:47:1 (is.hosted.Rd:10): Warning: missing </ul> before </div>
is.local.html:47:1 (is.local.Rd:10): Warning: missing </ul> before </div>
is.url.html:47:1 (is.url.Rd:10): Warning: missing </ul> before </div>
is.video.html:47:1 (is.video.Rd:10): Warning: missing </ul> before </div>
Flavor: r-devel-linux-x86_64-debian-gcc