CRAN Package Check Results for Package vkR

Last updated on 2025-10-21 09:48:52 CEST.

Flavor Version Tinstall Tcheck Ttotal Status Flags
r-devel-linux-x86_64-debian-clang 0.2 3.86 40.67 44.53 OK
r-devel-linux-x86_64-debian-gcc 0.2 3.00 30.25 33.25 NOTE
r-devel-linux-x86_64-fedora-clang 0.2 70.78 OK
r-devel-linux-x86_64-fedora-gcc 0.2 60.26 OK
r-devel-windows-x86_64 0.2 7.00 67.00 74.00 OK
r-patched-linux-x86_64 0.2 6.08 36.74 42.82 OK
r-release-linux-x86_64 0.2 3.63 36.87 40.50 OK
r-release-macos-arm64 0.2 24.00 OK
r-release-macos-x86_64 0.2 40.00 OK
r-release-windows-x86_64 0.2 7.00 71.00 78.00 OK
r-oldrel-macos-arm64 0.2 21.00 OK
r-oldrel-macos-x86_64 0.2 36.00 OK
r-oldrel-windows-x86_64 0.2 8.00 78.00 86.00 OK

Check Details

Version: 0.2
Check: HTML version of manual
Result: NOTE Found the following HTML validation problems: age_predict.html:46:1 (age_predict.Rd:10): Warning: missing </ul> before </div> boardGetComments.html:88:1 (boardGetComments.Rd:36): Warning: missing </ul> before </div> boardGetCommentsExecute.html:88:1 (boardGetCommentsExecute.Rd:36): Warning: missing </ul> before </div> boardGetCommentsList.html:54:1 (boardGetCommentsList.Rd:14): Warning: missing </ul> before </div> clear_text.html:50:1 (clear_text.Rd:12): Warning: missing </ul> before </div> collection_exists.html:58:1 (collection_exists.Rd:18): Warning: missing </ul> before </div> create_empty_collection.html:54:1 (create_empty_collection.Rd:14): Warning: missing </ul> before </div> db_drop.html:46:1 (db_drop.Rd:10): Warning: missing </ul> before </div> db_drop_collection.html:58:1 (db_drop_collection.Rd:18): Warning: missing </ul> before </div> db_get_collection.html:58:1 (db_get_collection.Rd:18): Warning: missing </ul> before </div> db_get_connection.html:58:1 (db_get_connection.Rd:18): Warning: missing </ul> before </div> db_init.html:50:1 (db_init.Rd:12): Warning: missing </ul> before </div> db_insert.html:58:1 (db_insert.Rd:16): Warning: missing </ul> before </div> db_load.html:46:1 (db_load.Rd:10): Warning: missing </ul> before </div> db_load_collection.html:58:1 (db_load_collection.Rd:18): Warning: missing </ul> before </div> db_save.html:58:1 (db_save.Rd:16): Warning: missing </ul> before </div> db_update.html:73:1 (db_update.Rd:27): Warning: missing </ul> before </div> execute.html:50:1 (execute.Rd:12): Warning: missing </ul> before </div> filterAttachments.html:86:1 (filterAttachments.Rd:25): Warning: missing </ul> before </div> getArbitraryNetwork.html:50:1 (getArbitraryNetwork.Rd:12): Warning: missing </ul> before </div> getCountryByCityId.html:46:1 (getCountryByCityId.Rd:10): Warning: missing </ul> before </div> getEgoNetwork.html:46:1 (getEgoNetwork.Rd:10): Warning: missing </ul> before </div> getGroupsById.html:58:1 (getGroupsById.Rd:16): Warning: missing </ul> before </div> getPaths.html:58:1 (getPaths.Rd:16): Warning: missing </ul> before </div> getTopics.html:105:1 (getTopics.Rd:43): Warning: missing </ul> before </div> getTopicsExecute.html:110:1 (getTopicsExecute.Rd:46): Warning: missing </ul> before </div> getURLs.html:50:1 (getURLs.Rd:12): Warning: missing </ul> before </div> get_stop_words.html:46:1 (get_stop_words.Rd:10): Warning: missing </ul> before </div> groupsSearch.html:114:1 (groupsSearch.Rd:47): Warning: missing </ul> before </div> handle_captcha.html:46:1 (handle_captcha.Rd:10): Warning: missing </ul> before </div> handle_validation.html:46:1 (handle_validation.Rd:10): Warning: missing </ul> before </div> has_error.html:46:1 (has_error.Rd:10): Warning: missing </ul> before </div> likesGetList.html:98:1 (likesGetList.Rd:42): Warning: missing </ul> before </div> messagesGet.html:83:1 (messagesGet.Rd:33): Warning: missing </ul> before </div> messagesGetHistory.html:78:1 (messagesGetHistory.Rd:30): Warning: missing </ul> before </div> messagesGetHistoryAll.html:58:1 (messagesGetHistoryAll.Rd:16): Warning: missing </ul> before </div> messagesGetHistoryExecute.html:83:1 (messagesGetHistoryExecute.Rd:33): Warning: missing </ul> before </div> messagesSend.html:132:1 (messagesSend.Rd:61): Warning: missing </ul> before </div> messagesSplitByDate.html:50:1 (messagesSplitByDate.Rd:12): Warning: missing </ul> before </div> newsfeedSearch.html:93:1 (newsfeedSearch.Rd:39): Warning: missing </ul> before </div> or.html:50:1 (or.Rd:12): Warning: missing </ul> before </div> postGetComments.html:98:1 (postGetComments.Rd:42): Warning: missing </ul> before </div> queryBuilder.html:50:1 (queryBuilder.Rd:12): Warning: missing </ul> before </div> repeat_last_query.html:50:1 (repeat_last_query.Rd:12): Warning: missing </ul> before </div> search.getHints.html:68:1 (search.getHints.Rd:24): Warning: missing </ul> before </div> setAPIVersion.html:46:1 (setAPIVersion.Rd:10): Warning: missing </ul> before </div> setAccessToken.html:46:1 (setAccessToken.Rd:10): Warning: missing </ul> before </div> setRepeats.html:46:1 (setRepeats.Rd:10): Warning: missing </ul> before </div> setTimeout.html:46:1 (setTimeout.Rd:10): Warning: missing </ul> before </div> tag2Id.html:46:1 (tag2Id.Rd:10): Warning: missing </ul> before </div> try_handle_error.html:46:1 (try_handle_error.Rd:10): Warning: missing </ul> before </div> try_handle_network_error.html:46:1 (try_handle_network_error.Rd:10): Warning: missing </ul> before </div> use_db.html:46:1 (use_db.Rd:10): Warning: missing </ul> before </div> usersSearch.html:218:1 (usersSearch.Rd:114): Warning: missing </ul> before </div> vkOAuthWeb.html:54:1 (vkOAuthWeb.Rd:14): Warning: missing </ul> before </div> vkPost.html:46:1 (vkPost.Rd:10): Warning: missing </ul> before </div> vk_stop.html:54:1 (vk_stop.Rd:14): Warning: missing </ul> before </div> wallGetComments.html:93:1 (wallGetComments.Rd:39): Warning: missing </ul> before </div> wallGetCommentsList.html:54:1 (wallGetCommentsList.Rd:14): Warning: missing </ul> before </div> Flavor: r-devel-linux-x86_64-debian-gcc