CRAN Package Check Results for Package vizdraws

Last updated on 2025-10-21 09:48:52 CEST.

Flavor Version Tinstall Tcheck Ttotal Status Flags
r-devel-linux-x86_64-debian-clang 2.0.0 1.93 27.14 29.07 OK
r-devel-linux-x86_64-debian-gcc 2.0.0 1.53 22.02 23.55 NOTE
r-devel-linux-x86_64-fedora-clang 2.0.0 47.30 OK
r-devel-linux-x86_64-fedora-gcc 2.0.0 55.51 OK
r-devel-windows-x86_64 2.0.0 6.00 46.00 52.00 OK
r-patched-linux-x86_64 2.0.0 1.99 24.96 26.95 OK
r-release-linux-x86_64 2.0.0 1.93 25.28 27.21 OK
r-release-macos-arm64 2.0.0 40.00 OK
r-release-macos-x86_64 2.0.0 54.00 OK
r-release-windows-x86_64 2.0.0 6.00 47.00 53.00 OK
r-oldrel-macos-arm64 2.0.0 40.00 OK
r-oldrel-macos-x86_64 2.0.0 49.00 OK
r-oldrel-windows-x86_64 2.0.0 7.00 52.00 59.00 OK

Check Details

Version: 2.0.0
Check: HTML version of manual
Result: NOTE Found the following HTML validation problems: vizdraws-shiny.html:68:1 (vizdraws-shiny.Rd:25): Warning: missing </ul> before </div> Flavor: r-devel-linux-x86_64-debian-gcc