Last updated on 2025-10-21 09:48:52 CEST.
Flavor | Version | Tinstall | Tcheck | Ttotal | Status | Flags |
---|---|---|---|---|---|---|
r-devel-linux-x86_64-debian-clang | 2.0.0 | 10.25 | 515.67 | 525.92 | OK | |
r-devel-linux-x86_64-debian-gcc | 2.0.0 | 6.06 | 315.08 | 321.14 | NOTE | |
r-devel-linux-x86_64-fedora-clang | 2.0.0 | 871.30 | OK | |||
r-devel-linux-x86_64-fedora-gcc | 2.0.0 | 797.90 | OK | |||
r-devel-windows-x86_64 | 2.0.0 | 10.00 | 474.00 | 484.00 | OK | |
r-patched-linux-x86_64 | 2.0.0 | 11.32 | 499.35 | 510.67 | OK | |
r-release-linux-x86_64 | 2.0.0 | 9.88 | 501.13 | 511.01 | OK | |
r-release-macos-arm64 | 2.0.0 | 253.00 | OK | |||
r-release-macos-x86_64 | 2.0.0 | 463.00 | OK | |||
r-release-windows-x86_64 | 2.0.0 | 14.00 | 482.00 | 496.00 | OK | |
r-oldrel-macos-arm64 | 2.0.0 | 267.00 | NOTE | |||
r-oldrel-macos-x86_64 | 2.0.0 | 329.00 | NOTE | |||
r-oldrel-windows-x86_64 | 2.0.0 | 15.00 | 604.00 | 619.00 | NOTE |
Version: 2.0.0
Check: HTML version of manual
Result: NOTE
Found the following HTML validation problems:
agent.html:337:1 (agent.Rd:207): Warning: missing </ul> before </div>
agent.html:89:1 (agent.Rd:56): Warning: <h3> anchor "Methods" already defined
agent.html:199:1 (agent.Rd:128): Warning: <h5> anchor "Usage" already defined
agent.html:205:1 (agent.Rd:132): Warning: <h5> anchor "Returns" already defined
agent.html:222:1 (agent.Rd:142): Warning: <h5> anchor "Usage" already defined
agent.html:228:1 (agent.Rd:146): Warning: <h5> anchor "Returns" already defined
agent.html:245:1 (agent.Rd:156): Warning: <h5> anchor "Usage" already defined
agent.html:251:1 (agent.Rd:160): Warning: <h5> anchor "Arguments" already defined
agent.html:264:1 (agent.Rd:167): Warning: <h5> anchor "Returns" already defined
agent.html:283:1 (agent.Rd:178): Warning: <h5> anchor "Usage" already defined
agent.html:297:1 (agent.Rd:187): Warning: <h5> anchor "Returns" already defined
agent.html:314:1 (agent.Rd:196): Warning: <h5> anchor "Usage" already defined
agent.html:320:1 (agent.Rd:200): Warning: <h5> anchor "Arguments" already defined
agent_manager.html:530:1 (agent_manager.Rd:292): Warning: missing </ul> before </div>
agent_manager.html:70:1 (agent_manager.Rd:36): Warning: <h3> anchor "Methods" already defined
agent_manager.html:159:1 (agent_manager.Rd:77): Warning: <h5> anchor "Usage" already defined
agent_manager.html:165:1 (agent_manager.Rd:81): Warning: <h5> anchor "Arguments" already defined
agent_manager.html:194:1 (agent_manager.Rd:97): Warning: <h5> anchor "Usage" already defined
agent_manager.html:200:1 (agent_manager.Rd:101): Warning: <h5> anchor "Returns" already defined
agent_manager.html:216:1 (agent_manager.Rd:110): Warning: <h5> anchor "Usage" already defined
agent_manager.html:222:1 (agent_manager.Rd:114): Warning: <h5> anchor "Arguments" already defined
agent_manager.html:235:1 (agent_manager.Rd:121): Warning: <h5> anchor "Returns" already defined
agent_manager.html:251:1 (agent_manager.Rd:130): Warning: <h5> anchor "Usage" already defined
agent_manager.html:257:1 (agent_manager.Rd:134): Warning: <h5> anchor "Arguments" already defined
agent_manager.html:270:1 (agent_manager.Rd:141): Warning: <h5> anchor "Returns" already defined
agent_manager.html:286:1 (agent_manager.Rd:150): Warning: <h5> anchor "Usage" already defined
agent_manager.html:299:1 (agent_manager.Rd:158): Warning: <h5> anchor "Returns" already defined
agent_manager.html:315:1 (agent_manager.Rd:167): Warning: <h5> anchor "Usage" already defined
agent_manager.html:321:1 (agent_manager.Rd:171): Warning: <h5> anchor "Arguments" already defined
agent_manager.html:334:1 (agent_manager.Rd:178): Warning: <h5> anchor "Returns" already defined
agent_manager.html:350:1 (agent_manager.Rd:187): Warning: <h5> anchor "Usage" already defined
agent_manager.html:356:1 (agent_manager.Rd:191): Warning: <h5> anchor "Arguments" already defined
agent_manager.html:380:1 (agent_manager.Rd:206): Warning: <h5> anchor "Usage" already defined
agent_manager.html:386:1 (agent_manager.Rd:210): Warning: <h5> anchor "Returns" already defined
agent_manager.html:402:1 (agent_manager.Rd:219): Warning: <h5> anchor "Usage" already defined
agent_manager.html:408:1 (agent_manager.Rd:223): Warning: <h5> anchor "Details" already defined
agent_manager.html:417:1 (agent_manager.Rd:229): Warning: <h5> anchor "Returns" already defined
agent_manager.html:433:1 (agent_manager.Rd:238): Warning: <h5> anchor "Usage" already defined
agent_manager.html:439:1 (agent_manager.Rd:242): Warning: <h5> anchor "Details" already defined
agent_manager.html:448:1 (agent_manager.Rd:248): Warning: <h5> anchor "Returns" already defined
agent_manager.html:464:1 (agent_manager.Rd:257): Warning: <h5> anchor "Usage" already defined
agent_manager.html:470:1 (agent_manager.Rd:261): Warning: <h5> anchor "Arguments" already defined
agent_manager.html:483:1 (agent_manager.Rd:268): Warning: <h5> anchor "Details" already defined
agent_manager.html:490:1 (agent_manager.Rd:272): Warning: <h5> anchor "Returns" already defined
agent_manager.html:507:1 (agent_manager.Rd:281): Warning: <h5> anchor "Usage" already defined
agent_manager.html:513:1 (agent_manager.Rd:285): Warning: <h5> anchor "Arguments" already defined
data_writer.html:198:1 (data_writer.Rd:108): Warning: missing </ul> before </div>
data_writer.html:62:1 (data_writer.Rd:33): Warning: <h3> anchor "Methods" already defined
data_writer.html:137:1 (data_writer.Rd:75): Warning: <h5> anchor "Usage" already defined
data_writer.html:143:1 (data_writer.Rd:79): Warning: <h5> anchor "Arguments" already defined
data_writer.html:158:1 (data_writer.Rd:88): Warning: <h5> anchor "Returns" already defined
data_writer.html:175:1 (data_writer.Rd:97): Warning: <h5> anchor "Usage" already defined
data_writer.html:181:1 (data_writer.Rd:101): Warning: <h5> anchor "Arguments" already defined
model_data.html:114:1 (model_data.Rd:54): Warning: missing </ul> before </div>
model_data.html:91:1 (model_data.Rd:43): Warning: <h5> anchor "Usage" already defined
resource.html:161:1 (resource.Rd:84): Warning: missing </ul> before </div>
resource.html:55:1 (resource.Rd:28): Warning: <h3> anchor "Methods" already defined
resource.html:115:1 (resource.Rd:60): Warning: <h5> anchor "Usage" already defined
resource.html:138:1 (resource.Rd:73): Warning: <h5> anchor "Usage" already defined
resource.html:144:1 (resource.Rd:77): Warning: <h5> anchor "Arguments" already defined
resource_manager.html:392:1 (resource_manager.Rd:211): Warning: missing </ul> before </div>
resource_manager.html:66:1 (resource_manager.Rd:34): Warning: <h3> anchor "Methods" already defined
resource_manager.html:142:1 (resource_manager.Rd:70): Warning: <h5> anchor "Usage" already defined
resource_manager.html:164:1 (resource_manager.Rd:83): Warning: <h5> anchor "Usage" already defined
resource_manager.html:170:1 (resource_manager.Rd:87): Warning: <h5> anchor "Arguments" already defined
resource_manager.html:183:1 (resource_manager.Rd:94): Warning: <h5> anchor "Returns" already defined
resource_manager.html:199:1 (resource_manager.Rd:103): Warning: <h5> anchor "Usage" already defined
resource_manager.html:205:1 (resource_manager.Rd:107): Warning: <h5> anchor "Arguments" already defined
resource_manager.html:218:1 (resource_manager.Rd:114): Warning: <h5> anchor "Returns" already defined
resource_manager.html:234:1 (resource_manager.Rd:123): Warning: <h5> anchor "Usage" already defined
resource_manager.html:240:1 (resource_manager.Rd:127): Warning: <h5> anchor "Arguments" already defined
resource_manager.html:253:1 (resource_manager.Rd:134): Warning: <h5> anchor "Returns" already defined
resource_manager.html:269:1 (resource_manager.Rd:143): Warning: <h5> anchor "Usage" already defined
resource_manager.html:275:1 (resource_manager.Rd:147): Warning: <h5> anchor "Arguments" already defined
resource_manager.html:288:1 (resource_manager.Rd:154): Warning: <h5> anchor "Returns" already defined
resource_manager.html:304:1 (resource_manager.Rd:163): Warning: <h5> anchor "Usage" already defined
resource_manager.html:317:1 (resource_manager.Rd:171): Warning: <h5> anchor "Returns" already defined
resource_manager.html:333:1 (resource_manager.Rd:180): Warning: <h5> anchor "Usage" already defined
resource_manager.html:339:1 (resource_manager.Rd:184): Warning: <h5> anchor "Arguments" already defined
resource_manager.html:352:1 (resource_manager.Rd:191): Warning: <h5> anchor "Returns" already defined
resource_manager.html:369:1 (resource_manager.Rd:200): Warning: <h5> anchor "Usage" already defined
resource_manager.html:375:1 (resource_manager.Rd:204): Warning: <h5> anchor "Arguments" already defined
simulation.html:163:1 (simulation.Rd:87): Warning: missing </ul> before </div>
simulation.html:55:1 (simulation.Rd:29): Warning: <h3> anchor "Methods" already defined
simulation.html:117:1 (simulation.Rd:63): Warning: <h5> anchor "Usage" already defined
simulation.html:140:1 (simulation.Rd:76): Warning: <h5> anchor "Usage" already defined
simulation.html:146:1 (simulation.Rd:80): Warning: <h5> anchor "Arguments" already defined
village.html:235:1 (village.Rd:138): Warning: missing </ul> before </div>
village.html:75:1 (village.Rd:45): Warning: <h3> anchor "Methods" already defined
village.html:151:1 (village.Rd:91): Warning: <h5> anchor "Usage" already defined
village.html:157:1 (village.Rd:95): Warning: <h5> anchor "Arguments" already defined
village.html:196:1 (village.Rd:117): Warning: <h5> anchor "Usage" already defined
village.html:212:1 (village.Rd:127): Warning: <h5> anchor "Usage" already defined
village.html:218:1 (village.Rd:131): Warning: <h5> anchor "Arguments" already defined
village_state.html:154:1 (village_state.Rd:88): Warning: missing </ul> before </div>
village_state.html:58:1 (village_state.Rd:34): Warning: <h3> anchor "Methods" already defined
village_state.html:131:1 (village_state.Rd:77): Warning: <h5> anchor "Usage" already defined
village_state.html:137:1 (village_state.Rd:81): Warning: <h5> anchor "Arguments" already defined
Flavor: r-devel-linux-x86_64-debian-gcc
Version: 2.0.0
Check: installed package size
Result: NOTE
installed size is 5.2Mb
sub-directories of 1Mb or more:
doc 4.7Mb
Flavors: r-oldrel-macos-arm64, r-oldrel-macos-x86_64, r-oldrel-windows-x86_64