Last updated on 2025-10-21 09:48:52 CEST.
Flavor | Version | Tinstall | Tcheck | Ttotal | Status | Flags |
---|---|---|---|---|---|---|
r-devel-linux-x86_64-debian-clang | 1.0.0 | 7.71 | 50.87 | 58.58 | OK | |
r-devel-linux-x86_64-debian-gcc | 1.0.0 | 5.75 | 38.03 | 43.78 | NOTE | |
r-devel-linux-x86_64-fedora-clang | 1.0.0 | 93.35 | OK | |||
r-devel-linux-x86_64-fedora-gcc | 1.0.0 | 88.40 | OK | |||
r-devel-windows-x86_64 | 1.0.0 | 12.00 | 67.00 | 79.00 | OK | |
r-patched-linux-x86_64 | 1.0.0 | 7.92 | 47.70 | 55.62 | OK | |
r-release-linux-x86_64 | 1.0.0 | 9.22 | 48.02 | 57.24 | OK | |
r-release-macos-arm64 | 1.0.0 | 29.00 | OK | |||
r-release-macos-x86_64 | 1.0.0 | 52.00 | OK | |||
r-release-windows-x86_64 | 1.0.0 | 13.00 | 70.00 | 83.00 | OK | |
r-oldrel-macos-arm64 | 1.0.0 | 35.00 | OK | |||
r-oldrel-macos-x86_64 | 1.0.0 | 59.00 | OK | |||
r-oldrel-windows-x86_64 | 1.0.0 | 15.00 | 80.00 | 95.00 | OK |
Version: 1.0.0
Check: HTML version of manual
Result: NOTE
Found the following HTML validation problems:
BinaryFileComparator.html:138:1 (BinaryFileComparator.Rd:98): Warning: <h5> anchor "Usage" already defined
BinaryFileComparator.html:144:1 (BinaryFileComparator.Rd:102): Warning: <h5> anchor "Arguments" already defined
BinaryFileComparator.html:177:1 (BinaryFileComparator.Rd:125): Warning: <h5> anchor "Usage" already defined
BinaryFileComparator.html:183:1 (BinaryFileComparator.Rd:129): Warning: <h5> anchor "Arguments" already defined
BinaryFileComparator.html:211:1 (BinaryFileComparator.Rd:147): Warning: <h5> anchor "Usage" already defined
BinaryFileComparator.html:217:1 (BinaryFileComparator.Rd:151): Warning: <h5> anchor "Arguments" already defined
BinaryFileComparator.html:242:1 (BinaryFileComparator.Rd:166): Warning: <h5> anchor "Usage" already defined
BinaryFileComparator.html:248:1 (BinaryFileComparator.Rd:170): Warning: <h5> anchor "Arguments" already defined
Config.html:130:1 (Config.Rd:89): Warning: <h5> anchor "Usage" already defined
Config.html:136:1 (Config.Rd:93): Warning: <h5> anchor "Arguments" already defined
Config.html:160:1 (Config.Rd:107): Warning: <h5> anchor "Usage" already defined
Config.html:166:1 (Config.Rd:111): Warning: <h5> anchor "Arguments" already defined
Config.html:191:1 (Config.Rd:126): Warning: <h5> anchor "Usage" already defined
Config.html:209:1 (Config.Rd:138): Warning: <h5> anchor "Usage" already defined
Config.html:227:1 (Config.Rd:150): Warning: <h5> anchor "Usage" already defined
Config.html:243:1 (Config.Rd:160): Warning: <h5> anchor "Usage" already defined
Config.html:249:1 (Config.Rd:164): Warning: <h5> anchor "Arguments" already defined
Debugger.html:105:1 (Debugger.Rd:77): Warning: <h5> anchor "Usage" already defined
Debugger.html:135:1 (Debugger.Rd:95): Warning: <h5> anchor "Usage" already defined
Debugger.html:141:1 (Debugger.Rd:99): Warning: <h5> anchor "Arguments" already defined
Debugger.html:168:1 (Debugger.Rd:116): Warning: <h5> anchor "Usage" already defined
Debugger.html:186:1 (Debugger.Rd:128): Warning: <h5> anchor "Usage" already defined
Debugger.html:192:1 (Debugger.Rd:132): Warning: <h5> anchor "Arguments" already defined
Debugger.html:217:1 (Debugger.Rd:147): Warning: <h5> anchor "Usage" already defined
Debugger.html:223:1 (Debugger.Rd:151): Warning: <h5> anchor "Arguments" already defined
FileComparator.html:469:1 (FileComparator.Rd:276): Warning: missing </ul> before </div>
FileComparator.html:153:1 (FileComparator.Rd:80): Warning: <h5> anchor "Usage" already defined
FileComparator.html:159:1 (FileComparator.Rd:84): Warning: <h5> anchor "Arguments" already defined
FileComparator.html:187:1 (FileComparator.Rd:102): Warning: <h5> anchor "Usage" already defined
FileComparator.html:193:1 (FileComparator.Rd:106): Warning: <h5> anchor "Arguments" already defined
FileComparator.html:221:1 (FileComparator.Rd:124): Warning: <h5> anchor "Usage" already defined
FileComparator.html:227:1 (FileComparator.Rd:128): Warning: <h5> anchor "Arguments" already defined
FileComparator.html:255:1 (FileComparator.Rd:146): Warning: <h5> anchor "Usage" already defined
FileComparator.html:261:1 (FileComparator.Rd:150): Warning: <h5> anchor "Arguments" already defined
FileComparator.html:289:1 (FileComparator.Rd:168): Warning: <h5> anchor "Usage" already defined
FileComparator.html:295:1 (FileComparator.Rd:172): Warning: <h5> anchor "Arguments" already defined
FileComparator.html:319:1 (FileComparator.Rd:186): Warning: <h5> anchor "Usage" already defined
FileComparator.html:325:1 (FileComparator.Rd:190): Warning: <h5> anchor "Arguments" already defined
FileComparator.html:352:1 (FileComparator.Rd:207): Warning: <h5> anchor "Usage" already defined
FileComparator.html:358:1 (FileComparator.Rd:211): Warning: <h5> anchor "Arguments" already defined
FileComparator.html:384:1 (FileComparator.Rd:227): Warning: <h5> anchor "Usage" already defined
FileComparator.html:390:1 (FileComparator.Rd:231): Warning: <h5> anchor "Arguments" already defined
FileComparator.html:413:1 (FileComparator.Rd:244): Warning: <h5> anchor "Usage" already defined
FileComparator.html:430:1 (FileComparator.Rd:255): Warning: <h5> anchor "Usage" already defined
FileComparator.html:446:1 (FileComparator.Rd:265): Warning: <h5> anchor "Usage" already defined
FileComparator.html:452:1 (FileComparator.Rd:269): Warning: <h5> anchor "Arguments" already defined
ImgFileComparator.html:150:1 (ImgFileComparator.Rd:110): Warning: <h5> anchor "Usage" already defined
ImgFileComparator.html:156:1 (ImgFileComparator.Rd:114): Warning: <h5> anchor "Arguments" already defined
ImgFileComparator.html:183:1 (ImgFileComparator.Rd:131): Warning: <h5> anchor "Usage" already defined
ImgFileComparator.html:189:1 (ImgFileComparator.Rd:135): Warning: <h5> anchor "Arguments" already defined
ImgFileComparator.html:217:1 (ImgFileComparator.Rd:153): Warning: <h5> anchor "Usage" already defined
ImgFileComparator.html:223:1 (ImgFileComparator.Rd:157): Warning: <h5> anchor "Arguments" already defined
ImgFileComparator.html:249:1 (ImgFileComparator.Rd:173): Warning: <h5> anchor "Usage" already defined
ImgFileComparator.html:255:1 (ImgFileComparator.Rd:177): Warning: <h5> anchor "Arguments" already defined
ImgFileComparator.html:278:1 (ImgFileComparator.Rd:190): Warning: <h5> anchor "Usage" already defined
ImgFileComparator.html:284:1 (ImgFileComparator.Rd:194): Warning: <h5> anchor "Arguments" already defined
PdfFileComparator.html:132:1 (PdfFileComparator.Rd:96): Warning: <h5> anchor "Usage" already defined
PdfFileComparator.html:138:1 (PdfFileComparator.Rd:100): Warning: <h5> anchor "Arguments" already defined
PdfFileComparator.html:161:1 (PdfFileComparator.Rd:113): Warning: <h5> anchor "Usage" already defined
PdfFileComparator.html:167:1 (PdfFileComparator.Rd:117): Warning: <h5> anchor "Arguments" already defined
RtfFileComparator.html:135:1 (RtfFileComparator.Rd:99): Warning: <h5> anchor "Usage" already defined
RtfFileComparator.html:141:1 (RtfFileComparator.Rd:103): Warning: <h5> anchor "Arguments" already defined
RtfFileComparator.html:166:1 (RtfFileComparator.Rd:118): Warning: <h5> anchor "Usage" already defined
RtfFileComparator.html:172:1 (RtfFileComparator.Rd:122): Warning: <h5> anchor "Arguments" already defined
TxtFileComparator.html:131:1 (TxtFileComparator.Rd:91): Warning: <h5> anchor "Usage" already defined
TxtFileComparator.html:137:1 (TxtFileComparator.Rd:95): Warning: <h5> anchor "Arguments" already defined
TxtFileComparator.html:168:1 (TxtFileComparator.Rd:116): Warning: <h5> anchor "Usage" already defined
TxtFileComparator.html:174:1 (TxtFileComparator.Rd:120): Warning: <h5> anchor "Arguments" already defined
TxtFileComparator.html:204:1 (TxtFileComparator.Rd:140): Warning: <h5> anchor "Usage" already defined
TxtFileComparator.html:210:1 (TxtFileComparator.Rd:144): Warning: <h5> anchor "Arguments" already defined
TxtFileComparator.html:233:1 (TxtFileComparator.Rd:157): Warning: <h5> anchor "Usage" already defined
TxtFileComparator.html:239:1 (TxtFileComparator.Rd:161): Warning: <h5> anchor "Arguments" already defined
TxtWithImagesFileComparator.html:293:1 (TxtWithImagesFileComparator.Rd:169): Warning: missing </ul> before </div>
TxtWithImagesFileComparator.html:146:1 (TxtWithImagesFileComparator.Rd:82): Warning: <h5> anchor "Usage" already defined
TxtWithImagesFileComparator.html:152:1 (TxtWithImagesFileComparator.Rd:86): Warning: <h5> anchor "Arguments" already defined
TxtWithImagesFileComparator.html:180:1 (TxtWithImagesFileComparator.Rd:104): Warning: <h5> anchor "Usage" already defined
TxtWithImagesFileComparator.html:186:1 (TxtWithImagesFileComparator.Rd:108): Warning: <h5> anchor "Arguments" already defined
TxtWithImagesFileComparator.html:212:1 (TxtWithImagesFileComparator.Rd:124): Warning: <h5> anchor "Usage" already defined
TxtWithImagesFileComparator.html:218:1 (TxtWithImagesFileComparator.Rd:128): Warning: <h5> anchor "Arguments" already defined
TxtWithImagesFileComparator.html:241:1 (TxtWithImagesFileComparator.Rd:141): Warning: <h5> anchor "Usage" already defined
TxtWithImagesFileComparator.html:247:1 (TxtWithImagesFileComparator.Rd:145): Warning: <h5> anchor "Arguments" already defined
TxtWithImagesFileComparator.html:270:1 (TxtWithImagesFileComparator.Rd:158): Warning: <h5> anchor "Usage" already defined
TxtWithImagesFileComparator.html:276:1 (TxtWithImagesFileComparator.Rd:162): Warning: <h5> anchor "Arguments" already defined
my_finalizer.html:61:1 (my_finalizer.Rd:19): Warning: missing </ul> before </div>
run_example.html:47:1 (run_example.Rd:10): Warning: missing </ul> before </div>
Flavor: r-devel-linux-x86_64-debian-gcc