Last updated on 2025-10-21 09:48:52 CEST.
Flavor | Version | Tinstall | Tcheck | Ttotal | Status | Flags |
---|---|---|---|---|---|---|
r-devel-linux-x86_64-debian-clang | 2.0.0 | 10.87 | 74.60 | 85.47 | OK | |
r-devel-linux-x86_64-debian-gcc | 2.0.0 | 7.72 | 57.18 | 64.90 | NOTE | |
r-devel-linux-x86_64-fedora-clang | 2.0.0 | 138.62 | OK | |||
r-devel-linux-x86_64-fedora-gcc | 2.0.0 | 142.47 | OK | |||
r-devel-windows-x86_64 | 2.0.0 | 12.00 | 85.00 | 97.00 | ERROR | |
r-patched-linux-x86_64 | 2.0.0 | 10.31 | 71.64 | 81.95 | OK | |
r-release-linux-x86_64 | 2.0.0 | 11.86 | 71.49 | 83.35 | OK | |
r-release-macos-arm64 | 2.0.0 | 50.00 | OK | |||
r-release-macos-x86_64 | 2.0.0 | 133.00 | OK | |||
r-release-windows-x86_64 | 2.0.0 | 11.00 | 86.00 | 97.00 | ERROR | |
r-oldrel-macos-arm64 | 2.0.0 | 64.00 | OK | |||
r-oldrel-macos-x86_64 | 2.0.0 | 109.00 | OK | |||
r-oldrel-windows-x86_64 | 2.0.0 | 15.00 | 102.00 | 117.00 | ERROR |
Version: 2.0.0
Check: HTML version of manual
Result: NOTE
Found the following HTML validation problems:
Cassette.html:186:1 (Cassette.Rd:117): Warning: <h5> anchor "Usage" already defined
Cassette.html:192:1 (Cassette.Rd:121): Warning: <h5> anchor "Returns" already defined
Cassette.html:209:1 (Cassette.Rd:130): Warning: <h5> anchor "Usage" already defined
Cassette.html:215:1 (Cassette.Rd:134): Warning: <h5> anchor "Returns" already defined
Cassette.html:232:1 (Cassette.Rd:143): Warning: <h5> anchor "Usage" already defined
Cassette.html:238:1 (Cassette.Rd:147): Warning: <h5> anchor "Arguments" already defined
Cassette.html:263:1 (Cassette.Rd:162): Warning: <h5> anchor "Usage" already defined
Cassette.html:269:1 (Cassette.Rd:166): Warning: <h5> anchor "Returns" already defined
Cassette.html:286:1 (Cassette.Rd:175): Warning: <h5> anchor "Usage" already defined
Cassette.html:292:1 (Cassette.Rd:179): Warning: <h5> anchor "Returns" already defined
Cassette.html:309:1 (Cassette.Rd:188): Warning: <h5> anchor "Usage" already defined
Cassette.html:315:1 (Cassette.Rd:192): Warning: <h5> anchor "Returns" already defined
Cassette.html:332:1 (Cassette.Rd:201): Warning: <h5> anchor "Usage" already defined
Cassette.html:348:1 (Cassette.Rd:211): Warning: <h5> anchor "Usage" already defined
Cassette.html:354:1 (Cassette.Rd:215): Warning: <h5> anchor "Arguments" already defined
Cassette.html:369:1 (Cassette.Rd:224): Warning: <h5> anchor "Returns" already defined
Cassette.html:386:1 (Cassette.Rd:233): Warning: <h5> anchor "Usage" already defined
Cassette.html:392:1 (Cassette.Rd:237): Warning: <h5> anchor "Arguments" already defined
check_cassette_names.html:66:1 (check_cassette_names.Rd:22): Warning: missing </ul> before </div>
setup_knitr.html:85:1 (setup_knitr.Rd:16): Warning: missing </ul> before </div>
Flavor: r-devel-linux-x86_64-debian-gcc
Version: 2.0.0
Check: tests
Result: ERROR
Running 'testthat.R' [14s]
Running the tests in 'tests/testthat.R' failed.
Complete output:
> # This file is part of the standard setup for testthat.
> # It is recommended that you do not modify it.
> #
> # Where should you do additional test configuration?
> # Learn more about the roles of various files in:
> # * https://r-pkgs.org/testing-design.html#sec-tests-files-overview
> # * https://testthat.r-lib.org/articles/special-files.html
>
> library(testthat)
> library(vcr)
>
> test_check("vcr")
Starting 2 test processes
[ FAIL 1 | WARN 0 | SKIP 36 | PASS 421 ]
══ Skipped tests (36) ══════════════════════════════════════════════════════════
• On CRAN (35): 'test-ause_cassette_re_record.R:24:3',
'test-cassette_class.R:2:3', 'test-cassette_class.R:6:3',
'test-cassette_class.R:44:3', 'test-cassettes.R:17:3',
'test-check_cassette_names.R:30:3', 'test-configuration.R:2:3',
'test-configuration.R:50:3', 'test-knitr.R:4:3', 'test-logger.R:25:3',
'test-lightswitch.R:4:3', 'test-lightswitch.R:16:5',
'test-lightswitch.R:35:3', 'test-lightswitch.R:88:3',
'test-request_handler-httr.R:1:1', 'test-request_handler-httr2.R:163:3',
'test-request_handler-httr2.R:191:3', 'test-request_handler-httr2.R:243:3',
'test-request_handler.R:5:3', 'test-request_ignorer.R:2:3',
'test-request_matcher.R:22:3', 'test-request_matcher.R:36:3',
'test-request_matcher.R:152:3', 'test-request_matcher.R:168:3',
'test-request_response.R:9:3', 'test-request_response.R:26:3',
'test-serialize-body.R:94:3', 'test-serializer.R:14:3',
'test-serializer.R:166:3', 'test-serializer.R:229:3',
'test-use_cassette.R:23:3', 'test-use_cassette.R:36:3',
'test-vcr_setup.R:3:3', 'test-vcr_setup.R:36:3', 'test-vcr_setup.R:45:3'
• {jpeg} is not installed (1): 'test-serializer.R:39:3'
══ Failed tests ════════════════════════════════════════════════════════════════
── Error ('test-check_cassette_names.R:3:3'): check_cassette_names is deprecated ──
Error in `list.files(".", pattern = pattern, full.names = TRUE)`: invalid 'pattern' regular expression
Backtrace:
▆
1. └─testthat::expect_snapshot(check_cassette_names(dir)) at test-check_cassette_names.R:3:3
2. └─rlang::cnd_signal(state$error)
[ FAIL 1 | WARN 0 | SKIP 36 | PASS 421 ]
Error: Test failures
Execution halted
Flavors: r-devel-windows-x86_64, r-release-windows-x86_64
Version: 2.0.0
Check: tests
Result: ERROR
Running 'testthat.R' [17s]
Running the tests in 'tests/testthat.R' failed.
Complete output:
> # This file is part of the standard setup for testthat.
> # It is recommended that you do not modify it.
> #
> # Where should you do additional test configuration?
> # Learn more about the roles of various files in:
> # * https://r-pkgs.org/testing-design.html#sec-tests-files-overview
> # * https://testthat.r-lib.org/articles/special-files.html
>
> library(testthat)
> library(vcr)
>
> test_check("vcr")
Starting 2 test processes
[ FAIL 1 | WARN 0 | SKIP 36 | PASS 421 ]
══ Skipped tests (36) ══════════════════════════════════════════════════════════
• On CRAN (35): 'test-ause_cassette_re_record.R:24:3',
'test-cassette_class.R:2:3', 'test-cassette_class.R:6:3',
'test-cassette_class.R:44:3', 'test-cassettes.R:17:3',
'test-check_cassette_names.R:30:3', 'test-configuration.R:2:3',
'test-configuration.R:50:3', 'test-knitr.R:4:3', 'test-logger.R:25:3',
'test-lightswitch.R:4:3', 'test-lightswitch.R:16:5',
'test-lightswitch.R:35:3', 'test-lightswitch.R:88:3',
'test-request_handler-httr.R:1:1', 'test-request_handler-httr2.R:163:3',
'test-request_handler-httr2.R:191:3', 'test-request_handler-httr2.R:243:3',
'test-request_handler.R:5:3', 'test-request_ignorer.R:2:3',
'test-request_matcher.R:22:3', 'test-request_matcher.R:36:3',
'test-request_matcher.R:152:3', 'test-request_matcher.R:168:3',
'test-request_response.R:9:3', 'test-request_response.R:26:3',
'test-serialize-body.R:94:3', 'test-serializer.R:14:3',
'test-serializer.R:166:3', 'test-serializer.R:229:3',
'test-use_cassette.R:23:3', 'test-use_cassette.R:36:3',
'test-vcr_setup.R:3:3', 'test-vcr_setup.R:36:3', 'test-vcr_setup.R:45:3'
• {jpeg} is not installed (1): 'test-serializer.R:39:3'
══ Failed tests ════════════════════════════════════════════════════════════════
── Error ('test-check_cassette_names.R:3:3'): check_cassette_names is deprecated ──
Error in `list.files(".", pattern = pattern, full.names = TRUE)`: invalid 'pattern' regular expression
Backtrace:
▆
1. └─testthat::expect_snapshot(check_cassette_names(dir)) at test-check_cassette_names.R:3:3
2. └─rlang::cnd_signal(state$error)
[ FAIL 1 | WARN 0 | SKIP 36 | PASS 421 ]
Error: Test failures
Execution halted
Flavor: r-oldrel-windows-x86_64