Last updated on 2025-10-21 09:48:52 CEST.
Flavor | Version | Tinstall | Tcheck | Ttotal | Status | Flags |
---|---|---|---|---|---|---|
r-devel-linux-x86_64-debian-clang | 0.8.1 | 104.49 | 63.09 | 167.58 | OK | |
r-devel-linux-x86_64-debian-gcc | 0.8.1 | 89.71 | 43.91 | 133.62 | NOTE | |
r-devel-linux-x86_64-fedora-clang | 0.8.1 | 294.40 | OK | |||
r-devel-linux-x86_64-fedora-gcc | 0.8.1 | 345.95 | OK | |||
r-devel-windows-x86_64 | 0.8.1 | 217.00 | 106.00 | 323.00 | OK | |
r-patched-linux-x86_64 | 0.8.1 | 122.86 | 58.42 | 181.28 | OK | |
r-release-linux-x86_64 | 0.8.1 | 123.29 | 58.50 | 181.79 | OK | |
r-release-macos-arm64 | 0.8.1 | 92.00 | OK | |||
r-release-macos-x86_64 | 0.8.1 | 172.00 | OK | |||
r-release-windows-x86_64 | 0.8.1 | 200.00 | 110.00 | 310.00 | OK | |
r-oldrel-macos-arm64 | 0.8.1 | 86.00 | NOTE | |||
r-oldrel-macos-x86_64 | 0.8.1 | 169.00 | NOTE | |||
r-oldrel-windows-x86_64 | 0.8.1 | 206.00 | 131.00 | 337.00 | NOTE |
Version: 0.8.1
Check: HTML version of manual
Result: NOTE
Found the following HTML validation problems:
vcfplot.html:62:1 (vcfplot.Rd:18): Warning: missing </ul> before </div>
Flavor: r-devel-linux-x86_64-debian-gcc
Version: 0.8.1
Check: installed package size
Result: NOTE
installed size is 12.0Mb
sub-directories of 1Mb or more:
libs 10.9Mb
Flavors: r-oldrel-macos-arm64, r-oldrel-macos-x86_64
Version: 0.8.1
Check: for GNU extensions in Makefiles
Result: NOTE
GNU make is a SystemRequirements.
Flavors: r-oldrel-macos-arm64, r-oldrel-macos-x86_64, r-oldrel-windows-x86_64