Last updated on 2025-10-21 09:48:52 CEST.
Flavor | Version | Tinstall | Tcheck | Ttotal | Status | Flags |
---|---|---|---|---|---|---|
r-devel-linux-x86_64-debian-clang | 0.1.2 | 2.22 | 30.44 | 32.66 | OK | |
r-devel-linux-x86_64-debian-gcc | 0.1.2 | 1.87 | 23.62 | 25.49 | NOTE | |
r-devel-linux-x86_64-fedora-clang | 0.1.2 | 51.47 | OK | |||
r-devel-linux-x86_64-fedora-gcc | 0.1.2 | 61.29 | OK | |||
r-devel-windows-x86_64 | 0.1.2 | 4.00 | 48.00 | 52.00 | OK | |
r-patched-linux-x86_64 | 0.1.2 | 2.54 | 28.17 | 30.71 | OK | |
r-release-linux-x86_64 | 0.1.2 | 2.58 | 27.61 | 30.19 | OK | |
r-release-macos-arm64 | 0.1.2 | 22.00 | OK | |||
r-release-macos-x86_64 | 0.1.2 | 48.00 | OK | |||
r-release-windows-x86_64 | 0.1.2 | 5.00 | 49.00 | 54.00 | OK | |
r-oldrel-macos-arm64 | 0.1.2 | 30.00 | OK | |||
r-oldrel-macos-x86_64 | 0.1.2 | 59.00 | OK | |||
r-oldrel-windows-x86_64 | 0.1.2 | 6.00 | 58.00 | 64.00 | OK |
Version: 0.1.2
Check: HTML version of manual
Result: NOTE
Found the following HTML validation problems:
compare_palettes.html:68:1 (compare_palettes.Rd:24): Warning: missing </ul> before </div>
safe_vangogh_palette.html:58:1 (safe_vangogh_palette.Rd:16): Warning: missing </ul> before </div>
scale_color_vangogh.html:60:1 (scale_color_vangogh.Rd:19): Warning: missing </ul> before </div>
scale_fill_vangogh.html:58:1 (scale_fill_vangogh.Rd:16): Warning: missing </ul> before </div>
theme_vangogh.html:58:1 (theme_vangogh.Rd:18): Warning: missing </ul> before </div>
vangogh_colors.html:63:1 (vangogh_colors.Rd:21): Warning: missing </ul> before </div>
vangogh_export.html:68:1 (vangogh_export.Rd:24): Warning: missing </ul> before </div>
vangogh_interpolate.html:50:1 (vangogh_interpolate.Rd:12): Warning: missing </ul> before </div>
vangogh_palette_info.html:50:1 (vangogh_palette_info.Rd:12): Warning: missing </ul> before </div>
vangogh_suggest.html:50:1 (vangogh_suggest.Rd:12): Warning: missing </ul> before </div>
viz_palette.html:68:1 (viz_palette.Rd:24): Warning: missing </ul> before </div>
Flavor: r-devel-linux-x86_64-debian-gcc