Last updated on 2025-10-21 09:48:52 CEST.
Flavor | Version | Tinstall | Tcheck | Ttotal | Status | Flags |
---|---|---|---|---|---|---|
r-devel-linux-x86_64-debian-clang | 0.7.1 | 2.02 | 49.41 | 51.43 | OK | |
r-devel-linux-x86_64-debian-gcc | 0.7.1 | 1.56 | 38.98 | 40.54 | NOTE | |
r-devel-linux-x86_64-fedora-clang | 0.7.1 | 79.46 | OK | |||
r-devel-linux-x86_64-fedora-gcc | 0.7.1 | 86.56 | OK | |||
r-devel-windows-x86_64 | 0.7.1 | 5.00 | 67.00 | 72.00 | OK | |
r-patched-linux-x86_64 | 0.7.1 | 2.17 | 45.36 | 47.53 | OK | |
r-release-linux-x86_64 | 0.7.1 | 2.13 | 45.69 | 47.82 | OK | |
r-release-macos-arm64 | 0.7.1 | 31.00 | OK | |||
r-release-macos-x86_64 | 0.7.1 | 61.00 | OK | |||
r-release-windows-x86_64 | 0.7.1 | 5.00 | 69.00 | 74.00 | OK | |
r-oldrel-macos-arm64 | 0.7.1 | 33.00 | OK | |||
r-oldrel-macos-x86_64 | 0.7.1 | 49.00 | OK | |||
r-oldrel-windows-x86_64 | 0.7.1 | 6.00 | 79.00 | 85.00 | OK |
Version: 0.7.1
Check: HTML version of manual
Result: NOTE
Found the following HTML validation problems:
calculate_taxes_wasm.html:46:1 (calculate_taxes_wasm.Rd:10): Warning: missing </ul> before </div>
check_filing_status.html:46:1 (check_filing_status.Rd:10): Warning: missing </ul> before </div>
check_greater_zero.html:50:1 (check_greater_zero.Rd:12): Warning: missing </ul> before </div>
check_numeric.html:50:1 (check_numeric.Rd:12): Warning: missing </ul> before </div>
check_required_cols.html:46:1 (check_required_cols.Rd:10): Warning: missing </ul> before </div>
check_spouse.html:50:1 (check_spouse.Rd:12): Warning: missing </ul> before </div>
check_state.html:54:1 (check_state.Rd:14): Warning: missing </ul> before </div>
check_taxsimid.html:46:1 (check_taxsimid.Rd:10): Warning: missing </ul> before </div>
convert_marginal_tax_rates.html:47:1 (convert_marginal_tax_rates.Rd:10): Warning: missing </ul> before </div>
Flavor: r-devel-linux-x86_64-debian-gcc