Last updated on 2025-10-21 09:48:52 CEST.
Flavor | Version | Tinstall | Tcheck | Ttotal | Status | Flags |
---|---|---|---|---|---|---|
r-devel-linux-x86_64-debian-clang | 0.2.3 | 8.06 | 101.93 | 109.99 | NOTE | |
r-devel-linux-x86_64-debian-gcc | 0.2.3 | 5.34 | 73.46 | 78.80 | NOTE | |
r-devel-linux-x86_64-fedora-clang | 0.2.3 | 180.85 | OK | |||
r-devel-linux-x86_64-fedora-gcc | 0.2.3 | 174.10 | OK | |||
r-devel-windows-x86_64 | 0.2.3 | 9.00 | 104.00 | 113.00 | OK | |
r-patched-linux-x86_64 | 0.2.3 | 8.94 | 96.22 | 105.16 | OK | |
r-release-linux-x86_64 | 0.2.3 | 6.04 | 95.27 | 101.31 | OK | |
r-release-macos-arm64 | 0.2.3 | 43.00 | OK | |||
r-release-macos-x86_64 | 0.2.3 | 87.00 | OK | |||
r-release-windows-x86_64 | 0.2.3 | 10.00 | 107.00 | 117.00 | OK | |
r-oldrel-macos-arm64 | 0.2.3 | 41.00 | OK | |||
r-oldrel-macos-x86_64 | 0.2.3 | 64.00 | OK | |||
r-oldrel-windows-x86_64 | 0.2.3 | 13.00 | 133.00 | 146.00 | OK |
Version: 0.2.3
Check: CRAN incoming feasibility
Result: NOTE
Maintainer: ‘Sinead E. Morris <sinead.morris@columbia.edu>’
Package CITATION file contains call(s) to old-style citEntry(). Please
use bibentry() instead.
Flavors: r-devel-linux-x86_64-debian-clang, r-devel-linux-x86_64-debian-gcc
Version: 0.2.3
Check: HTML version of manual
Result: NOTE
Found the following HTML validation problems:
add_noise.html:50:1 (add_noise.Rd:12): Warning: missing </ul> before </div>
biphasic_root.html:54:1 (biphasic_root.Rd:14): Warning: missing </ul> before </div>
fit_model.html:88:1 (fit_model.Rd:32): Warning: missing </ul> before </div>
fit_model_triphasic.html:80:1 (fit_model_triphasic.Rd:28): Warning: missing </ul> before </div>
get_CI.html:46:1 (get_CI.Rd:10): Warning: missing </ul> before </div>
get_CItable.html:58:1 (get_CItable.Rd:16): Warning: missing </ul> before </div>
get_error.html:67:1 (get_error.Rd:21): Warning: missing </ul> before </div>
get_error_triphasic.html:63:1 (get_error_triphasic.Rd:19): Warning: missing </ul> before </div>
get_nonparametricTTS.html:58:1 (get_nonparametricTTS.Rd:16): Warning: missing </ul> before </div>
get_optim_fit.html:77:1 (get_optim_fit.Rd:27): Warning: missing </ul> before </div>
get_optim_fit_triphasic.html:72:1 (get_optim_fit_triphasic.Rd:24): Warning: missing </ul> before </div>
get_parametricTTS.html:58:1 (get_parametricTTS.Rd:16): Warning: missing </ul> before </div>
get_params.html:67:1 (get_params.Rd:21): Warning: missing </ul> before </div>
get_plottheme.html:46:1 (get_plottheme.Rd:10): Warning: missing </ul> before </div>
get_transformed_params.html:50:1 (get_transformed_params.Rd:12): Warning: missing </ul> before </div>
remove_vl0.html:54:1 (remove_vl0.Rd:14): Warning: missing </ul> before </div>
simulate_time.html:62:1 (simulate_time.Rd:18): Warning: missing </ul> before </div>
simulate_time_fixed.html:62:1 (simulate_time_fixed.Rd:18): Warning: missing </ul> before </div>
simulate_vl.html:54:1 (simulate_vl.Rd:14): Warning: missing </ul> before </div>
single_root.html:54:1 (single_root.Rd:14): Warning: missing </ul> before </div>
switch_params.html:46:1 (switch_params.Rd:10): Warning: missing </ul> before </div>
switch_simulated_params.html:46:1 (switch_simulated_params.Rd:10): Warning: missing </ul> before </div>
transformVL.html:46:1 (transformVL.Rd:10): Warning: missing </ul> before </div>
tri_switch_params.html:46:1 (tri_switch_params.Rd:10): Warning: missing </ul> before </div>
triphasic_root.html:54:1 (triphasic_root.Rd:14): Warning: missing </ul> before </div>
Flavor: r-devel-linux-x86_64-debian-gcc