Last updated on 2025-02-21 09:51:05 CET.
Flavor | Version | Tinstall | Tcheck | Ttotal | Status | Flags |
---|---|---|---|---|---|---|
r-devel-linux-x86_64-debian-clang | 1.4.21 | 20.05 | 196.06 | 216.11 | NOTE | |
r-devel-linux-x86_64-debian-gcc | 1.4.21 | 11.36 | 139.78 | 151.14 | NOTE | |
r-devel-linux-x86_64-fedora-clang | 1.4.21 | 371.05 | OK | |||
r-devel-linux-x86_64-fedora-gcc | 1.4.21 | 415.69 | OK | |||
r-devel-macos-arm64 | 1.4.21 | 137.00 | OK | |||
r-devel-macos-x86_64 | 1.4.21 | 266.00 | OK | |||
r-devel-windows-x86_64 | 1.4.21 | 19.00 | 221.00 | 240.00 | NOTE | |
r-patched-linux-x86_64 | 1.4.21 | 18.27 | 185.45 | 203.72 | OK | |
r-release-linux-x86_64 | 1.4.21 | 16.82 | 182.58 | 199.40 | OK | |
r-release-macos-arm64 | 1.4.21 | 144.00 | OK | |||
r-release-macos-x86_64 | 1.4.21 | 203.00 | OK | |||
r-release-windows-x86_64 | 1.4.21 | 19.00 | 217.00 | 236.00 | OK | |
r-oldrel-macos-arm64 | 1.4.21 | 156.00 | OK | |||
r-oldrel-macos-x86_64 | 1.4.21 | 409.00 | OK | |||
r-oldrel-windows-x86_64 | 1.4.21 | 19.00 | 271.00 | 290.00 | OK |
Version: 1.4.21
Check: Rd cross-references
Result: NOTE
Found the following Rd file(s) with Rd \link{} targets missing package
anchors:
all_eq.Rd: diffObj
Please provide package anchors for all Rd \link{} targets not in the
package itself and the base packages.
Flavors: r-devel-linux-x86_64-debian-clang, r-devel-linux-x86_64-debian-gcc, r-devel-windows-x86_64