CRAN Package Check Results for Package twitterwidget

Last updated on 2025-10-21 09:48:52 CEST.

Flavor Version Tinstall Tcheck Ttotal Status Flags
r-devel-linux-x86_64-debian-clang 0.1.1 2.41 26.10 28.51 OK
r-devel-linux-x86_64-debian-gcc 0.1.1 1.71 21.40 23.11 NOTE
r-devel-linux-x86_64-fedora-clang 0.1.1 41.30 OK
r-devel-linux-x86_64-fedora-gcc 0.1.1 38.12 OK
r-devel-windows-x86_64 0.1.1 5.00 47.00 52.00 OK
r-patched-linux-x86_64 0.1.1 2.01 23.94 25.95 OK
r-release-linux-x86_64 0.1.1 2.00 23.96 25.96 OK
r-release-macos-arm64 0.1.1 18.00 OK
r-release-macos-x86_64 0.1.1 30.00 OK
r-release-windows-x86_64 0.1.1 6.00 50.00 56.00 OK
r-oldrel-macos-arm64 0.1.1 17.00 NOTE
r-oldrel-macos-x86_64 0.1.1 25.00 NOTE
r-oldrel-windows-x86_64 0.1.1 5.00 54.00 59.00 NOTE

Check Details

Version: 0.1.1
Check: HTML version of manual
Result: NOTE Found the following HTML validation problems: twitterwidget-shiny.html:68:1 (twitterwidget-shiny.Rd:25): Warning: missing </ul> before </div> Flavor: r-devel-linux-x86_64-debian-gcc

Version: 0.1.1
Check: LazyData
Result: NOTE 'LazyData' is specified without a 'data' directory Flavors: r-oldrel-macos-arm64, r-oldrel-macos-x86_64, r-oldrel-windows-x86_64