CRAN Package Check Results for Package tubern

Last updated on 2025-02-21 09:51:04 CET.

Flavor Version Tinstall Tcheck Ttotal Status Flags
r-devel-linux-x86_64-debian-clang 0.1.0 1.93 26.00 27.93 NOTE
r-devel-linux-x86_64-debian-gcc 0.1.0 1.58 21.78 23.36 NOTE
r-devel-linux-x86_64-fedora-clang 0.1.0 48.66 OK
r-devel-linux-x86_64-fedora-gcc 0.1.0 57.18 OK
r-devel-macos-arm64 0.1.0 27.00 OK
r-devel-macos-x86_64 0.1.0 44.00 OK
r-devel-windows-x86_64 0.1.0 4.00 58.00 62.00 NOTE
r-patched-linux-x86_64 0.1.0 5.39 25.20 30.59 NOTE
r-release-linux-x86_64 0.1.0 1.87 25.20 27.07 NOTE
r-release-macos-arm64 0.1.0 25.00 NOTE
r-release-macos-x86_64 0.1.0 38.00 NOTE
r-release-windows-x86_64 0.1.0 4.00 54.00 58.00 NOTE
r-oldrel-macos-arm64 0.1.0 27.00 NOTE
r-oldrel-macos-x86_64 0.1.0 51.00 NOTE
r-oldrel-windows-x86_64 0.1.0 4.00 57.00 61.00 NOTE

Check Details

Version: 0.1.0
Check: Rd cross-references
Result: NOTE Found the following Rd file(s) with Rd \link{} targets missing package anchors: yt_oauth.Rd: oauth2.0_token Please provide package anchors for all Rd \link{} targets not in the package itself and the base packages. Flavors: r-devel-linux-x86_64-debian-clang, r-devel-linux-x86_64-debian-gcc, r-devel-windows-x86_64

Version: 0.1.0
Check: LazyData
Result: NOTE 'LazyData' is specified without a 'data' directory Flavors: r-patched-linux-x86_64, r-release-linux-x86_64, r-release-macos-arm64, r-release-macos-x86_64, r-release-windows-x86_64, r-oldrel-macos-arm64, r-oldrel-macos-x86_64, r-oldrel-windows-x86_64