Last updated on 2025-10-21 09:48:51 CEST.
Flavor | Version | Tinstall | Tcheck | Ttotal | Status | Flags |
---|---|---|---|---|---|---|
r-devel-linux-x86_64-debian-clang | 1.2.4 | 3.56 | 38.85 | 42.41 | OK | |
r-devel-linux-x86_64-debian-gcc | 1.2.4 | 2.54 | 30.16 | 32.70 | NOTE | |
r-devel-linux-x86_64-fedora-clang | 1.2.4 | 65.37 | OK | |||
r-devel-linux-x86_64-fedora-gcc | 1.2.4 | 60.06 | OK | |||
r-devel-windows-x86_64 | 1.2.4 | 6.00 | 67.00 | 73.00 | OK | |
r-patched-linux-x86_64 | 1.2.4 | 4.26 | 36.61 | 40.87 | OK | |
r-release-linux-x86_64 | 1.2.4 | 3.55 | 36.35 | 39.90 | OK | |
r-release-macos-arm64 | 1.2.4 | 23.00 | OK | |||
r-release-macos-x86_64 | 1.2.4 | 43.00 | OK | |||
r-release-windows-x86_64 | 1.2.4 | 5.00 | 67.00 | 72.00 | OK | |
r-oldrel-macos-arm64 | 1.2.4 | 32.00 | OK | |||
r-oldrel-macos-x86_64 | 1.2.4 | 53.00 | OK | |||
r-oldrel-windows-x86_64 | 1.2.4 | 8.00 | 74.00 | 82.00 | OK |
Version: 1.2.4
Check: HTML version of manual
Result: NOTE
Found the following HTML validation problems:
coef.lt.html:51:1 (coef.lt.Rd:12): Warning: missing </ul> before </div>
coef.qme.html:51:1 (coef.qme.Rd:12): Warning: missing </ul> before </div>
coef.stls.html:51:1 (coef.stls.Rd:12): Warning: missing </ul> before </div>
covar.boot.html:46:1 (covar.boot.Rd:10): Warning: missing </ul> before </div>
fitted.lt.html:51:1 (fitted.lt.Rd:12): Warning: missing </ul> before </div>
fitted.qme.html:51:1 (fitted.qme.Rd:12): Warning: missing </ul> before </div>
fitted.stls.html:51:1 (fitted.stls.Rd:12): Warning: missing </ul> before </div>
print.lt.html:55:1 (print.lt.Rd:14): Warning: missing </ul> before </div>
print.qme.html:55:1 (print.qme.Rd:14): Warning: missing </ul> before </div>
print.stls.html:55:1 (print.stls.Rd:14): Warning: missing </ul> before </div>
print.summary.lt.html:55:1 (print.summary.lt.Rd:14): Warning: missing </ul> before </div>
print.summary.qme.html:55:1 (print.summary.qme.Rd:14): Warning: missing </ul> before </div>
print.summary.stls.html:55:1 (print.summary.stls.Rd:14): Warning: missing </ul> before </div>
residuals.lt.html:51:1 (residuals.lt.Rd:12): Warning: missing </ul> before </div>
residuals.qme.html:51:1 (residuals.qme.Rd:12): Warning: missing </ul> before </div>
residuals.stls.html:51:1 (residuals.stls.Rd:12): Warning: missing </ul> before </div>
vcov.lt.html:51:1 (vcov.lt.Rd:12): Warning: missing </ul> before </div>
vcov.qme.html:51:1 (vcov.qme.Rd:12): Warning: missing </ul> before </div>
vcov.stls.html:51:1 (vcov.stls.Rd:12): Warning: missing </ul> before </div>
Flavor: r-devel-linux-x86_64-debian-gcc