Last updated on 2025-10-21 09:48:51 CEST.
Flavor | Version | Tinstall | Tcheck | Ttotal | Status | Flags |
---|---|---|---|---|---|---|
r-devel-linux-x86_64-debian-clang | 1.1.6 | 4.92 | 51.43 | 56.35 | OK | |
r-devel-linux-x86_64-debian-gcc | 1.1.6 | 3.55 | 38.49 | 42.04 | NOTE | |
r-devel-linux-x86_64-fedora-clang | 1.1.6 | 88.51 | OK | |||
r-devel-linux-x86_64-fedora-gcc | 1.1.6 | 96.65 | OK | |||
r-devel-windows-x86_64 | 1.1.6 | 9.00 | 84.00 | 93.00 | OK | |
r-patched-linux-x86_64 | 1.1.6 | 4.50 | 49.57 | 54.07 | OK | |
r-release-linux-x86_64 | 1.1.6 | 4.58 | 49.80 | 54.38 | OK | |
r-release-macos-arm64 | 1.1.6 | 35.00 | OK | |||
r-release-macos-x86_64 | 1.1.6 | 67.00 | OK | |||
r-release-windows-x86_64 | 1.1.6 | 11.00 | 107.00 | 118.00 | OK | |
r-oldrel-macos-arm64 | 1.1.6 | 36.00 | OK | |||
r-oldrel-macos-x86_64 | 1.1.6 | 75.00 | OK | |||
r-oldrel-windows-x86_64 | 1.1.6 | 9.00 | 95.00 | 104.00 | OK |
Version: 1.1.6
Check: top-level files
Result: NOTE
Found the following validation problem for the NEWS.Rd HTML conversion:
NEWS.html:294:1 (inst/NEWS.Rd:142): Warning: missing </ul> before </div>
NEWS.html:41:1 (inst/NEWS.Rd:13): Warning: <h4> anchor "OTHER-CHANGES" already defined
NEWS.html:64:1 (inst/NEWS.Rd:24): Warning: <h4> anchor "OTHER-CHANGES" already defined
NEWS.html:81:1 (inst/NEWS.Rd:33): Warning: <h4> anchor "OTHER-CHANGES" already defined
NEWS.html:99:1 (inst/NEWS.Rd:43): Warning: <h4> anchor "OTHER-CHANGES" already defined
NEWS.html:133:1 (inst/NEWS.Rd:61): Warning: <h4> anchor "NEW-FEATURES" already defined
NEWS.html:173:1 (inst/NEWS.Rd:83): Warning: <h4> anchor "NEW-FEATURES" already defined
NEWS.html:232:1 (inst/NEWS.Rd:114): Warning: <h4> anchor "NEW-FEATURES" already defined
NEWS.html:248:1 (inst/NEWS.Rd:122): Warning: <h4> anchor "NEW-FEATURES" already defined
NEWS.html:265:1 (inst/NEWS.Rd:131): Warning: <h4> anchor "MODIFICATION" already defined
Flavor: r-devel-linux-x86_64-debian-gcc
Version: 1.1.6
Check: HTML version of manual
Result: NOTE
Found the following HTML validation problems:
summary.smktest.html:51:1 (summary.smktest.Rd:12): Warning: missing </ul> before </div>
Flavor: r-devel-linux-x86_64-debian-gcc