CRAN Package Check Results for Package transltr

Last updated on 2025-10-21 09:48:51 CEST.

Flavor Version Tinstall Tcheck Ttotal Status Flags
r-devel-linux-x86_64-debian-clang 0.1.0 4.71 54.81 59.52 OK
r-devel-linux-x86_64-debian-gcc 0.1.0 3.29 38.43 41.72 NOTE
r-devel-linux-x86_64-fedora-clang 0.1.0 92.96 OK
r-devel-linux-x86_64-fedora-gcc 0.1.0 83.47 OK
r-devel-windows-x86_64 0.1.0 5.00 71.00 76.00 OK
r-patched-linux-x86_64 0.1.0 5.94 50.16 56.10 OK
r-release-linux-x86_64 0.1.0 4.47 50.43 54.90 OK
r-release-macos-arm64 0.1.0 28.00 OK
r-release-macos-x86_64 0.1.0 49.00 OK
r-release-windows-x86_64 0.1.0 7.00 72.00 79.00 OK
r-oldrel-macos-arm64 0.1.0 32.00 OK
r-oldrel-macos-x86_64 0.1.0 108.00 OK
r-oldrel-windows-x86_64 0.1.0 6.00 90.00 96.00 OK

Check Details

Version: 0.1.0
Check: HTML version of manual
Result: NOTE Found the following HTML validation problems: class-text.html:304:1 (class-text.Rd:323): Warning: <h5> anchor "Usage" already defined class-text.html:310:1 (class-text.Rd:327): Warning: <h5> anchor "Arguments" already defined class-text.html:330:1 (class-text.Rd:341): Warning: <h5> anchor "Returns" already defined class-text.html:338:1 (class-text.Rd:345): Warning: <h5> anchor "Examples" already defined class-text.html:361:1 (class-text.Rd:363): Warning: <h5> anchor "Usage" already defined class-text.html:367:1 (class-text.Rd:367): Warning: <h5> anchor "Arguments" already defined class-text.html:398:1 (class-text.Rd:389): Warning: <h5> anchor "Returns" already defined class-text.html:405:1 (class-text.Rd:392): Warning: <h5> anchor "Examples" already defined class-text.html:428:1 (class-text.Rd:410): Warning: <h5> anchor "Usage" already defined class-text.html:434:1 (class-text.Rd:414): Warning: <h5> anchor "Arguments" already defined class-text.html:448:1 (class-text.Rd:422): Warning: <h5> anchor "Details" already defined class-text.html:456:1 (class-text.Rd:427): Warning: <h5> anchor "Returns" already defined class-text.html:463:1 (class-text.Rd:430): Warning: <h5> anchor "Examples" already defined class-text.html:483:1 (class-text.Rd:445): Warning: <h5> anchor "Usage" already defined class-text.html:489:1 (class-text.Rd:449): Warning: <h5> anchor "Arguments" already defined class-text.html:502:1 (class-text.Rd:456): Warning: <h5> anchor "Details" already defined class-text.html:512:1 (class-text.Rd:463): Warning: <h5> anchor "Returns" already defined class-text.html:519:1 (class-text.Rd:466): Warning: <h5> anchor "Examples" already defined class-text.html:542:1 (class-text.Rd:484): Warning: <h5> anchor "Usage" already defined class-text.html:548:1 (class-text.Rd:488): Warning: <h5> anchor "Arguments" already defined class-text.html:562:1 (class-text.Rd:496): Warning: <h5> anchor "Details" already defined class-text.html:571:1 (class-text.Rd:502): Warning: <h5> anchor "Returns" already defined class-text.html:578:1 (class-text.Rd:505): Warning: <h5> anchor "Examples" already defined class-text.html:603:1 (class-text.Rd:525): Warning: <h5> anchor "Usage" already defined class-text.html:609:1 (class-text.Rd:529): Warning: <h5> anchor "Arguments" already defined class-text.html:623:1 (class-text.Rd:537): Warning: <h5> anchor "Returns" already defined class-text.html:630:1 (class-text.Rd:540): Warning: <h5> anchor "Examples" already defined class-translator.html:268:1 (class-translator.Rd:292): Warning: <h5> anchor "Usage" already defined class-translator.html:278:1 (class-translator.Rd:300): Warning: <h5> anchor "Arguments" already defined class-translator.html:325:1 (class-translator.Rd:331): Warning: <h5> anchor "Returns" already defined class-translator.html:334:1 (class-translator.Rd:336): Warning: <h5> anchor "Examples" already defined class-translator.html:356:1 (class-translator.Rd:353): Warning: <h5> anchor "Usage" already defined class-translator.html:362:1 (class-translator.Rd:357): Warning: <h5> anchor "Arguments" already defined class-translator.html:385:1 (class-translator.Rd:374): Warning: <h5> anchor "Returns" already defined class-translator.html:394:1 (class-translator.Rd:379): Warning: <h5> anchor "Examples" already defined class-translator.html:417:1 (class-translator.Rd:397): Warning: <h5> anchor "Usage" already defined class-translator.html:423:1 (class-translator.Rd:401): Warning: <h5> anchor "Arguments" already defined class-translator.html:437:1 (class-translator.Rd:409): Warning: <h5> anchor "Returns" already defined class-translator.html:444:1 (class-translator.Rd:412): Warning: <h5> anchor "Examples" already defined class-translator.html:466:1 (class-translator.Rd:429): Warning: <h5> anchor "Usage" already defined class-translator.html:472:1 (class-translator.Rd:433): Warning: <h5> anchor "Arguments" already defined class-translator.html:487:1 (class-translator.Rd:442): Warning: <h5> anchor "Returns" already defined class-translator.html:494:1 (class-translator.Rd:445): Warning: <h5> anchor "Examples" already defined class-translator.html:515:1 (class-translator.Rd:461): Warning: <h5> anchor "Usage" already defined class-translator.html:521:1 (class-translator.Rd:465): Warning: <h5> anchor "Arguments" already defined class-translator.html:534:1 (class-translator.Rd:472): Warning: <h5> anchor "Details" already defined class-translator.html:545:1 (class-translator.Rd:480): Warning: <h5> anchor "Returns" already defined class-translator.html:552:1 (class-translator.Rd:483): Warning: <h5> anchor "Examples" already defined class-translator.html:587:1 (class-translator.Rd:513): Warning: <h5> anchor "Usage" already defined class-translator.html:593:1 (class-translator.Rd:517): Warning: <h5> anchor "Arguments" already defined class-translator.html:607:1 (class-translator.Rd:525): Warning: <h5> anchor "Returns" already defined class-translator.html:614:1 (class-translator.Rd:528): Warning: <h5> anchor "Examples" already defined class-translator.html:636:1 (class-translator.Rd:545): Warning: <h5> anchor "Usage" already defined class-translator.html:642:1 (class-translator.Rd:549): Warning: <h5> anchor "Arguments" already defined class-translator.html:657:1 (class-translator.Rd:558): Warning: <h5> anchor "Returns" already defined class-translator.html:664:1 (class-translator.Rd:561): Warning: <h5> anchor "Examples" already defined class-translator.html:689:1 (class-translator.Rd:581): Warning: <h5> anchor "Usage" already defined class-translator.html:695:1 (class-translator.Rd:585): Warning: <h5> anchor "Arguments" already defined class-translator.html:709:1 (class-translator.Rd:593): Warning: <h5> anchor "Details" already defined class-translator.html:718:1 (class-translator.Rd:599): Warning: <h5> anchor "Returns" already defined class-translator.html:725:1 (class-translator.Rd:602): Warning: <h5> anchor "Examples" already defined constants.html:67:1 (constants.Rd:34): Warning: missing </ul> before </div> Flavor: r-devel-linux-x86_64-debian-gcc