Last updated on 2025-10-21 09:48:51 CEST.
Flavor | Version | Tinstall | Tcheck | Ttotal | Status | Flags |
---|---|---|---|---|---|---|
r-devel-linux-x86_64-debian-clang | 1.5.1 | 3.54 | 231.83 | 235.37 | OK | |
r-devel-linux-x86_64-debian-gcc | 1.5.1 | 2.27 | 137.30 | 139.57 | NOTE | |
r-devel-linux-x86_64-fedora-clang | 1.5.1 | 402.86 | OK | |||
r-devel-linux-x86_64-fedora-gcc | 1.5.1 | 386.85 | OK | |||
r-devel-windows-x86_64 | 1.5.1 | 5.00 | 230.00 | 235.00 | OK | |
r-patched-linux-x86_64 | 1.5.1 | 5.00 | 218.04 | 223.04 | OK | |
r-release-linux-x86_64 | 1.5.1 | 3.23 | 218.78 | 222.01 | OK | |
r-release-macos-arm64 | 1.5.1 | 89.00 | OK | |||
r-release-macos-x86_64 | 1.5.1 | 191.00 | OK | |||
r-release-windows-x86_64 | 1.5.1 | 5.00 | 236.00 | 241.00 | OK | |
r-oldrel-macos-arm64 | 1.5.1 | 68.00 | OK | |||
r-oldrel-macos-x86_64 | 1.5.1 | 140.00 | OK | |||
r-oldrel-windows-x86_64 | 1.5.1 | 6.00 | 318.00 | 324.00 | OK |
Version: 1.5.1
Check: HTML version of manual
Result: NOTE
Found the following HTML validation problems:
TrajGetFPS.html:46:1 (TrajGetFPS.Rd:10): Warning: missing </ul> before </div>
TrajGetNCoords.html:47:1 (TrajGetNCoords.Rd:10): Warning: missing </ul> before </div>
lines.Trajectory.html:83:1 (lines.Trajectory.Rd:34): Warning: missing </ul> before </div>
plot.TrajDirectionAutocorrelations.html:70:1 (plot.TrajDirectionAutocorrelations.Rd:24): Warning: missing </ul> before </div>
points.Trajectory.html:62:1 (points.Trajectory.Rd:19): Warning: missing </ul> before </div>
Flavor: r-devel-linux-x86_64-debian-gcc