CRAN Package Check Results for Package tower

Last updated on 2025-07-12 09:49:34 CEST.

Flavor Version Tinstall Tcheck Ttotal Status Flags
r-devel-linux-x86_64-debian-clang 0.2.0 1.97 25.69 27.66 NOTE
r-devel-linux-x86_64-debian-gcc 0.2.0 1.68 20.60 22.28 NOTE
r-devel-linux-x86_64-fedora-clang 0.2.0 43.68 NOTE
r-devel-linux-x86_64-fedora-gcc 0.2.0 40.11 NOTE
r-devel-windows-x86_64 0.2.0 4.00 53.00 57.00 NOTE
r-patched-linux-x86_64 0.2.0 1.94 23.77 25.71 NOTE
r-release-linux-x86_64 0.2.0 1.97 23.41 25.38 NOTE
r-release-macos-arm64 0.2.0 22.00 NOTE
r-release-macos-x86_64 0.2.0 33.00 NOTE
r-release-windows-x86_64 0.2.0 3.00 52.00 55.00 NOTE
r-oldrel-macos-arm64 0.2.0 19.00 OK
r-oldrel-macos-x86_64 0.2.0 28.00 OK
r-oldrel-windows-x86_64 0.2.0 4.00 58.00 62.00 OK

Check Details

Version: 0.2.0
Check: DESCRIPTION meta-information
Result: NOTE Missing dependency on R >= 4.1.0 because package code uses the pipe |> or function shorthand \(...) syntax added in R 4.1.0. File(s) using such syntax: ‘response_builder.R’ Flavors: r-devel-linux-x86_64-debian-clang, r-devel-linux-x86_64-debian-gcc, r-devel-linux-x86_64-fedora-clang, r-devel-linux-x86_64-fedora-gcc, r-devel-windows-x86_64, r-patched-linux-x86_64, r-release-linux-x86_64, r-release-macos-arm64, r-release-macos-x86_64, r-release-windows-x86_64