Last updated on 2025-10-21 09:48:51 CEST.
Flavor | Version | Tinstall | Tcheck | Ttotal | Status | Flags |
---|---|---|---|---|---|---|
r-devel-linux-x86_64-debian-clang | 0.16.1 | 763.70 | 404.16 | 1167.86 | OK | |
r-devel-linux-x86_64-debian-gcc | 0.16.1 | 621.66 | 283.93 | 905.59 | NOTE | |
r-devel-linux-x86_64-fedora-clang | 0.16.1 | 1564.76 | OK | |||
r-devel-linux-x86_64-fedora-gcc | 0.16.1 | 2182.49 | OK | |||
r-devel-windows-x86_64 | 0.16.1 | 731.00 | 430.00 | 1161.00 | OK | |
r-patched-linux-x86_64 | 0.16.0 | 904.19 | 340.51 | 1244.70 | OK | |
r-release-linux-x86_64 | 0.16.1 | 882.14 | 385.60 | 1267.74 | OK | |
r-release-macos-arm64 | 0.16.1 | 422.00 | OK | |||
r-release-macos-x86_64 | 0.16.1 | 842.00 | OK | |||
r-release-windows-x86_64 | 0.16.1 | 648.00 | 439.00 | 1087.00 | OK | |
r-oldrel-macos-arm64 | 0.16.1 | 415.00 | NOTE | |||
r-oldrel-macos-x86_64 | 0.16.1 | 773.00 | NOTE | |||
r-oldrel-windows-x86_64 | 0.16.1 | 682.00 | 479.00 | 1161.00 | NOTE |
Version: 0.16.1
Check: HTML version of manual
Result: NOTE
Found the following HTML validation problems:
AutogradContext.html:268:1 (AutogradContext.Rd:159): Warning: missing </ul> before </div>
AutogradContext.html:140:1 (AutogradContext.Rd:79): Warning: <h5> anchor "Usage" already defined
AutogradContext.html:146:1 (AutogradContext.Rd:83): Warning: <h5> anchor "Arguments" already defined
AutogradContext.html:180:1 (AutogradContext.Rd:107): Warning: <h5> anchor "Usage" already defined
AutogradContext.html:186:1 (AutogradContext.Rd:111): Warning: <h5> anchor "Arguments" already defined
AutogradContext.html:216:1 (AutogradContext.Rd:131): Warning: <h5> anchor "Usage" already defined
AutogradContext.html:222:1 (AutogradContext.Rd:135): Warning: <h5> anchor "Arguments" already defined
AutogradContext.html:245:1 (AutogradContext.Rd:148): Warning: <h5> anchor "Usage" already defined
AutogradContext.html:251:1 (AutogradContext.Rd:152): Warning: <h5> anchor "Arguments" already defined
Constraint.html:135:1 (Constraint.Rd:67): Warning: missing </ul> before </div>
Constraint.html:96:1 (Constraint.Rd:46): Warning: <h5> anchor "Usage" already defined
Constraint.html:112:1 (Constraint.Rd:56): Warning: <h5> anchor "Usage" already defined
Constraint.html:118:1 (Constraint.Rd:60): Warning: <h5> anchor "Arguments" already defined
Distribution.html:548:1 (Distribution.Rd:320): Warning: missing </ul> before </div>
Distribution.html:175:1 (Distribution.Rd:96): Warning: <h5> anchor "Usage" already defined
Distribution.html:181:1 (Distribution.Rd:100): Warning: <h5> anchor "Arguments" already defined
Distribution.html:208:1 (Distribution.Rd:117): Warning: <h5> anchor "Usage" already defined
Distribution.html:214:1 (Distribution.Rd:121): Warning: <h5> anchor "Arguments" already defined
Distribution.html:239:1 (Distribution.Rd:136): Warning: <h5> anchor "Usage" already defined
Distribution.html:245:1 (Distribution.Rd:140): Warning: <h5> anchor "Arguments" already defined
Distribution.html:269:1 (Distribution.Rd:154): Warning: <h5> anchor "Usage" already defined
Distribution.html:275:1 (Distribution.Rd:158): Warning: <h5> anchor "Arguments" already defined
Distribution.html:299:1 (Distribution.Rd:172): Warning: <h5> anchor "Usage" already defined
Distribution.html:305:1 (Distribution.Rd:176): Warning: <h5> anchor "Arguments" already defined
Distribution.html:334:1 (Distribution.Rd:195): Warning: <h5> anchor "Usage" already defined
Distribution.html:340:1 (Distribution.Rd:199): Warning: <h5> anchor "Arguments" already defined
Distribution.html:361:1 (Distribution.Rd:211): Warning: <h5> anchor "Usage" already defined
Distribution.html:367:1 (Distribution.Rd:215): Warning: <h5> anchor "Arguments" already defined
Distribution.html:398:1 (Distribution.Rd:232): Warning: <h5> anchor "Usage" already defined
Distribution.html:404:1 (Distribution.Rd:236): Warning: <h5> anchor "Returns" already defined
Distribution.html:421:1 (Distribution.Rd:245): Warning: <h5> anchor "Usage" already defined
Distribution.html:427:1 (Distribution.Rd:249): Warning: <h5> anchor "Returns" already defined
Distribution.html:447:1 (Distribution.Rd:261): Warning: <h5> anchor "Usage" already defined
Distribution.html:453:1 (Distribution.Rd:265): Warning: <h5> anchor "Arguments" already defined
Distribution.html:479:1 (Distribution.Rd:281): Warning: <h5> anchor "Usage" already defined
Distribution.html:485:1 (Distribution.Rd:285): Warning: <h5> anchor "Arguments" already defined
Distribution.html:509:1 (Distribution.Rd:299): Warning: <h5> anchor "Usage" already defined
Distribution.html:525:1 (Distribution.Rd:309): Warning: <h5> anchor "Usage" already defined
Distribution.html:531:1 (Distribution.Rd:313): Warning: <h5> anchor "Arguments" already defined
OptimizerIgnite.html:283:1 (OptimizerIgnite.Rd:152): Warning: missing </ul> before </div>
OptimizerIgnite.html:121:1 (OptimizerIgnite.Rd:58): Warning: <h5> anchor "Usage" already defined
OptimizerIgnite.html:144:1 (OptimizerIgnite.Rd:71): Warning: <h5> anchor "Usage" already defined
OptimizerIgnite.html:150:1 (OptimizerIgnite.Rd:75): Warning: <h5> anchor "Arguments" already defined
OptimizerIgnite.html:174:1 (OptimizerIgnite.Rd:89): Warning: <h5> anchor "Usage" already defined
OptimizerIgnite.html:180:1 (OptimizerIgnite.Rd:93): Warning: <h5> anchor "Arguments" already defined
OptimizerIgnite.html:194:1 (OptimizerIgnite.Rd:101): Warning: <h5> anchor "Returns" already defined
OptimizerIgnite.html:212:1 (OptimizerIgnite.Rd:111): Warning: <h5> anchor "Usage" already defined
OptimizerIgnite.html:228:1 (OptimizerIgnite.Rd:121): Warning: <h5> anchor "Usage" already defined
OptimizerIgnite.html:234:1 (OptimizerIgnite.Rd:125): Warning: <h5> anchor "Arguments" already defined
OptimizerIgnite.html:260:1 (OptimizerIgnite.Rd:141): Warning: <h5> anchor "Usage" already defined
OptimizerIgnite.html:266:1 (OptimizerIgnite.Rd:145): Warning: <h5> anchor "Arguments" already defined
as_array.html:46:1 (as_array.Rd:10): Warning: missing </ul> before </div>
autograd_set_grad_mode.html:46:1 (autograd_set_grad_mode.Rd:10): Warning: missing </ul> before </div>
broadcast_all.html:62:1 (broadcast_all.Rd:18): Warning: missing </ul> before </div>
cuda_get_device_capability.html:46:1 (cuda_get_device_capability.Rd:10): Warning: missing </ul> before </div>
cuda_synchronize.html:47:1 (cuda_synchronize.Rd:11): Warning: missing </ul> before </div>
dataloader_make_iter.html:46:1 (dataloader_make_iter.Rd:10): Warning: missing </ul> before </div>
dataloader_next.html:50:1 (dataloader_next.Rd:12): Warning: missing </ul> before </div>
dataset_subset.html:50:1 (dataset_subset.Rd:12): Warning: missing </ul> before </div>
default_dtype.html:49:1 (default_dtype.Rd:14): Warning: missing </ul> before </div>
enumerate.html:50:1 (enumerate.Rd:12): Warning: missing </ul> before </div>
enumerate.dataloader.html:55:1 (enumerate.dataloader.Rd:14): Warning: missing </ul> before </div>
is_dataloader.html:46:1 (is_dataloader.Rd:10): Warning: missing </ul> before </div>
is_nn_buffer.html:46:1 (is_nn_buffer.Rd:10): Warning: missing </ul> before </div>
is_nn_module.html:46:1 (is_nn_module.Rd:10): Warning: missing </ul> before </div>
is_nn_parameter.html:46:1 (is_nn_parameter.Rd:10): Warning: missing </ul> before </div>
is_optimizer.html:46:1 (is_optimizer.Rd:10): Warning: missing </ul> before </div>
is_torch_device.html:46:1 (is_torch_device.Rd:10): Warning: missing </ul> before </div>
is_torch_dtype.html:46:1 (is_torch_dtype.Rd:10): Warning: missing </ul> before </div>
is_torch_layout.html:46:1 (is_torch_layout.Rd:10): Warning: missing </ul> before </div>
is_torch_memory_format.html:46:1 (is_torch_memory_format.Rd:10): Warning: missing </ul> before </div>
is_torch_qscheme.html:46:1 (is_torch_qscheme.Rd:10): Warning: missing </ul> before </div>
is_undefined_tensor.html:46:1 (is_undefined_tensor.Rd:10): Warning: missing </ul> before </div>
jit_load.html:51:1 (jit_load.Rd:13): Warning: missing </ul> before </div>
jit_scalar.html:47:1 (jit_scalar.Rd:10): Warning: missing </ul> before </div>
jit_tuple.html:47:1 (jit_tuple.Rd:10): Warning: missing </ul> before </div>
lr_cosine_annealing.html:69:1 (lr_cosine_annealing.Rd:25): Warning: missing </ul> before </div>
lr_scheduler.html:65:1 (lr_scheduler.Rd:23): Warning: missing </ul> before </div>
nn_buffer.html:50:1 (nn_buffer.Rd:12): Warning: missing </ul> before </div>
nn_init_calculate_gain.html:50:1 (nn_init_calculate_gain.Rd:12): Warning: missing </ul> before </div>
nn_parameter.html:51:1 (nn_parameter.Rd:13): Warning: missing </ul> before </div>
nn_utils_weight_norm.html:114:1 (nn_utils_weight_norm.Rd:84): Warning: <h5> anchor "Usage" already defined
nn_utils_weight_norm.html:120:1 (nn_utils_weight_norm.Rd:88): Warning: <h5> anchor "Arguments" already defined
nn_utils_weight_norm.html:145:1 (nn_utils_weight_norm.Rd:104): Warning: <h5> anchor "Usage" already defined
nn_utils_weight_norm.html:151:1 (nn_utils_weight_norm.Rd:108): Warning: <h5> anchor "Arguments" already defined
nn_utils_weight_norm.html:176:1 (nn_utils_weight_norm.Rd:124): Warning: <h5> anchor "Usage" already defined
nn_utils_weight_norm.html:182:1 (nn_utils_weight_norm.Rd:128): Warning: <h5> anchor "Arguments" already defined
nn_utils_weight_norm.html:203:1 (nn_utils_weight_norm.Rd:140): Warning: <h5> anchor "Usage" already defined
nn_utils_weight_norm.html:209:1 (nn_utils_weight_norm.Rd:144): Warning: <h5> anchor "Arguments" already defined
nn_utils_weight_norm.html:230:1 (nn_utils_weight_norm.Rd:156): Warning: <h5> anchor "Usage" already defined
nn_utils_weight_norm.html:236:1 (nn_utils_weight_norm.Rd:160): Warning: <h5> anchor "Arguments" already defined
nn_utils_weight_norm.html:261:1 (nn_utils_weight_norm.Rd:175): Warning: <h5> anchor "Usage" already defined
nn_utils_weight_norm.html:267:1 (nn_utils_weight_norm.Rd:179): Warning: <h5> anchor "Arguments" already defined
nnf_adaptive_avg_pool1d.html:51:1 (nnf_adaptive_avg_pool1d.Rd:12): Warning: missing </ul> before </div>
nnf_adaptive_avg_pool2d.html:51:1 (nnf_adaptive_avg_pool2d.Rd:12): Warning: missing </ul> before </div>
nnf_adaptive_avg_pool3d.html:51:1 (nnf_adaptive_avg_pool3d.Rd:12): Warning: missing </ul> before </div>
nnf_adaptive_max_pool1d.html:55:1 (nnf_adaptive_max_pool1d.Rd:14): Warning: missing </ul> before </div>
nnf_adaptive_max_pool2d.html:55:1 (nnf_adaptive_max_pool2d.Rd:14): Warning: missing </ul> before </div>
nnf_adaptive_max_pool3d.html:55:1 (nnf_adaptive_max_pool3d.Rd:14): Warning: missing </ul> before </div>
nnf_alpha_dropout.html:59:1 (nnf_alpha_dropout.Rd:17): Warning: missing </ul> before </div>
nnf_avg_pool1d.html:79:1 (nnf_avg_pool1d.Rd:32): Warning: missing </ul> before </div>
nnf_avg_pool2d.html:86:1 (nnf_avg_pool2d.Rd:36): Warning: missing </ul> before </div>
nnf_avg_pool3d.html:86:1 (nnf_avg_pool3d.Rd:36): Warning: missing </ul> before </div>
nnf_batch_norm.html:84:1 (nnf_batch_norm.Rd:34): Warning: missing </ul> before </div>
nnf_binary_cross_entropy.html:67:1 (nnf_binary_cross_entropy.Rd:24): Warning: missing </ul> before </div>
nnf_binary_cross_entropy_with_logits.html:74:1 (nnf_binary_cross_entropy_with_logits.Rd:29): Warning: missing </ul> before </div>
nnf_celu.html:57:1 (nnf_celu.Rd:18): Warning: missing </ul> before </div>
nnf_conv1d.html:83:1 (nnf_conv1d.Rd:34): Warning: missing </ul> before </div>
nnf_conv2d.html:83:1 (nnf_conv2d.Rd:34): Warning: missing </ul> before </div>
nnf_conv3d.html:83:1 (nnf_conv3d.Rd:34): Warning: missing </ul> before </div>
nnf_conv_tbc.html:61:1 (nnf_conv_tbc.Rd:18): Warning: missing </ul> before </div>
nnf_conv_transpose1d.html:88:1 (nnf_conv_transpose1d.Rd:37): Warning: missing </ul> before </div>
nnf_conv_transpose2d.html:88:1 (nnf_conv_transpose2d.Rd:37): Warning: missing </ul> before </div>
nnf_conv_transpose3d.html:88:1 (nnf_conv_transpose3d.Rd:37): Warning: missing </ul> before </div>
nnf_cosine_embedding_loss.html:75:1 (nnf_cosine_embedding_loss.Rd:28): Warning: missing </ul> before </div>
nnf_cross_entropy.html:77:1 (nnf_cross_entropy.Rd:32): Warning: missing </ul> before </div>
nnf_ctc_loss.html:86:1 (nnf_ctc_loss.Rd:38): Warning: missing </ul> before </div>
nnf_dropout.html:61:1 (nnf_dropout.Rd:17): Warning: missing </ul> before </div>
nnf_dropout2d.html:63:1 (nnf_dropout2d.Rd:17): Warning: missing </ul> before </div>
nnf_dropout3d.html:63:1 (nnf_dropout3d.Rd:17): Warning: missing </ul> before </div>
nnf_embedding_bag.html:113:1 (nnf_embedding_bag.Rd:56): Warning: missing </ul> before </div>
nnf_group_norm.html:62:1 (nnf_group_norm.Rd:18): Warning: missing </ul> before </div>
nnf_gumbel_softmax.html:59:1 (nnf_gumbel_softmax.Rd:16): Warning: missing </ul> before </div>
nnf_hardshrink.html:51:1 (nnf_hardshrink.Rd:13): Warning: missing </ul> before </div>
nnf_hardsigmoid.html:51:1 (nnf_hardsigmoid.Rd:13): Warning: missing </ul> before </div>
nnf_hardtanh.html:61:1 (nnf_hardtanh.Rd:20): Warning: missing </ul> before </div>
nnf_hinge_embedding_loss.html:64:1 (nnf_hinge_embedding_loss.Rd:19): Warning: missing </ul> before </div>
nnf_instance_norm.html:84:1 (nnf_instance_norm.Rd:33): Warning: missing </ul> before </div>
nnf_kl_div.html:57:1 (nnf_kl_div.Rd:17): Warning: missing </ul> before </div>
nnf_l1_loss.html:57:1 (nnf_l1_loss.Rd:17): Warning: missing </ul> before </div>
nnf_layer_norm.html:70:1 (nnf_layer_norm.Rd:26): Warning: missing </ul> before </div>
nnf_leaky_relu.html:56:1 (nnf_leaky_relu.Rd:15): Warning: missing </ul> before </div>
nnf_linear.html:55:1 (nnf_linear.Rd:15): Warning: missing </ul> before </div>
nnf_local_response_norm.html:64:1 (nnf_local_response_norm.Rd:18): Warning: missing </ul> before </div>
nnf_logsigmoid.html:47:1 (nnf_logsigmoid.Rd:11): Warning: missing </ul> before </div>
nnf_lp_pool1d.html:65:1 (nnf_lp_pool1d.Rd:19): Warning: missing </ul> before </div>
nnf_lp_pool2d.html:65:1 (nnf_lp_pool2d.Rd:19): Warning: missing </ul> before </div>
nnf_margin_ranking_loss.html:66:1 (nnf_margin_ranking_loss.Rd:21): Warning: missing </ul> before </div>
nnf_max_pool1d.html:84:1 (nnf_max_pool1d.Rd:35): Warning: missing </ul> before </div>
nnf_max_pool2d.html:84:1 (nnf_max_pool2d.Rd:35): Warning: missing </ul> before </div>
nnf_max_pool3d.html:84:1 (nnf_max_pool3d.Rd:35): Warning: missing </ul> before </div>
nnf_max_unpool1d.html:73:1 (nnf_max_unpool1d.Rd:27): Warning: missing </ul> before </div>
nnf_max_unpool2d.html:73:1 (nnf_max_unpool2d.Rd:27): Warning: missing </ul> before </div>
nnf_max_unpool3d.html:73:1 (nnf_max_unpool3d.Rd:27): Warning: missing </ul> before </div>
nnf_mse_loss.html:57:1 (nnf_mse_loss.Rd:17): Warning: missing </ul> before </div>
nnf_multi_head_attention_forward.html:187:1 (nnf_multi_head_attention_forward.Rd:102): Warning: missing </ul> before </div>
nnf_multi_margin_loss.html:79:1 (nnf_multi_margin_loss.Rd:31): Warning: missing </ul> before </div>
nnf_multilabel_margin_loss.html:59:1 (nnf_multilabel_margin_loss.Rd:17): Warning: missing </ul> before </div>
nnf_nll_loss.html:76:1 (nnf_nll_loss.Rd:32): Warning: missing </ul> before </div>
nnf_pairwise_distance.html:63:1 (nnf_pairwise_distance.Rd:19): Warning: missing </ul> before </div>
nnf_pixel_shuffle.html:51:1 (nnf_pixel_shuffle.Rd:12): Warning: missing </ul> before </div>
nnf_poisson_nll_loss.html:80:1 (nnf_poisson_nll_loss.Rd:34): Warning: missing </ul> before </div>
nnf_prelu.html:53:1 (nnf_prelu.Rd:13): Warning: missing </ul> before </div>
nnf_relu.html:53:1 (nnf_relu.Rd:16): Warning: missing </ul> before </div>
nnf_relu6.html:51:1 (nnf_relu6.Rd:13): Warning: missing </ul> before </div>
nnf_rrelu.html:65:1 (nnf_rrelu.Rd:22): Warning: missing </ul> before </div>
nnf_sigmoid.html:47:1 (nnf_sigmoid.Rd:11): Warning: missing </ul> before </div>
nnf_smooth_l1_loss.html:58:1 (nnf_smooth_l1_loss.Rd:17): Warning: missing </ul> before </div>
nnf_soft_margin_loss.html:58:1 (nnf_soft_margin_loss.Rd:17): Warning: missing </ul> before </div>
nnf_softshrink.html:52:1 (nnf_softshrink.Rd:14): Warning: missing </ul> before </div>
nnf_softsign.html:47:1 (nnf_softsign.Rd:11): Warning: missing </ul> before </div>
nnf_tanhshrink.html:47:1 (nnf_tanhshrink.Rd:11): Warning: missing </ul> before </div>
nnf_threshold.html:61:1 (nnf_threshold.Rd:20): Warning: missing </ul> before </div>
nnf_triplet_margin_loss.html:92:1 (nnf_triplet_margin_loss.Rd:38): Warning: missing </ul> before </div>
nnf_triplet_margin_with_distance_loss.html:85:1 (nnf_triplet_margin_with_distance_loss.Rd:37): Warning: missing </ul> before </div>
optim_adamw.html:79:1 (optim_adamw.Rd:32): Warning: missing </ul> before </div>
optimizer_ignite.html:70:1 (optimizer_ignite.Rd:26): Warning: missing </ul> before </div>
tensor_dataset.html:46:1 (tensor_dataset.Rd:10): Warning: missing </ul> before </div>
torch_atleast_3d.html:47:1 (torch_atleast_3d.Rd:11): Warning: missing </ul> before </div>
torch_finfo.html:47:1 (torch_finfo.Rd:10): Warning: missing </ul> before </div>
torch_iinfo.html:47:1 (torch_iinfo.Rd:10): Warning: missing </ul> before </div>
torch_index.html:51:1 (torch_index.Rd:13): Warning: missing </ul> before </div>
torch_index_put.html:61:1 (torch_index_put.Rd:19): Warning: missing </ul> before </div>
torch_index_put_.html:61:1 (torch_index_put_.Rd:19): Warning: missing </ul> before </div>
torch_install_path.html:48:1 (torch_install_path.Rd:11): Warning: missing </ul> before </div>
torch_kron.html:50:1 (torch_kron.Rd:12): Warning: missing </ul> before </div>
torch_scalar_tensor.html:58:1 (torch_scalar_tensor.Rd:16): Warning: missing </ul> before </div>
Flavor: r-devel-linux-x86_64-debian-gcc
Version: 0.16.1
Check: installed package size
Result: NOTE
installed size is 117.0Mb
sub-directories of 1Mb or more:
R 6.2Mb
help 1.7Mb
include 1.9Mb
libs 106.9Mb
Flavors: r-oldrel-macos-arm64, r-oldrel-macos-x86_64, r-oldrel-windows-x86_64