Last updated on 2025-10-21 09:48:51 CEST.
Flavor | Version | Tinstall | Tcheck | Ttotal | Status | Flags |
---|---|---|---|---|---|---|
r-devel-linux-x86_64-debian-clang | 0.1.2 | 1.82 | 22.11 | 23.93 | OK | |
r-devel-linux-x86_64-debian-gcc | 0.1.2 | 1.48 | 18.48 | 19.96 | NOTE | |
r-devel-linux-x86_64-fedora-clang | 0.1.2 | 36.92 | OK | |||
r-devel-linux-x86_64-fedora-gcc | 0.1.2 | 34.23 | OK | |||
r-devel-windows-x86_64 | 0.1.2 | 3.00 | 42.00 | 45.00 | OK | |
r-patched-linux-x86_64 | 0.1.2 | 2.06 | 21.07 | 23.13 | OK | |
r-release-linux-x86_64 | 0.1.2 | 1.82 | 21.15 | 22.97 | OK | |
r-release-macos-arm64 | 0.1.2 | 18.00 | OK | |||
r-release-macos-x86_64 | 0.1.2 | 27.00 | OK | |||
r-release-windows-x86_64 | 0.1.2 | 3.00 | 43.00 | 46.00 | OK | |
r-oldrel-macos-arm64 | 0.1.2 | 15.00 | OK | |||
r-oldrel-macos-x86_64 | 0.1.2 | 22.00 | OK | |||
r-oldrel-windows-x86_64 | 0.1.2 | 4.00 | 46.00 | 50.00 | OK |
Version: 0.1.2
Check: HTML version of manual
Result: NOTE
Found the following HTML validation problems:
build_markdown_report.html:47:1 (build_markdown_report.Rd:10): Warning: missing </ul> before </div>
build_rstudio_markers.html:46:1 (build_rstudio_markers.Rd:10): Warning: missing </ul> before </div>
extract_markers_to_md.html:53:1 (extract_markers_to_md.Rd:13): Warning: missing </ul> before </div>
todor_file.html:57:1 (todor_file.Rd:17): Warning: missing </ul> before </div>
todor_package.html:49:1 (todor_package.Rd:11): Warning: missing </ul> before </div>
Flavor: r-devel-linux-x86_64-debian-gcc