Last updated on 2025-10-21 09:48:49 CEST.
Flavor | Version | Tinstall | Tcheck | Ttotal | Status | Flags |
---|---|---|---|---|---|---|
r-devel-linux-x86_64-debian-clang | 0.33.0 | 132.12 | 177.06 | 309.18 | OK | |
r-devel-linux-x86_64-debian-gcc | 0.33.0 | 105.22 | 125.71 | 230.93 | NOTE | |
r-devel-linux-x86_64-fedora-clang | 0.33.0 | 488.25 | OK | |||
r-devel-linux-x86_64-fedora-gcc | 0.33.0 | 553.02 | OK | |||
r-devel-windows-x86_64 | 0.33.0 | 153.00 | 381.00 | 534.00 | OK | |
r-patched-linux-x86_64 | 0.33.0 | 147.73 | 172.83 | 320.56 | OK | |
r-release-linux-x86_64 | 0.33.0 | 145.78 | 172.46 | 318.24 | OK | |
r-release-macos-arm64 | 0.33.0 | 168.00 | OK | |||
r-release-macos-x86_64 | 0.33.0 | 269.00 | OK | |||
r-release-windows-x86_64 | 0.33.0 | 145.00 | 349.00 | 494.00 | OK | |
r-oldrel-macos-arm64 | 0.33.0 | 158.00 | NOTE | |||
r-oldrel-macos-x86_64 | 0.33.0 | 273.00 | NOTE | |||
r-oldrel-windows-x86_64 | 0.33.0 | 187.00 | 526.00 | 713.00 | NOTE |
Version: 0.33.0
Check: HTML version of manual
Result: NOTE
Found the following HTML validation problems:
generics.html:106:1 (generics.Rd:86): Warning: missing </ul> before </div>
raw_dump-tiledb_array_schema-method.html:48:1 (raw_dump-tiledb_array_schema-method.Rd:10): Warning: missing </ul> before </div>
raw_dump-tiledb_attr-method.html:48:1 (raw_dump-tiledb_attr-method.Rd:10): Warning: missing </ul> before </div>
raw_dump-tiledb_domain-method.html:48:1 (raw_dump-tiledb_domain-method.Rd:10): Warning: missing </ul> before </div>
show-tiledb_array-method.html:47:1 (show-tiledb_array-method.Rd:10): Warning: missing </ul> before </div>
show-tiledb_array_schema-method.html:47:1 (show-tiledb_array_schema-method.Rd:10): Warning: missing </ul> before </div>
show-tiledb_attr-method.html:47:1 (show-tiledb_attr-method.Rd:10): Warning: missing </ul> before </div>
show-tiledb_dim-method.html:47:1 (show-tiledb_dim-method.Rd:10): Warning: missing </ul> before </div>
show-tiledb_domain-method.html:47:1 (show-tiledb_domain-method.Rd:10): Warning: missing </ul> before </div>
show-tiledb_filter-method.html:47:1 (show-tiledb_filter-method.Rd:10): Warning: missing </ul> before </div>
show-tiledb_filter_list-method.html:47:1 (show-tiledb_filter_list-method.Rd:10): Warning: missing </ul> before </div>
show-tiledb_group-method.html:47:1 (show-tiledb_group-method.Rd:10): Warning: missing </ul> before </div>
tiledb_array_schema_evolution_add_enumeration_empty.html:75:1 (tiledb_array_schema_evolution_add_enumeration_empty.Rd:29): Warning: missing </ul> before </div>
tiledb_ctx_set_default_tags.html:46:1 (tiledb_ctx_set_default_tags.Rd:10): Warning: missing </ul> before </div>
Flavor: r-devel-linux-x86_64-debian-gcc
Version: 0.33.0
Check: installed package size
Result: NOTE
installed size is 56.9Mb
sub-directories of 1Mb or more:
libs 16.2Mb
tiledb 38.1Mb
Flavors: r-oldrel-macos-arm64, r-oldrel-macos-x86_64, r-oldrel-windows-x86_64