CRAN Package Check Results for Package tidyterra

Last updated on 2025-10-21 09:48:49 CEST.

Flavor Version Tinstall Tcheck Ttotal Status Flags
r-devel-linux-x86_64-debian-clang 0.7.2 32.64 339.15 371.79 OK
r-devel-linux-x86_64-debian-gcc 0.7.2 19.58 216.30 235.88 NOTE
r-devel-linux-x86_64-fedora-clang 0.7.2 615.77 OK
r-devel-linux-x86_64-fedora-gcc 0.7.2 566.51 OK
r-devel-windows-x86_64 0.7.2 30.00 288.00 318.00 OK
r-patched-linux-x86_64 0.7.2 34.76 321.44 356.20 OK
r-release-linux-x86_64 0.7.2 27.58 316.44 344.02 OK
r-release-macos-arm64 0.7.2 126.00 OK
r-release-macos-x86_64 0.7.2 438.00 OK
r-release-windows-x86_64 0.7.2 32.00 287.00 319.00 OK
r-oldrel-macos-arm64 0.7.2 130.00 OK
r-oldrel-macos-x86_64 0.7.2 437.00 OK
r-oldrel-windows-x86_64 0.7.2 42.00 391.00 433.00 OK

Check Details

Version: 0.7.2
Check: HTML version of manual
Result: NOTE Found the following HTML validation problems: arrange.SpatVector.html:152:51 (arrange.SpatVector.Rd:62): Warning: missing </p> before <a> arrange.SpatVector.html:152:5 (arrange.SpatVector.Rd:62): Warning: missing </a> before <a> arrange.SpatVector.html:152:150 (arrange.SpatVector.Rd:62): Warning: inserting implicit <p> arrange.SpatVector.html:152:154 (arrange.SpatVector.Rd:62): Warning: discarding unexpected </a> arrange.SpatVector.html:152:51 (arrange.SpatVector.Rd:62): Warning: trimming empty <p> arrange.SpatVector.html:152:150 (arrange.SpatVector.Rd:62): Warning: trimming empty <p> as_spatraster.html:135:51 (as_spatraster.Rd:60): Warning: missing </p> before <a> as_spatraster.html:135:5 (as_spatraster.Rd:60): Warning: missing </a> before <a> as_spatraster.html:135:150 (as_spatraster.Rd:60): Warning: inserting implicit <p> as_spatraster.html:135:154 (as_spatraster.Rd:60): Warning: discarding unexpected </a> as_spatraster.html:135:51 (as_spatraster.Rd:60): Warning: trimming empty <p> as_spatraster.html:135:150 (as_spatraster.Rd:60): Warning: trimming empty <p> as_spatvector.html:160:51 (as_spatvector.Rd:79): Warning: missing </p> before <a> as_spatvector.html:160:5 (as_spatvector.Rd:79): Warning: missing </a> before <a> as_spatvector.html:160:150 (as_spatvector.Rd:79): Warning: inserting implicit <p> as_spatvector.html:160:154 (as_spatvector.Rd:79): Warning: discarding unexpected </a> as_spatvector.html:160:51 (as_spatvector.Rd:79): Warning: trimming empty <p> as_spatvector.html:160:150 (as_spatvector.Rd:79): Warning: trimming empty <p> as_tibble.Spat.html:202:51 (as_tibble.Spat.Rd:106): Warning: missing </p> before <a> as_tibble.Spat.html:202:5 (as_tibble.Spat.Rd:106): Warning: missing </a> before <a> as_tibble.Spat.html:202:150 (as_tibble.Spat.Rd:106): Warning: inserting implicit <p> as_tibble.Spat.html:202:154 (as_tibble.Spat.Rd:106): Warning: discarding unexpected </a> as_tibble.Spat.html:202:51 (as_tibble.Spat.Rd:106): Warning: trimming empty <p> as_tibble.Spat.html:202:150 (as_tibble.Spat.Rd:106): Warning: trimming empty <p> bind_cols.SpatVector.html:152:51 (bind_cols.SpatVector.Rd:75): Warning: missing </p> before <a> bind_cols.SpatVector.html:152:5 (bind_cols.SpatVector.Rd:75): Warning: missing </a> before <a> bind_cols.SpatVector.html:152:150 (bind_cols.SpatVector.Rd:75): Warning: inserting implicit <p> bind_cols.SpatVector.html:152:154 (bind_cols.SpatVector.Rd:75): Warning: discarding unexpected </a> bind_cols.SpatVector.html:152:51 (bind_cols.SpatVector.Rd:75): Warning: trimming empty <p> bind_cols.SpatVector.html:152:150 (bind_cols.SpatVector.Rd:75): Warning: trimming empty <p> bind_rows.SpatVector.html:174:51 (bind_rows.SpatVector.Rd:93): Warning: missing </p> before <a> bind_rows.SpatVector.html:174:5 (bind_rows.SpatVector.Rd:93): Warning: missing </a> before <a> bind_rows.SpatVector.html:174:150 (bind_rows.SpatVector.Rd:93): Warning: inserting implicit <p> bind_rows.SpatVector.html:174:154 (bind_rows.SpatVector.Rd:93): Warning: discarding unexpected </a> bind_rows.SpatVector.html:174:51 (bind_rows.SpatVector.Rd:93): Warning: trimming empty <p> bind_rows.SpatVector.html:174:150 (bind_rows.SpatVector.Rd:93): Warning: trimming empty <p> compare_spatrasters.html:136:51 (compare_spatrasters.Rd:69): Warning: missing </p> before <a> compare_spatrasters.html:136:5 (compare_spatrasters.Rd:69): Warning: missing </a> before <a> compare_spatrasters.html:136:150 (compare_spatrasters.Rd:69): Warning: inserting implicit <p> compare_spatrasters.html:136:154 (compare_spatrasters.Rd:69): Warning: discarding unexpected </a> compare_spatrasters.html:136:51 (compare_spatrasters.Rd:69): Warning: trimming empty <p> compare_spatrasters.html:136:150 (compare_spatrasters.Rd:69): Warning: trimming empty <p> count.SpatVector.html:209:51 (count.SpatVector.Rd:110): Warning: missing </p> before <a> count.SpatVector.html:209:5 (count.SpatVector.Rd:110): Warning: missing </a> before <a> count.SpatVector.html:209:150 (count.SpatVector.Rd:110): Warning: inserting implicit <p> count.SpatVector.html:209:154 (count.SpatVector.Rd:110): Warning: discarding unexpected </a> count.SpatVector.html:209:51 (count.SpatVector.Rd:110): Warning: trimming empty <p> count.SpatVector.html:209:150 (count.SpatVector.Rd:110): Warning: trimming empty <p> distinct.SpatVector.html:166:51 (distinct.SpatVector.Rd:81): Warning: missing </p> before <a> distinct.SpatVector.html:166:5 (distinct.SpatVector.Rd:81): Warning: missing </a> before <a> distinct.SpatVector.html:166:150 (distinct.SpatVector.Rd:81): Warning: inserting implicit <p> distinct.SpatVector.html:166:154 (distinct.SpatVector.Rd:81): Warning: discarding unexpected </a> distinct.SpatVector.html:166:51 (distinct.SpatVector.Rd:81): Warning: trimming empty <p> distinct.SpatVector.html:166:150 (distinct.SpatVector.Rd:81): Warning: trimming empty <p> drop_na.Spat.html:206:51 (drop_na.Spat.Rd:131): Warning: missing </p> before <a> drop_na.Spat.html:206:5 (drop_na.Spat.Rd:131): Warning: missing </a> before <a> drop_na.Spat.html:206:150 (drop_na.Spat.Rd:131): Warning: inserting implicit <p> drop_na.Spat.html:206:154 (drop_na.Spat.Rd:131): Warning: discarding unexpected </a> drop_na.Spat.html:206:51 (drop_na.Spat.Rd:131): Warning: trimming empty <p> drop_na.Spat.html:206:150 (drop_na.Spat.Rd:131): Warning: trimming empty <p> filter-joins.SpatVector.html:214:51 (filter-joins.SpatVector.Rd:119): Warning: missing </p> before <a> filter-joins.SpatVector.html:214:5 (filter-joins.SpatVector.Rd:119): Warning: missing </a> before <a> filter-joins.SpatVector.html:214:150 (filter-joins.SpatVector.Rd:119): Warning: inserting implicit <p> filter-joins.SpatVector.html:214:154 (filter-joins.SpatVector.Rd:119): Warning: discarding unexpected </a> filter-joins.SpatVector.html:214:51 (filter-joins.SpatVector.Rd:119): Warning: trimming empty <p> filter-joins.SpatVector.html:214:150 (filter-joins.SpatVector.Rd:119): Warning: trimming empty <p> geom_spat_contour.html:455:51 (geom_spat_contour.Rd:290): Warning: missing </p> before <a> geom_spat_contour.html:455:5 (geom_spat_contour.Rd:290): Warning: missing </a> before <a> geom_spat_contour.html:455:150 (geom_spat_contour.Rd:290): Warning: inserting implicit <p> geom_spat_contour.html:455:154 (geom_spat_contour.Rd:290): Warning: discarding unexpected </a> geom_spat_contour.html:455:51 (geom_spat_contour.Rd:290): Warning: trimming empty <p> geom_spat_contour.html:455:150 (geom_spat_contour.Rd:290): Warning: trimming empty <p> geom_spatraster.html:409:51 (geom_spatraster.Rd:278): Warning: missing </p> before <a> geom_spatraster.html:409:5 (geom_spatraster.Rd:278): Warning: missing </a> before <a> geom_spatraster.html:409:150 (geom_spatraster.Rd:278): Warning: inserting implicit <p> geom_spatraster.html:409:154 (geom_spatraster.Rd:278): Warning: discarding unexpected </a> geom_spatraster.html:409:51 (geom_spatraster.Rd:278): Warning: trimming empty <p> geom_spatraster.html:409:150 (geom_spatraster.Rd:278): Warning: trimming empty <p> geom_spatraster_rgb.html:254:51 (geom_spatraster_rgb.Rd:148): Warning: missing </p> before <a> geom_spatraster_rgb.html:254:5 (geom_spatraster_rgb.Rd:148): Warning: missing </a> before <a> geom_spatraster_rgb.html:254:150 (geom_spatraster_rgb.Rd:148): Warning: inserting implicit <p> geom_spatraster_rgb.html:254:154 (geom_spatraster_rgb.Rd:148): Warning: discarding unexpected </a> geom_spatraster_rgb.html:254:51 (geom_spatraster_rgb.Rd:148): Warning: trimming empty <p> geom_spatraster_rgb.html:254:150 (geom_spatraster_rgb.Rd:148): Warning: trimming empty <p> ggspatvector.html:285:51 (ggspatvector.Rd:181): Warning: missing </p> before <a> ggspatvector.html:285:5 (ggspatvector.Rd:181): Warning: missing </a> before <a> ggspatvector.html:285:150 (ggspatvector.Rd:181): Warning: inserting implicit <p> ggspatvector.html:285:154 (ggspatvector.Rd:181): Warning: discarding unexpected </a> ggspatvector.html:285:51 (ggspatvector.Rd:181): Warning: trimming empty <p> ggspatvector.html:285:150 (ggspatvector.Rd:181): Warning: trimming empty <p> glimpse.Spat.html:165:51 (glimpse.Spat.Rd:76): Warning: missing </p> before <a> glimpse.Spat.html:165:5 (glimpse.Spat.Rd:76): Warning: missing </a> before <a> glimpse.Spat.html:165:150 (glimpse.Spat.Rd:76): Warning: inserting implicit <p> glimpse.Spat.html:165:154 (glimpse.Spat.Rd:76): Warning: discarding unexpected </a> glimpse.Spat.html:165:51 (glimpse.Spat.Rd:76): Warning: trimming empty <p> glimpse.Spat.html:165:150 (glimpse.Spat.Rd:76): Warning: trimming empty <p> grass_db.html:347:51 (grass_db.Rd:122): Warning: missing </p> before <a> grass_db.html:347:5 (grass_db.Rd:122): Warning: missing </a> before <a> grass_db.html:347:150 (grass_db.Rd:122): Warning: inserting implicit <p> grass_db.html:347:154 (grass_db.Rd:122): Warning: discarding unexpected </a> grass_db.html:347:51 (grass_db.Rd:122): Warning: trimming empty <p> grass_db.html:347:150 (grass_db.Rd:122): Warning: trimming empty <p> mutate-joins.SpatVector.html:297:51 (mutate-joins.SpatVector.Rd:193): Warning: missing </p> before <a> mutate-joins.SpatVector.html:297:5 (mutate-joins.SpatVector.Rd:193): Warning: missing </a> before <a> mutate-joins.SpatVector.html:297:150 (mutate-joins.SpatVector.Rd:193): Warning: inserting implicit <p> mutate-joins.SpatVector.html:297:154 (mutate-joins.SpatVector.Rd:193): Warning: discarding unexpected </a> mutate-joins.SpatVector.html:297:51 (mutate-joins.SpatVector.Rd:193): Warning: trimming empty <p> mutate-joins.SpatVector.html:297:150 (mutate-joins.SpatVector.Rd:193): Warning: trimming empty <p> mutate.Spat.html:197:51 (mutate.Spat.Rd:88): Warning: missing </p> before <a> mutate.Spat.html:197:5 (mutate.Spat.Rd:88): Warning: missing </a> before <a> mutate.Spat.html:197:150 (mutate.Spat.Rd:88): Warning: inserting implicit <p> mutate.Spat.html:197:154 (mutate.Spat.Rd:88): Warning: discarding unexpected </a> mutate.Spat.html:197:51 (mutate.Spat.Rd:88): Warning: trimming empty <p> mutate.Spat.html:197:150 (mutate.Spat.Rd:88): Warning: trimming empty <p> pull.Spat.html:202:51 (pull.Spat.Rd:104): Warning: missing </p> before <a> pull.Spat.html:202:5 (pull.Spat.Rd:104): Warning: missing </a> before <a> pull.Spat.html:202:150 (pull.Spat.Rd:104): Warning: inserting implicit <p> pull.Spat.html:202:154 (pull.Spat.Rd:104): Warning: discarding unexpected </a> pull.Spat.html:202:51 (pull.Spat.Rd:104): Warning: trimming empty <p> pull.Spat.html:202:150 (pull.Spat.Rd:104): Warning: trimming empty <p> relocate.Spat.html:156:51 (relocate.Spat.Rd:67): Warning: missing </p> before <a> relocate.Spat.html:156:5 (relocate.Spat.Rd:67): Warning: missing </a> before <a> relocate.Spat.html:156:150 (relocate.Spat.Rd:67): Warning: inserting implicit <p> relocate.Spat.html:156:154 (relocate.Spat.Rd:67): Warning: discarding unexpected </a> relocate.Spat.html:156:51 (relocate.Spat.Rd:67): Warning: trimming empty <p> relocate.Spat.html:156:150 (relocate.Spat.Rd:67): Warning: trimming empty <p> rename.Spat.html:186:51 (rename.Spat.Rd:82): Warning: missing </p> before <a> rename.Spat.html:186:5 (rename.Spat.Rd:82): Warning: missing </a> before <a> rename.Spat.html:186:150 (rename.Spat.Rd:82): Warning: inserting implicit <p> rename.Spat.html:186:154 (rename.Spat.Rd:82): Warning: discarding unexpected </a> rename.Spat.html:186:51 (rename.Spat.Rd:82): Warning: trimming empty <p> rename.Spat.html:186:150 (rename.Spat.Rd:82): Warning: trimming empty <p> replace_na.Spat.html:114:51 (replace_na.Spat.Rd:47): Warning: missing </p> before <a> replace_na.Spat.html:114:5 (replace_na.Spat.Rd:47): Warning: missing </a> before <a> replace_na.Spat.html:114:150 (replace_na.Spat.Rd:47): Warning: inserting implicit <p> replace_na.Spat.html:114:154 (replace_na.Spat.Rd:47): Warning: discarding unexpected </a> replace_na.Spat.html:114:51 (replace_na.Spat.Rd:47): Warning: trimming empty <p> replace_na.Spat.html:114:150 (replace_na.Spat.Rd:47): Warning: trimming empty <p> scale_grass.html:506:51 (scale_grass.Rd:343): Warning: missing </p> before <a> scale_grass.html:506:5 (scale_grass.Rd:343): Warning: missing </a> before <a> scale_grass.html:506:150 (scale_grass.Rd:343): Warning: inserting implicit <p> scale_grass.html:506:154 (scale_grass.Rd:343): Warning: discarding unexpected </a> scale_grass.html:506:51 (scale_grass.Rd:343): Warning: trimming empty <p> scale_grass.html:506:150 (scale_grass.Rd:343): Warning: trimming empty <p> select.Spat.html:179:51 (select.Spat.Rd:86): Warning: missing </p> before <a> select.Spat.html:179:5 (select.Spat.Rd:86): Warning: missing </a> before <a> select.Spat.html:179:150 (select.Spat.Rd:86): Warning: inserting implicit <p> select.Spat.html:179:154 (select.Spat.Rd:86): Warning: discarding unexpected </a> select.Spat.html:179:51 (select.Spat.Rd:86): Warning: trimming empty <p> select.Spat.html:179:150 (select.Spat.Rd:86): Warning: trimming empty <p> slice.Spat.html:396:51 (slice.Spat.Rd:259): Warning: missing </p> before <a> slice.Spat.html:396:5 (slice.Spat.Rd:259): Warning: missing </a> before <a> slice.Spat.html:396:150 (slice.Spat.Rd:259): Warning: inserting implicit <p> slice.Spat.html:396:154 (slice.Spat.Rd:259): Warning: discarding unexpected </a> slice.Spat.html:396:51 (slice.Spat.Rd:259): Warning: trimming empty <p> slice.Spat.html:396:150 (slice.Spat.Rd:259): Warning: trimming empty <p> summarise.SpatVector.html:198:51 (summarise.SpatVector.Rd:94): Warning: missing </p> before <a> summarise.SpatVector.html:198:5 (summarise.SpatVector.Rd:94): Warning: missing </a> before <a> summarise.SpatVector.html:198:150 (summarise.SpatVector.Rd:94): Warning: inserting implicit <p> summarise.SpatVector.html:198:154 (summarise.SpatVector.Rd:94): Warning: discarding unexpected </a> summarise.SpatVector.html:198:51 (summarise.SpatVector.Rd:94): Warning: trimming empty <p> summarise.SpatVector.html:198:150 (summarise.SpatVector.Rd:94): Warning: trimming empty <p> Flavor: r-devel-linux-x86_64-debian-gcc