Last updated on 2025-10-21 09:48:49 CEST.
Flavor | Version | Tinstall | Tcheck | Ttotal | Status | Flags |
---|---|---|---|---|---|---|
r-devel-linux-x86_64-debian-clang | 1.2.1 | 3.93 | 73.27 | 77.20 | OK | |
r-devel-linux-x86_64-debian-gcc | 1.2.1 | 2.94 | 52.06 | 55.00 | NOTE | |
r-devel-linux-x86_64-fedora-clang | 1.2.1 | 119.89 | OK | |||
r-devel-linux-x86_64-fedora-gcc | 1.2.1 | 122.70 | OK | |||
r-devel-windows-x86_64 | 1.2.1 | 6.00 | 85.00 | 91.00 | OK | |
r-patched-linux-x86_64 | 1.2.1 | 4.25 | 66.31 | 70.56 | OK | |
r-release-linux-x86_64 | 1.2.1 | 3.22 | 65.48 | 68.70 | OK | |
r-release-macos-arm64 | 1.2.1 | 53.00 | OK | |||
r-release-macos-x86_64 | 1.2.1 | 104.00 | OK | |||
r-release-windows-x86_64 | 1.2.1 | 7.00 | 87.00 | 94.00 | OK | |
r-oldrel-macos-arm64 | 1.2.1 | 42.00 | OK | |||
r-oldrel-macos-x86_64 | 1.2.1 | 82.00 | OK | |||
r-oldrel-windows-x86_64 | 1.2.1 | 7.00 | 102.00 | 109.00 | OK |
Version: 1.2.1
Check: HTML version of manual
Result: NOTE
Found the following HTML validation problems:
faq-external-vector.html:127:1 (faq-external-vector.Rd:106): Warning: missing </ul> before </div>
one_of.html:53:1 (one_of.Rd:14): Warning: missing </ul> before </div>
peek_vars.html:72:1 (peek_vars.Rd:17): Warning: missing </ul> before </div>
tidyselect_data_proxy.html:60:1 (tidyselect_data_proxy.Rd:14): Warning: missing </ul> before </div>
where.html:146:1 (where.Rd:113): Warning: missing </ul> before </div>
Flavor: r-devel-linux-x86_64-debian-gcc