Last updated on 2025-10-21 09:48:49 CEST.
Flavor | Version | Tinstall | Tcheck | Ttotal | Status | Flags |
---|---|---|---|---|---|---|
r-devel-linux-x86_64-debian-clang | 1.0.0 | 8.92 | 96.55 | 105.47 | NOTE | |
r-devel-linux-x86_64-debian-gcc | 1.0.0 | 5.64 | 70.32 | 75.96 | NOTE | |
r-devel-linux-x86_64-fedora-clang | 1.0.0 | 173.08 | NOTE | |||
r-devel-linux-x86_64-fedora-gcc | 1.0.0 | 156.06 | NOTE | |||
r-devel-windows-x86_64 | 1.0.0 | 14.00 | 97.00 | 111.00 | NOTE | |
r-patched-linux-x86_64 | 1.0.0 | 8.69 | 91.69 | 100.38 | NOTE | |
r-release-linux-x86_64 | 1.0.0 | 7.51 | 90.94 | 98.45 | NOTE | |
r-release-macos-arm64 | 1.0.0 | 41.00 | NOTE | |||
r-release-macos-x86_64 | 1.0.0 | 78.00 | NOTE | |||
r-release-windows-x86_64 | 1.0.0 | 13.00 | 99.00 | 112.00 | NOTE | |
r-oldrel-macos-arm64 | 1.0.0 | 49.00 | OK | |||
r-oldrel-macos-x86_64 | 1.0.0 | 89.00 | OK | |||
r-oldrel-windows-x86_64 | 1.0.0 | 18.00 | 123.00 | 141.00 | OK |
Version: 1.0.0
Check: DESCRIPTION meta-information
Result: NOTE
Missing dependency on R >= 4.1.0 because package code uses the pipe
|> or function shorthand \(...) syntax added in R 4.1.0.
File(s) using such syntax:
‘tidymodl.R’ ‘tidymodl.Rd’
Flavors: r-devel-linux-x86_64-debian-clang, r-devel-linux-x86_64-debian-gcc, r-devel-linux-x86_64-fedora-clang, r-devel-linux-x86_64-fedora-gcc, r-devel-windows-x86_64, r-patched-linux-x86_64, r-release-linux-x86_64, r-release-macos-arm64, r-release-windows-x86_64
Version: 1.0.0
Check: HTML version of manual
Result: NOTE
Found the following HTML validation problems:
tidymodl.html:132:1 (tidymodl.Rd:100): Warning: <h5> anchor "Usage" already defined
tidymodl.html:138:1 (tidymodl.Rd:104): Warning: <h5> anchor "Arguments" already defined
tidymodl.html:218:1 (tidymodl.Rd:155): Warning: <h5> anchor "Returns" already defined
tidymodl.html:235:1 (tidymodl.Rd:164): Warning: <h5> anchor "Usage" already defined
tidymodl.html:251:1 (tidymodl.Rd:174): Warning: <h5> anchor "Usage" already defined
tidymodl.html:257:1 (tidymodl.Rd:178): Warning: <h5> anchor "Returns" already defined
tidymodl.html:275:1 (tidymodl.Rd:188): Warning: <h5> anchor "Usage" already defined
tidymodl.html:281:1 (tidymodl.Rd:192): Warning: <h5> anchor "Returns" already defined
tidymodl.html:299:1 (tidymodl.Rd:202): Warning: <h5> anchor "Usage" already defined
tidymodl.html:305:1 (tidymodl.Rd:206): Warning: <h5> anchor "Arguments" already defined
Flavor: r-devel-linux-x86_64-debian-gcc
Version: 1.0.0
Check: DESCRIPTION meta-information
Result: NOTE
Missing dependency on R >= 4.1.0 because package code uses the pipe
|> or function shorthand \(...) syntax added in R 4.1.0.
File(s) using such syntax:
‘tidymodl.R’
Flavor: r-release-macos-x86_64