Last updated on 2025-10-21 09:48:49 CEST.
Flavor | Version | Tinstall | Tcheck | Ttotal | Status | Flags |
---|---|---|---|---|---|---|
r-devel-linux-x86_64-debian-clang | 0.1-4 | 4.91 | 29.22 | 34.13 | OK | |
r-devel-linux-x86_64-debian-gcc | 0.1-4 | 3.52 | 23.40 | 26.92 | NOTE | |
r-devel-linux-x86_64-fedora-clang | 0.1-4 | 52.14 | OK | |||
r-devel-linux-x86_64-fedora-gcc | 0.1-4 | 46.83 | OK | |||
r-devel-windows-x86_64 | 0.1-4 | 7.00 | 47.00 | 54.00 | OK | |
r-patched-linux-x86_64 | 0.1-4 | 5.75 | 26.37 | 32.12 | OK | |
r-release-linux-x86_64 | 0.1-4 | 5.41 | 26.86 | 32.27 | OK | |
r-release-macos-arm64 | 0.1-4 | 27.00 | OK | |||
r-release-macos-x86_64 | 0.1-4 | 35.00 | OK | |||
r-release-windows-x86_64 | 0.1-4 | 7.00 | 49.00 | 56.00 | OK | |
r-oldrel-macos-arm64 | 0.1-4 | 20.00 | OK | |||
r-oldrel-macos-x86_64 | 0.1-4 | 31.00 | OK | |||
r-oldrel-windows-x86_64 | 0.1-4 | 9.00 | 56.00 | 65.00 | OK |
Version: 0.1-4
Check: HTML version of manual
Result: NOTE
Found the following HTML validation problems:
CatalogNode.html:138:1 (CatalogNode.Rd:101): Warning: <h5> anchor "Usage" already defined
CatalogNode.html:147:1 (CatalogNode.Rd:108): Warning: <h5> anchor "Arguments" already defined
CatalogNode.html:162:1 (CatalogNode.Rd:117): Warning: <h5> anchor "Returns" already defined
CatalogNode.html:179:1 (CatalogNode.Rd:126): Warning: <h5> anchor "Usage" already defined
CatalogNode.html:188:1 (CatalogNode.Rd:133): Warning: <h5> anchor "Arguments" already defined
CatalogNode.html:203:1 (CatalogNode.Rd:142): Warning: <h5> anchor "Returns" already defined
CatalogNode.html:220:1 (CatalogNode.Rd:151): Warning: <h5> anchor "Usage" already defined
CatalogNode.html:229:1 (CatalogNode.Rd:158): Warning: <h5> anchor "Arguments" already defined
CatalogNode.html:244:1 (CatalogNode.Rd:167): Warning: <h5> anchor "Returns" already defined
CatalogNode.html:261:1 (CatalogNode.Rd:176): Warning: <h5> anchor "Usage" already defined
CatalogNode.html:270:1 (CatalogNode.Rd:183): Warning: <h5> anchor "Arguments" already defined
CatalogNode.html:285:1 (CatalogNode.Rd:192): Warning: <h5> anchor "Returns" already defined
CatalogNode.html:303:1 (CatalogNode.Rd:202): Warning: <h5> anchor "Usage" already defined
CatalogNode.html:311:1 (CatalogNode.Rd:208): Warning: <h5> anchor "Arguments" already defined
CatalogNode.html:326:1 (CatalogNode.Rd:217): Warning: <h5> anchor "Returns" already defined
CatalogNode.html:344:1 (CatalogNode.Rd:227): Warning: <h5> anchor "Usage" already defined
CatalogNode.html:352:1 (CatalogNode.Rd:233): Warning: <h5> anchor "Arguments" already defined
CatalogNode.html:367:1 (CatalogNode.Rd:242): Warning: <h5> anchor "Returns" already defined
CatalogNode.html:384:1 (CatalogNode.Rd:251): Warning: <h5> anchor "Usage" already defined
CatalogNode.html:390:1 (CatalogNode.Rd:255): Warning: <h5> anchor "Arguments" already defined
CatalogNode.html:403:1 (CatalogNode.Rd:262): Warning: <h5> anchor "Returns" already defined
CatalogNode.html:420:1 (CatalogNode.Rd:271): Warning: <h5> anchor "Usage" already defined
CatalogNode.html:426:1 (CatalogNode.Rd:275): Warning: <h5> anchor "Arguments" already defined
CatalogNode.html:439:1 (CatalogNode.Rd:282): Warning: <h5> anchor "Returns" already defined
CatalogNode.html:456:1 (CatalogNode.Rd:291): Warning: <h5> anchor "Usage" already defined
CatalogNode.html:462:1 (CatalogNode.Rd:295): Warning: <h5> anchor "Arguments" already defined
CatalogNode.html:487:1 (CatalogNode.Rd:310): Warning: <h5> anchor "Usage" already defined
CatalogNode.html:493:1 (CatalogNode.Rd:314): Warning: <h5> anchor "Arguments" already defined
DatasetNode.html:127:1 (DatasetNode.Rd:69): Warning: <h5> anchor "Usage" already defined
DatasetNode.html:150:1 (DatasetNode.Rd:82): Warning: <h5> anchor "Usage" already defined
DatasetNode.html:160:1 (DatasetNode.Rd:90): Warning: <h5> anchor "Arguments" already defined
DatasetNode.html:178:1 (DatasetNode.Rd:102): Warning: <h5> anchor "Returns" already defined
DatasetNode.html:195:1 (DatasetNode.Rd:111): Warning: <h5> anchor "Usage" already defined
DatasetNode.html:201:1 (DatasetNode.Rd:115): Warning: <h5> anchor "Arguments" already defined
DatasetNode.html:214:1 (DatasetNode.Rd:122): Warning: <h5> anchor "Returns" already defined
DatasetNode.html:231:1 (DatasetNode.Rd:131): Warning: <h5> anchor "Usage" already defined
DatasetNode.html:237:1 (DatasetNode.Rd:135): Warning: <h5> anchor "Arguments" already defined
DatasetNode.html:262:1 (DatasetNode.Rd:150): Warning: <h5> anchor "Usage" already defined
DatasetNode.html:268:1 (DatasetNode.Rd:154): Warning: <h5> anchor "Arguments" already defined
ServiceNode.html:119:1 (ServiceNode.Rd:67): Warning: <h5> anchor "Usage" already defined
ServiceNode.html:125:1 (ServiceNode.Rd:71): Warning: <h5> anchor "Arguments" already defined
ServiceNode.html:150:1 (ServiceNode.Rd:86): Warning: <h5> anchor "Usage" already defined
ServiceNode.html:156:1 (ServiceNode.Rd:90): Warning: <h5> anchor "Arguments" already defined
ThreddsNode.html:139:1 (ThreddsNode.Rd:84): Warning: <h5> anchor "Usage" already defined
ThreddsNode.html:145:1 (ThreddsNode.Rd:88): Warning: <h5> anchor "Arguments" already defined
ThreddsNode.html:170:1 (ThreddsNode.Rd:103): Warning: <h5> anchor "Usage" already defined
ThreddsNode.html:193:1 (ThreddsNode.Rd:116): Warning: <h5> anchor "Usage" already defined
ThreddsNode.html:209:1 (ThreddsNode.Rd:126): Warning: <h5> anchor "Usage" already defined
ThreddsNode.html:215:1 (ThreddsNode.Rd:130): Warning: <h5> anchor "Arguments" already defined
ThreddsNode.html:228:1 (ThreddsNode.Rd:137): Warning: <h5> anchor "Returns" already defined
ThreddsNode.html:245:1 (ThreddsNode.Rd:146): Warning: <h5> anchor "Usage" already defined
ThreddsNode.html:251:1 (ThreddsNode.Rd:150): Warning: <h5> anchor "Arguments" already defined
Flavor: r-devel-linux-x86_64-debian-gcc