Last updated on 2025-02-21 09:51:03 CET.
Flavor | Version | Tinstall | Tcheck | Ttotal | Status | Flags |
---|---|---|---|---|---|---|
r-devel-linux-x86_64-debian-clang | 0.4.1 | 8.19 | 71.94 | 80.13 | OK | |
r-devel-linux-x86_64-debian-gcc | 0.4.1 | 5.62 | 53.56 | 59.18 | OK | |
r-devel-linux-x86_64-fedora-clang | 0.4.1 | 136.73 | OK | |||
r-devel-linux-x86_64-fedora-gcc | 0.4.1 | 139.52 | OK | |||
r-devel-macos-arm64 | 0.4.1 | 46.00 | OK | |||
r-devel-macos-x86_64 | 0.4.1 | 95.00 | OK | |||
r-devel-windows-x86_64 | 0.4.1 | 9.00 | 85.00 | 94.00 | OK | |
r-patched-linux-x86_64 | 0.4.1 | 7.18 | 67.02 | 74.20 | NOTE | |
r-release-linux-x86_64 | 0.4.1 | 7.84 | 67.21 | 75.05 | NOTE | |
r-release-macos-arm64 | 0.4.1 | 45.00 | NOTE | |||
r-release-macos-x86_64 | 0.4.1 | 68.00 | NOTE | |||
r-release-windows-x86_64 | 0.4.1 | 10.00 | 85.00 | 95.00 | NOTE | |
r-oldrel-macos-arm64 | 0.4.1 | 47.00 | NOTE | |||
r-oldrel-macos-x86_64 | 0.4.1 | 76.00 | NOTE | |||
r-oldrel-windows-x86_64 | 0.4.1 | 12.00 | 98.00 | 110.00 | NOTE |
Version: 0.4.1
Check: LazyData
Result: NOTE
'LazyData' is specified without a 'data' directory
Flavors: r-patched-linux-x86_64, r-release-linux-x86_64, r-release-macos-arm64, r-release-macos-x86_64, r-release-windows-x86_64, r-oldrel-macos-arm64, r-oldrel-macos-x86_64, r-oldrel-windows-x86_64