Last updated on 2025-10-21 09:48:49 CEST.
Flavor | Version | Tinstall | Tcheck | Ttotal | Status | Flags |
---|---|---|---|---|---|---|
r-devel-linux-x86_64-debian-clang | 2.18.0 | 20.80 | 89.05 | 109.85 | OK | |
r-devel-linux-x86_64-debian-gcc | 2.18.0 | 14.30 | 66.93 | 81.23 | NOTE | |
r-devel-linux-x86_64-fedora-clang | 2.18.0 | 183.79 | OK | |||
r-devel-linux-x86_64-fedora-gcc | 2.18.0 | 177.45 | OK | |||
r-devel-windows-x86_64 | 2.18.0 | 20.00 | 111.00 | 131.00 | OK | |
r-patched-linux-x86_64 | 2.18.0 | 21.09 | 85.22 | 106.31 | OK | |
r-release-linux-x86_64 | 2.18.0 | 19.23 | 84.94 | 104.17 | OK | |
r-release-macos-arm64 | 2.18.0 | 59.00 | OK | |||
r-release-macos-x86_64 | 2.18.0 | 115.00 | OK | |||
r-release-windows-x86_64 | 2.18.0 | 22.00 | 114.00 | 136.00 | OK | |
r-oldrel-macos-arm64 | 2.18.0 | 65.00 | OK | |||
r-oldrel-macos-x86_64 | 2.18.0 | 120.00 | OK | |||
r-oldrel-windows-x86_64 | 2.18.0 | 28.00 | 138.00 | 166.00 | OK |
Version: 2.18.0
Check: HTML version of manual
Result: NOTE
Found the following HTML validation problems:
dataset_unbatch.html:50:1 (dataset_unbatch.Rd:12): Warning: missing </ul> before </div>
delim_record_spec.html:118:1 (delim_record_spec.Rd:74): Warning: missing </ul> before </div>
range_dataset.html:62:1 (range_dataset.Rd:18): Warning: missing </ul> before </div>
Flavor: r-devel-linux-x86_64-debian-gcc