Last updated on 2025-10-21 09:48:49 CEST.
Flavor | Version | Tinstall | Tcheck | Ttotal | Status | Flags |
---|---|---|---|---|---|---|
r-devel-linux-x86_64-debian-clang | 0.10.0 | 15.65 | 140.14 | 155.79 | OK | |
r-devel-linux-x86_64-debian-gcc | 0.10.0 | 11.84 | 97.66 | 109.50 | NOTE | |
r-devel-linux-x86_64-fedora-clang | 0.10.0 | 261.58 | OK | |||
r-devel-linux-x86_64-fedora-gcc | 0.10.0 | 233.23 | OK | |||
r-devel-windows-x86_64 | 0.10.0 | 21.00 | 138.00 | 159.00 | OK | |
r-patched-linux-x86_64 | 0.10.0 | 18.68 | 132.77 | 151.45 | OK | |
r-release-linux-x86_64 | 0.10.0 | 16.37 | 132.70 | 149.07 | OK | |
r-release-macos-arm64 | 0.10.0 | 62.00 | OK | |||
r-release-macos-x86_64 | 0.10.0 | 112.00 | OK | |||
r-release-windows-x86_64 | 0.10.0 | 20.00 | 140.00 | 160.00 | OK | |
r-oldrel-macos-arm64 | 0.10.0 | 63.00 | NOTE | |||
r-oldrel-macos-x86_64 | 0.10.0 | 127.00 | NOTE | |||
r-oldrel-windows-x86_64 | 0.10.0 | 28.00 | 179.00 | 207.00 | OK |
Version: 0.10.0
Check: HTML version of manual
Result: NOTE
Found the following HTML validation problems:
Chol_samp_fun.html:66:1 (Chol_samp_fun.Rd:20): Warning: missing </ul> before </div>
GSR_Param.html:42:1 (GSR_Param.Rd:9): Warning: missing </ul> before </div>
TR_param.html:41:1 (TR_param.Rd:8): Warning: missing </ul> before </div>
UT2mat.html:50:1 (UT2mat.Rd:12): Warning: missing </ul> before </div>
estimate_template_FC.html:51:1 (estimate_template_FC.Rd:13): Warning: missing </ul> before </div>
format_activation_name.html:51:1 (format_activation_name.Rd:13): Warning: missing </ul> before </div>
hpf_param.html:49:1 (hpf_param.Rd:16): Warning: missing </ul> before </div>
removebs_template.html:50:1 (removebs_template.Rd:12): Warning: missing </ul> before </div>
scale_Param.html:43:1 (scale_Param.Rd:10): Warning: missing </ul> before </div>
struct_template.html:69:1 (struct_template.Rd:25): Warning: missing </ul> before </div>
varTol_Param.html:44:1 (varTol_Param.Rd:11): Warning: missing </ul> before </div>
Flavor: r-devel-linux-x86_64-debian-gcc
Version: 0.10.0
Check: package dependencies
Result: NOTE
Package suggested but not available for checking: ‘INLA’
Flavors: r-oldrel-macos-arm64, r-oldrel-macos-x86_64