Last updated on 2025-10-21 09:48:49 CEST.
Flavor | Version | Tinstall | Tcheck | Ttotal | Status | Flags |
---|---|---|---|---|---|---|
r-devel-linux-x86_64-debian-clang | 0.7.0 | 19.35 | 170.13 | 189.48 | OK | |
r-devel-linux-x86_64-debian-gcc | 0.7.0 | 12.22 | 120.52 | 132.74 | NOTE | |
r-devel-linux-x86_64-fedora-clang | 0.7.0 | 327.34 | OK | |||
r-devel-linux-x86_64-fedora-gcc | 0.7.0 | 295.50 | OK | |||
r-devel-windows-x86_64 | 0.7.0 | 21.00 | 194.00 | 215.00 | OK | |
r-patched-linux-x86_64 | 0.7.0 | 21.79 | 160.87 | 182.66 | OK | |
r-release-linux-x86_64 | 0.7.0 | 20.88 | 159.93 | 180.81 | OK | |
r-release-macos-arm64 | 0.7.0 | 86.00 | OK | |||
r-release-macos-x86_64 | 0.7.0 | 175.00 | OK | |||
r-release-windows-x86_64 | 0.7.0 | 20.00 | 198.00 | 218.00 | OK | |
r-oldrel-macos-arm64 | 0.7.0 | 90.00 | OK | |||
r-oldrel-macos-x86_64 | 0.7.0 | 180.00 | OK | |||
r-oldrel-windows-x86_64 | 0.7.0 | 28.00 | 254.00 | 282.00 | OK |
Version: 0.7.0
Check: HTML version of manual
Result: NOTE
Found the following HTML validation problems:
ChoicesFilterState.html:148:1 (ChoicesFilterState.Rd:196): Warning: <h5> anchor "Usage" already defined
ChoicesFilterState.html:154:1 (ChoicesFilterState.Rd:200): Warning: <h5> anchor "Arguments" already defined
ChoicesFilterState.html:167:1 (ChoicesFilterState.Rd:207): Warning: <h5> anchor "Returns" already defined
ChoicesFilterState.html:184:1 (ChoicesFilterState.Rd:216): Warning: <h5> anchor "Usage" already defined
ChoicesFilterState.html:190:1 (ChoicesFilterState.Rd:220): Warning: <h5> anchor "Arguments" already defined
DFFilterStates.html:134:1 (DFFilterStates.Rd:235): Warning: <h5> anchor "Usage" already defined
DFFilterStates.html:140:1 (DFFilterStates.Rd:239): Warning: <h5> anchor "Arguments" already defined
DataframeFilteredDataset.html:167:1 (DataframeFilteredDataset.Rd:133): Warning: <h5> anchor "Usage" already defined
DataframeFilteredDataset.html:173:1 (DataframeFilteredDataset.Rd:137): Warning: <h5> anchor "Arguments" already defined
DataframeFilteredDataset.html:188:1 (DataframeFilteredDataset.Rd:146): Warning: <h5> anchor "Returns" already defined
DataframeFilteredDataset.html:205:1 (DataframeFilteredDataset.Rd:155): Warning: <h5> anchor "Usage" already defined
DataframeFilteredDataset.html:211:1 (DataframeFilteredDataset.Rd:159): Warning: <h5> anchor "Arguments" already defined
DataframeFilteredDataset.html:224:1 (DataframeFilteredDataset.Rd:166): Warning: <h5> anchor "Returns" already defined
DataframeFilteredDataset.html:241:1 (DataframeFilteredDataset.Rd:175): Warning: <h5> anchor "Usage" already defined
DataframeFilteredDataset.html:247:1 (DataframeFilteredDataset.Rd:179): Warning: <h5> anchor "Arguments" already defined
DataframeFilteredDataset.html:262:1 (DataframeFilteredDataset.Rd:188): Warning: <h5> anchor "Returns" already defined
DataframeFilteredDataset.html:279:1 (DataframeFilteredDataset.Rd:197): Warning: <h5> anchor "Usage" already defined
DataframeFilteredDataset.html:285:1 (DataframeFilteredDataset.Rd:201): Warning: <h5> anchor "Arguments" already defined
DataframeFilteredDataset.html:299:1 (DataframeFilteredDataset.Rd:209): Warning: <h5> anchor "Returns" already defined
DataframeFilteredDataset.html:317:1 (DataframeFilteredDataset.Rd:219): Warning: <h5> anchor "Usage" already defined
DataframeFilteredDataset.html:323:1 (DataframeFilteredDataset.Rd:223): Warning: <h5> anchor "Returns" already defined
DataframeFilteredDataset.html:340:1 (DataframeFilteredDataset.Rd:232): Warning: <h5> anchor "Usage" already defined
DataframeFilteredDataset.html:346:1 (DataframeFilteredDataset.Rd:236): Warning: <h5> anchor "Arguments" already defined
DateFilterState.html:148:1 (DateFilterState.Rd:190): Warning: <h5> anchor "Usage" already defined
DateFilterState.html:154:1 (DateFilterState.Rd:194): Warning: <h5> anchor "Arguments" already defined
DateFilterState.html:167:1 (DateFilterState.Rd:201): Warning: <h5> anchor "Returns" already defined
DateFilterState.html:184:1 (DateFilterState.Rd:210): Warning: <h5> anchor "Usage" already defined
DateFilterState.html:190:1 (DateFilterState.Rd:214): Warning: <h5> anchor "Arguments" already defined
DatetimeFilterState.html:152:1 (DatetimeFilterState.Rd:200): Warning: <h5> anchor "Usage" already defined
DatetimeFilterState.html:158:1 (DatetimeFilterState.Rd:204): Warning: <h5> anchor "Arguments" already defined
DatetimeFilterState.html:171:1 (DatetimeFilterState.Rd:211): Warning: <h5> anchor "Returns" already defined
DatetimeFilterState.html:188:1 (DatetimeFilterState.Rd:220): Warning: <h5> anchor "Usage" already defined
DatetimeFilterState.html:194:1 (DatetimeFilterState.Rd:224): Warning: <h5> anchor "Arguments" already defined
DefaultFilteredDataset.html:140:1 (DefaultFilteredDataset.Rd:85): Warning: <h5> anchor "Usage" already defined
DefaultFilteredDataset.html:146:1 (DefaultFilteredDataset.Rd:89): Warning: <h5> anchor "Arguments" already defined
DefaultFilteredDataset.html:161:1 (DefaultFilteredDataset.Rd:98): Warning: <h5> anchor "Returns" already defined
DefaultFilteredDataset.html:176:1 (DefaultFilteredDataset.Rd:106): Warning: <h5> anchor "Usage" already defined
DefaultFilteredDataset.html:182:1 (DefaultFilteredDataset.Rd:110): Warning: <h5> anchor "Arguments" already defined
DefaultFilteredDataset.html:195:1 (DefaultFilteredDataset.Rd:117): Warning: <h5> anchor "Returns" already defined
DefaultFilteredDataset.html:210:1 (DefaultFilteredDataset.Rd:125): Warning: <h5> anchor "Usage" already defined
DefaultFilteredDataset.html:216:1 (DefaultFilteredDataset.Rd:129): Warning: <h5> anchor "Returns" already defined
DefaultFilteredDataset.html:231:1 (DefaultFilteredDataset.Rd:137): Warning: <h5> anchor "Usage" already defined
DefaultFilteredDataset.html:237:1 (DefaultFilteredDataset.Rd:141): Warning: <h5> anchor "Arguments" already defined
DefaultFilteredDataset.html:250:1 (DefaultFilteredDataset.Rd:148): Warning: <h5> anchor "Returns" already defined
DefaultFilteredDataset.html:265:1 (DefaultFilteredDataset.Rd:156): Warning: <h5> anchor "Usage" already defined
DefaultFilteredDataset.html:271:1 (DefaultFilteredDataset.Rd:160): Warning: <h5> anchor "Arguments" already defined
DefaultFilteredDataset.html:284:1 (DefaultFilteredDataset.Rd:167): Warning: <h5> anchor "Returns" already defined
DefaultFilteredDataset.html:302:1 (DefaultFilteredDataset.Rd:177): Warning: <h5> anchor "Usage" already defined
DefaultFilteredDataset.html:308:1 (DefaultFilteredDataset.Rd:181): Warning: <h5> anchor "Returns" already defined
DefaultFilteredDataset.html:325:1 (DefaultFilteredDataset.Rd:190): Warning: <h5> anchor "Usage" already defined
DefaultFilteredDataset.html:331:1 (DefaultFilteredDataset.Rd:194): Warning: <h5> anchor "Arguments" already defined
DefaultFilteredDataset.html:354:1 (DefaultFilteredDataset.Rd:208): Warning: <h5> anchor "Returns" already defined
DefaultFilteredDataset.html:371:1 (DefaultFilteredDataset.Rd:217): Warning: <h5> anchor "Usage" already defined
DefaultFilteredDataset.html:377:1 (DefaultFilteredDataset.Rd:221): Warning: <h5> anchor "Arguments" already defined
DefaultFilteredDataset.html:391:1 (DefaultFilteredDataset.Rd:229): Warning: <h5> anchor "Details" already defined
DefaultFilteredDataset.html:398:1 (DefaultFilteredDataset.Rd:233): Warning: <h5> anchor "Returns" already defined
DefaultFilteredDataset.html:415:1 (DefaultFilteredDataset.Rd:242): Warning: <h5> anchor "Usage" already defined
DefaultFilteredDataset.html:421:1 (DefaultFilteredDataset.Rd:246): Warning: <h5> anchor "Arguments" already defined
EmptyFilterState.html:147:1 (EmptyFilterState.Rd:105): Warning: <h5> anchor "Usage" already defined
EmptyFilterState.html:153:1 (EmptyFilterState.Rd:109): Warning: <h5> anchor "Arguments" already defined
EmptyFilterState.html:166:1 (EmptyFilterState.Rd:116): Warning: <h5> anchor "Returns" already defined
EmptyFilterState.html:183:1 (EmptyFilterState.Rd:125): Warning: <h5> anchor "Usage" already defined
EmptyFilterState.html:189:1 (EmptyFilterState.Rd:129): Warning: <h5> anchor "Arguments" already defined
FilterPanelAPI.html:109:1 (FilterPanelAPI.Rd:81): Warning: <h5> anchor "Usage" already defined
FilterPanelAPI.html:132:1 (FilterPanelAPI.Rd:94): Warning: <h5> anchor "Usage" already defined
FilterPanelAPI.html:138:1 (FilterPanelAPI.Rd:98): Warning: <h5> anchor "Arguments" already defined
FilterPanelAPI.html:151:1 (FilterPanelAPI.Rd:105): Warning: <h5> anchor "Returns" already defined
FilterPanelAPI.html:168:1 (FilterPanelAPI.Rd:114): Warning: <h5> anchor "Usage" already defined
FilterPanelAPI.html:174:1 (FilterPanelAPI.Rd:118): Warning: <h5> anchor "Arguments" already defined
FilterPanelAPI.html:189:1 (FilterPanelAPI.Rd:127): Warning: <h5> anchor "Returns" already defined
FilterPanelAPI.html:206:1 (FilterPanelAPI.Rd:136): Warning: <h5> anchor "Usage" already defined
FilterPanelAPI.html:212:1 (FilterPanelAPI.Rd:140): Warning: <h5> anchor "Arguments" already defined
FilterPanelAPI.html:227:1 (FilterPanelAPI.Rd:149): Warning: <h5> anchor "Returns" already defined
FilterPanelAPI.html:244:1 (FilterPanelAPI.Rd:158): Warning: <h5> anchor "Usage" already defined
FilterPanelAPI.html:250:1 (FilterPanelAPI.Rd:162): Warning: <h5> anchor "Arguments" already defined
FilterState.html:479:1 (FilterState.Rd:268): Warning: missing </ul> before </div>
FilterState.html:213:1 (FilterState.Rd:113): Warning: <h5> anchor "Usage" already defined
FilterState.html:229:1 (FilterState.Rd:123): Warning: <h5> anchor "Usage" already defined
FilterState.html:235:1 (FilterState.Rd:127): Warning: <h5> anchor "Arguments" already defined
FilterState.html:250:1 (FilterState.Rd:136): Warning: <h5> anchor "Returns" already defined
FilterState.html:267:1 (FilterState.Rd:145): Warning: <h5> anchor "Usage" already defined
FilterState.html:273:1 (FilterState.Rd:149): Warning: <h5> anchor "Arguments" already defined
FilterState.html:305:1 (FilterState.Rd:166): Warning: <h5> anchor "Usage" already defined
FilterState.html:311:1 (FilterState.Rd:170): Warning: <h5> anchor "Arguments" already defined
FilterState.html:324:1 (FilterState.Rd:177): Warning: <h5> anchor "Returns" already defined
FilterState.html:341:1 (FilterState.Rd:186): Warning: <h5> anchor "Usage" already defined
FilterState.html:347:1 (FilterState.Rd:190): Warning: <h5> anchor "Returns" already defined
FilterState.html:367:1 (FilterState.Rd:202): Warning: <h5> anchor "Usage" already defined
FilterState.html:383:1 (FilterState.Rd:212): Warning: <h5> anchor "Usage" already defined
FilterState.html:389:1 (FilterState.Rd:216): Warning: <h5> anchor "Arguments" already defined
FilterState.html:406:1 (FilterState.Rd:227): Warning: <h5> anchor "Returns" already defined
FilterState.html:424:1 (FilterState.Rd:237): Warning: <h5> anchor "Usage" already defined
FilterState.html:430:1 (FilterState.Rd:241): Warning: <h5> anchor "Arguments" already defined
FilterState.html:456:1 (FilterState.Rd:257): Warning: <h5> anchor "Usage" already defined
FilterState.html:462:1 (FilterState.Rd:261): Warning: <h5> anchor "Arguments" already defined
FilterStateExpr.html:122:1 (FilterStateExpr.Rd:109): Warning: <h5> anchor "Usage" already defined
FilterStateExpr.html:138:1 (FilterStateExpr.Rd:119): Warning: <h5> anchor "Usage" already defined
FilterStateExpr.html:144:1 (FilterStateExpr.Rd:123): Warning: <h5> anchor "Arguments" already defined
FilterStateExpr.html:159:1 (FilterStateExpr.Rd:132): Warning: <h5> anchor "Returns" already defined
FilterStateExpr.html:176:1 (FilterStateExpr.Rd:141): Warning: <h5> anchor "Usage" already defined
FilterStateExpr.html:182:1 (FilterStateExpr.Rd:145): Warning: <h5> anchor "Arguments" already defined
FilterStateExpr.html:195:1 (FilterStateExpr.Rd:152): Warning: <h5> anchor "Returns" already defined
FilterStateExpr.html:212:1 (FilterStateExpr.Rd:161): Warning: <h5> anchor "Usage" already defined
FilterStateExpr.html:218:1 (FilterStateExpr.Rd:165): Warning: <h5> anchor "Returns" already defined
FilterStateExpr.html:235:1 (FilterStateExpr.Rd:174): Warning: <h5> anchor "Usage" already defined
FilterStateExpr.html:241:1 (FilterStateExpr.Rd:178): Warning: <h5> anchor "Arguments" already defined
FilterStateExpr.html:254:1 (FilterStateExpr.Rd:185): Warning: <h5> anchor "Returns" already defined
FilterStateExpr.html:271:1 (FilterStateExpr.Rd:194): Warning: <h5> anchor "Usage" already defined
FilterStateExpr.html:277:1 (FilterStateExpr.Rd:198): Warning: <h5> anchor "Arguments" already defined
FilterStateExpr.html:295:1 (FilterStateExpr.Rd:210): Warning: <h5> anchor "Returns" already defined
FilterStateExpr.html:312:1 (FilterStateExpr.Rd:219): Warning: <h5> anchor "Usage" already defined
FilterStateExpr.html:318:1 (FilterStateExpr.Rd:223): Warning: <h5> anchor "Arguments" already defined
FilterStateExpr.html:335:1 (FilterStateExpr.Rd:234): Warning: <h5> anchor "Returns" already defined
FilterStateExpr.html:353:1 (FilterStateExpr.Rd:244): Warning: <h5> anchor "Usage" already defined
FilterStateExpr.html:359:1 (FilterStateExpr.Rd:248): Warning: <h5> anchor "Arguments" already defined
FilterStateExpr.html:386:1 (FilterStateExpr.Rd:265): Warning: <h5> anchor "Usage" already defined
FilterStateExpr.html:392:1 (FilterStateExpr.Rd:269): Warning: <h5> anchor "Arguments" already defined
FilterStates.html:630:1 (FilterStates.Rd:371): Warning: missing </ul> before </div>
FilterStates.html:158:1 (FilterStates.Rd:87): Warning: <h5> anchor "Usage" already defined
FilterStates.html:174:1 (FilterStates.Rd:97): Warning: <h5> anchor "Usage" already defined
FilterStates.html:180:1 (FilterStates.Rd:101): Warning: <h5> anchor "Arguments" already defined
FilterStates.html:195:1 (FilterStates.Rd:110): Warning: <h5> anchor "Returns" already defined
FilterStates.html:250:1 (FilterStates.Rd:153): Warning: <h5> anchor "Usage" already defined
FilterStates.html:256:1 (FilterStates.Rd:157): Warning: <h5> anchor "Arguments" already defined
FilterStates.html:271:1 (FilterStates.Rd:166): Warning: <h5> anchor "Returns" already defined
FilterStates.html:288:1 (FilterStates.Rd:175): Warning: <h5> anchor "Usage" already defined
FilterStates.html:294:1 (FilterStates.Rd:179): Warning: <h5> anchor "Arguments" already defined
FilterStates.html:317:1 (FilterStates.Rd:192): Warning: <h5> anchor "Usage" already defined
FilterStates.html:323:1 (FilterStates.Rd:196): Warning: <h5> anchor "Arguments" already defined
FilterStates.html:338:1 (FilterStates.Rd:205): Warning: <h5> anchor "Returns" already defined
FilterStates.html:358:1 (FilterStates.Rd:217): Warning: <h5> anchor "Usage" already defined
FilterStates.html:364:1 (FilterStates.Rd:221): Warning: <h5> anchor "Returns" already defined
FilterStates.html:381:1 (FilterStates.Rd:230): Warning: <h5> anchor "Usage" already defined
FilterStates.html:387:1 (FilterStates.Rd:234): Warning: <h5> anchor "Arguments" already defined
FilterStates.html:400:1 (FilterStates.Rd:241): Warning: <h5> anchor "Returns" already defined
FilterStates.html:417:1 (FilterStates.Rd:250): Warning: <h5> anchor "Usage" already defined
FilterStates.html:423:1 (FilterStates.Rd:254): Warning: <h5> anchor "Arguments" already defined
FilterStates.html:437:1 (FilterStates.Rd:262): Warning: <h5> anchor "Returns" already defined
FilterStates.html:455:1 (FilterStates.Rd:272): Warning: <h5> anchor "Usage" already defined
FilterStates.html:461:1 (FilterStates.Rd:276): Warning: <h5> anchor "Arguments" already defined
FilterStates.html:475:1 (FilterStates.Rd:284): Warning: <h5> anchor "Returns" already defined
FilterStates.html:492:1 (FilterStates.Rd:293): Warning: <h5> anchor "Usage" already defined
FilterStates.html:498:1 (FilterStates.Rd:297): Warning: <h5> anchor "Arguments" already defined
FilterStates.html:512:1 (FilterStates.Rd:305): Warning: <h5> anchor "Returns" already defined
FilterStates.html:529:1 (FilterStates.Rd:314): Warning: <h5> anchor "Usage" already defined
FilterStates.html:535:1 (FilterStates.Rd:318): Warning: <h5> anchor "Arguments" already defined
FilterStates.html:549:1 (FilterStates.Rd:326): Warning: <h5> anchor "Returns" already defined
FilterStates.html:570:1 (FilterStates.Rd:339): Warning: <h5> anchor "Usage" already defined
FilterStates.html:576:1 (FilterStates.Rd:343): Warning: <h5> anchor "Arguments" already defined
FilterStates.html:590:1 (FilterStates.Rd:351): Warning: <h5> anchor "Returns" already defined
FilterStates.html:607:1 (FilterStates.Rd:360): Warning: <h5> anchor "Usage" already defined
FilterStates.html:613:1 (FilterStates.Rd:364): Warning: <h5> anchor "Arguments" already defined
FilteredData.html:210:1 (FilteredData.Rd:153): Warning: <h5> anchor "Usage" already defined
FilteredData.html:226:1 (FilteredData.Rd:163): Warning: <h5> anchor "Usage" already defined
FilteredData.html:257:1 (FilteredData.Rd:181): Warning: <h5> anchor "Usage" already defined
FilteredData.html:263:1 (FilteredData.Rd:185): Warning: <h5> anchor "Arguments" already defined
FilteredData.html:276:1 (FilteredData.Rd:192): Warning: <h5> anchor "Returns" already defined
FilteredData.html:293:1 (FilteredData.Rd:201): Warning: <h5> anchor "Usage" already defined
FilteredData.html:299:1 (FilteredData.Rd:205): Warning: <h5> anchor "Arguments" already defined
FilteredData.html:313:1 (FilteredData.Rd:213): Warning: <h5> anchor "Details" already defined
FilteredData.html:324:1 (FilteredData.Rd:221): Warning: <h5> anchor "Returns" already defined
FilteredData.html:341:1 (FilteredData.Rd:230): Warning: <h5> anchor "Usage" already defined
FilteredData.html:347:1 (FilteredData.Rd:234): Warning: <h5> anchor "Details" already defined
FilteredData.html:356:1 (FilteredData.Rd:240): Warning: <h5> anchor "Returns" already defined
FilteredData.html:373:1 (FilteredData.Rd:249): Warning: <h5> anchor "Usage" already defined
FilteredData.html:379:1 (FilteredData.Rd:253): Warning: <h5> anchor "Arguments" already defined
FilteredData.html:392:1 (FilteredData.Rd:260): Warning: <h5> anchor "Details" already defined
FilteredData.html:412:1 (FilteredData.Rd:277): Warning: <h5> anchor "Returns" already defined
FilteredData.html:431:1 (FilteredData.Rd:288): Warning: <h5> anchor "Usage" already defined
FilteredData.html:437:1 (FilteredData.Rd:292): Warning: <h5> anchor "Arguments" already defined
FilteredData.html:452:1 (FilteredData.Rd:301): Warning: <h5> anchor "Returns" already defined
FilteredData.html:469:1 (FilteredData.Rd:310): Warning: <h5> anchor "Usage" already defined
FilteredData.html:475:1 (FilteredData.Rd:314): Warning: <h5> anchor "Returns" already defined
FilteredData.html:494:1 (FilteredData.Rd:325): Warning: <h5> anchor "Usage" already defined
FilteredData.html:500:1 (FilteredData.Rd:329): Warning: <h5> anchor "Arguments" already defined
FilteredData.html:513:1 (FilteredData.Rd:336): Warning: <h5> anchor "Returns" already defined
FilteredData.html:530:1 (FilteredData.Rd:345): Warning: <h5> anchor "Usage" already defined
FilteredData.html:536:1 (FilteredData.Rd:349): Warning: <h5> anchor "Arguments" already defined
FilteredData.html:549:1 (FilteredData.Rd:356): Warning: <h5> anchor "Returns" already defined
FilteredData.html:566:1 (FilteredData.Rd:365): Warning: <h5> anchor "Usage" already defined
FilteredData.html:572:1 (FilteredData.Rd:369): Warning: <h5> anchor "Arguments" already defined
FilteredData.html:589:1 (FilteredData.Rd:380): Warning: <h5> anchor "Details" already defined
FilteredData.html:600:1 (FilteredData.Rd:388): Warning: <h5> anchor "Returns" already defined
FilteredData.html:617:1 (FilteredData.Rd:397): Warning: <h5> anchor "Usage" already defined
FilteredData.html:623:1 (FilteredData.Rd:401): Warning: <h5> anchor "Arguments" already defined
FilteredData.html:636:1 (FilteredData.Rd:408): Warning: <h5> anchor "Returns" already defined
FilteredData.html:653:1 (FilteredData.Rd:417): Warning: <h5> anchor "Usage" already defined
FilteredData.html:659:1 (FilteredData.Rd:421): Warning: <h5> anchor "Returns" already defined
FilteredData.html:676:1 (FilteredData.Rd:430): Warning: <h5> anchor "Usage" already defined
FilteredData.html:682:1 (FilteredData.Rd:434): Warning: <h5> anchor "Arguments" already defined
FilteredData.html:697:1 (FilteredData.Rd:443): Warning: <h5> anchor "Returns" already defined
FilteredData.html:714:1 (FilteredData.Rd:452): Warning: <h5> anchor "Usage" already defined
FilteredData.html:720:1 (FilteredData.Rd:456): Warning: <h5> anchor "Arguments" already defined
FilteredData.html:743:1 (FilteredData.Rd:469): Warning: <h5> anchor "Usage" already defined
FilteredData.html:749:1 (FilteredData.Rd:473): Warning: <h5> anchor "Arguments" already defined
FilteredData.html:762:1 (FilteredData.Rd:480): Warning: <h5> anchor "Returns" already defined
FilteredData.html:779:1 (FilteredData.Rd:489): Warning: <h5> anchor "Usage" already defined
FilteredData.html:785:1 (FilteredData.Rd:493): Warning: <h5> anchor "Arguments" already defined
FilteredData.html:800:1 (FilteredData.Rd:502): Warning: <h5> anchor "Returns" already defined
FilteredData.html:817:1 (FilteredData.Rd:511): Warning: <h5> anchor "Usage" already defined
FilteredData.html:823:1 (FilteredData.Rd:515): Warning: <h5> anchor "Arguments" already defined
FilteredData.html:841:1 (FilteredData.Rd:527): Warning: <h5> anchor "Returns" already defined
FilteredData.html:859:1 (FilteredData.Rd:537): Warning: <h5> anchor "Usage" already defined
FilteredData.html:865:1 (FilteredData.Rd:541): Warning: <h5> anchor "Arguments" already defined
FilteredData.html:882:1 (FilteredData.Rd:552): Warning: <h5> anchor "Returns" already defined
FilteredData.html:899:1 (FilteredData.Rd:561): Warning: <h5> anchor "Usage" already defined
FilteredData.html:905:1 (FilteredData.Rd:565): Warning: <h5> anchor "Arguments" already defined
FilteredData.html:925:1 (FilteredData.Rd:579): Warning: <h5> anchor "Returns" already defined
FilteredData.html:942:1 (FilteredData.Rd:588): Warning: <h5> anchor "Usage" already defined
FilteredData.html:948:1 (FilteredData.Rd:592): Warning: <h5> anchor "Arguments" already defined
FilteredData.html:965:1 (FilteredData.Rd:603): Warning: <h5> anchor "Returns" already defined
FilteredData.html:982:1 (FilteredData.Rd:612): Warning: <h5> anchor "Usage" already defined
FilteredData.html:988:1 (FilteredData.Rd:616): Warning: <h5> anchor "Arguments" already defined
FilteredData.html:1005:1 (FilteredData.Rd:627): Warning: <h5> anchor "Returns" already defined
FilteredData.html:1027:1 (FilteredData.Rd:641): Warning: <h5> anchor "Usage" already defined
FilteredData.html:1033:1 (FilteredData.Rd:645): Warning: <h5> anchor "Arguments" already defined
FilteredData.html:1058:1 (FilteredData.Rd:660): Warning: <h5> anchor "Usage" already defined
FilteredData.html:1064:1 (FilteredData.Rd:664): Warning: <h5> anchor "Arguments" already defined
FilteredData.html:1084:1 (FilteredData.Rd:678): Warning: <h5> anchor "Returns" already defined
FilteredData.html:1101:1 (FilteredData.Rd:687): Warning: <h5> anchor "Usage" already defined
FilteredData.html:1107:1 (FilteredData.Rd:691): Warning: <h5> anchor "Arguments" already defined
FilteredDataset.html:680:1 (FilteredDataset.Rd:377): Warning: missing </ul> before </div>
FilteredDataset.html:156:1 (FilteredDataset.Rd:77): Warning: <h5> anchor "Usage" already defined
FilteredDataset.html:172:1 (FilteredDataset.Rd:87): Warning: <h5> anchor "Usage" already defined
FilteredDataset.html:178:1 (FilteredDataset.Rd:91): Warning: <h5> anchor "Arguments" already defined
FilteredDataset.html:193:1 (FilteredDataset.Rd:100): Warning: <h5> anchor "Returns" already defined
FilteredDataset.html:210:1 (FilteredDataset.Rd:109): Warning: <h5> anchor "Usage" already defined
FilteredDataset.html:216:1 (FilteredDataset.Rd:113): Warning: <h5> anchor "Arguments" already defined
FilteredDataset.html:239:1 (FilteredDataset.Rd:126): Warning: <h5> anchor "Usage" already defined
FilteredDataset.html:245:1 (FilteredDataset.Rd:130): Warning: <h5> anchor "Arguments" already defined
FilteredDataset.html:259:1 (FilteredDataset.Rd:138): Warning: <h5> anchor "Returns" already defined
FilteredDataset.html:280:1 (FilteredDataset.Rd:151): Warning: <h5> anchor "Usage" already defined
FilteredDataset.html:286:1 (FilteredDataset.Rd:155): Warning: <h5> anchor "Arguments" already defined
FilteredDataset.html:301:1 (FilteredDataset.Rd:164): Warning: <h5> anchor "Returns" already defined
FilteredDataset.html:318:1 (FilteredDataset.Rd:173): Warning: <h5> anchor "Usage" already defined
FilteredDataset.html:324:1 (FilteredDataset.Rd:177): Warning: <h5> anchor "Returns" already defined
FilteredDataset.html:341:1 (FilteredDataset.Rd:186): Warning: <h5> anchor "Usage" already defined
FilteredDataset.html:347:1 (FilteredDataset.Rd:190): Warning: <h5> anchor "Arguments" already defined
FilteredDataset.html:360:1 (FilteredDataset.Rd:197): Warning: <h5> anchor "Returns" already defined
FilteredDataset.html:377:1 (FilteredDataset.Rd:206): Warning: <h5> anchor "Usage" already defined
FilteredDataset.html:383:1 (FilteredDataset.Rd:210): Warning: <h5> anchor "Returns" already defined
FilteredDataset.html:400:1 (FilteredDataset.Rd:219): Warning: <h5> anchor "Usage" already defined
FilteredDataset.html:406:1 (FilteredDataset.Rd:223): Warning: <h5> anchor "Arguments" already defined
FilteredDataset.html:419:1 (FilteredDataset.Rd:230): Warning: <h5> anchor "Returns" already defined
FilteredDataset.html:437:1 (FilteredDataset.Rd:240): Warning: <h5> anchor "Usage" already defined
FilteredDataset.html:443:1 (FilteredDataset.Rd:244): Warning: <h5> anchor "Returns" already defined
FilteredDataset.html:460:1 (FilteredDataset.Rd:253): Warning: <h5> anchor "Usage" already defined
FilteredDataset.html:466:1 (FilteredDataset.Rd:257): Warning: <h5> anchor "Returns" already defined
FilteredDataset.html:483:1 (FilteredDataset.Rd:266): Warning: <h5> anchor "Usage" already defined
FilteredDataset.html:489:1 (FilteredDataset.Rd:270): Warning: <h5> anchor "Returns" already defined
FilteredDataset.html:506:1 (FilteredDataset.Rd:279): Warning: <h5> anchor "Usage" already defined
FilteredDataset.html:512:1 (FilteredDataset.Rd:283): Warning: <h5> anchor "Arguments" already defined
FilteredDataset.html:526:1 (FilteredDataset.Rd:291): Warning: <h5> anchor "Returns" already defined
FilteredDataset.html:543:1 (FilteredDataset.Rd:300): Warning: <h5> anchor "Usage" already defined
FilteredDataset.html:549:1 (FilteredDataset.Rd:304): Warning: <h5> anchor "Arguments" already defined
FilteredDataset.html:563:1 (FilteredDataset.Rd:312): Warning: <h5> anchor "Returns" already defined
FilteredDataset.html:580:1 (FilteredDataset.Rd:321): Warning: <h5> anchor "Usage" already defined
FilteredDataset.html:586:1 (FilteredDataset.Rd:325): Warning: <h5> anchor "Arguments" already defined
FilteredDataset.html:600:1 (FilteredDataset.Rd:333): Warning: <h5> anchor "Returns" already defined
FilteredDataset.html:620:1 (FilteredDataset.Rd:345): Warning: <h5> anchor "Usage" already defined
FilteredDataset.html:626:1 (FilteredDataset.Rd:349): Warning: <h5> anchor "Arguments" already defined
FilteredDataset.html:640:1 (FilteredDataset.Rd:357): Warning: <h5> anchor "Returns" already defined
FilteredDataset.html:657:1 (FilteredDataset.Rd:366): Warning: <h5> anchor "Usage" already defined
FilteredDataset.html:663:1 (FilteredDataset.Rd:370): Warning: <h5> anchor "Arguments" already defined
LogicalFilterState.html:147:1 (LogicalFilterState.Rd:175): Warning: <h5> anchor "Usage" already defined
LogicalFilterState.html:153:1 (LogicalFilterState.Rd:179): Warning: <h5> anchor "Arguments" already defined
LogicalFilterState.html:166:1 (LogicalFilterState.Rd:186): Warning: <h5> anchor "Returns" already defined
LogicalFilterState.html:183:1 (LogicalFilterState.Rd:195): Warning: <h5> anchor "Usage" already defined
LogicalFilterState.html:189:1 (LogicalFilterState.Rd:199): Warning: <h5> anchor "Arguments" already defined
MAEFilterStates.html:156:1 (MAEFilterStates.Rd:98): Warning: missing </ul> before </div>
MAEFilterStates.html:133:1 (MAEFilterStates.Rd:87): Warning: <h5> anchor "Usage" already defined
MAEFilterStates.html:139:1 (MAEFilterStates.Rd:91): Warning: <h5> anchor "Arguments" already defined
MAEFilteredDataset.html:144:1 (MAEFilteredDataset.Rd:113): Warning: <h5> anchor "Usage" already defined
MAEFilteredDataset.html:150:1 (MAEFilteredDataset.Rd:117): Warning: <h5> anchor "Arguments" already defined
MAEFilteredDataset.html:163:1 (MAEFilteredDataset.Rd:124): Warning: <h5> anchor "Returns" already defined
MAEFilteredDataset.html:180:1 (MAEFilteredDataset.Rd:133): Warning: <h5> anchor "Usage" already defined
MAEFilteredDataset.html:186:1 (MAEFilteredDataset.Rd:137): Warning: <h5> anchor "Arguments" already defined
MAEFilteredDataset.html:201:1 (MAEFilteredDataset.Rd:146): Warning: <h5> anchor "Returns" already defined
MAEFilteredDataset.html:218:1 (MAEFilteredDataset.Rd:155): Warning: <h5> anchor "Usage" already defined
MAEFilteredDataset.html:224:1 (MAEFilteredDataset.Rd:159): Warning: <h5> anchor "Arguments" already defined
MAEFilteredDataset.html:238:1 (MAEFilteredDataset.Rd:167): Warning: <h5> anchor "Returns" already defined
MAEFilteredDataset.html:256:1 (MAEFilteredDataset.Rd:177): Warning: <h5> anchor "Usage" already defined
MAEFilteredDataset.html:262:1 (MAEFilteredDataset.Rd:181): Warning: <h5> anchor "Returns" already defined
MAEFilteredDataset.html:279:1 (MAEFilteredDataset.Rd:190): Warning: <h5> anchor "Usage" already defined
MAEFilteredDataset.html:285:1 (MAEFilteredDataset.Rd:194): Warning: <h5> anchor "Arguments" already defined
MatrixFilterStates.html:149:1 (MatrixFilterStates.Rd:91): Warning: missing </ul> before </div>
MatrixFilterStates.html:126:1 (MatrixFilterStates.Rd:80): Warning: <h5> anchor "Usage" already defined
MatrixFilterStates.html:132:1 (MatrixFilterStates.Rd:84): Warning: <h5> anchor "Arguments" already defined
RangeFilterState.html:152:1 (RangeFilterState.Rd:206): Warning: <h5> anchor "Usage" already defined
RangeFilterState.html:158:1 (RangeFilterState.Rd:210): Warning: <h5> anchor "Arguments" already defined
RangeFilterState.html:171:1 (RangeFilterState.Rd:217): Warning: <h5> anchor "Returns" already defined
RangeFilterState.html:188:1 (RangeFilterState.Rd:226): Warning: <h5> anchor "Usage" already defined
RangeFilterState.html:194:1 (RangeFilterState.Rd:230): Warning: <h5> anchor "Returns" already defined
RangeFilterState.html:211:1 (RangeFilterState.Rd:239): Warning: <h5> anchor "Usage" already defined
RangeFilterState.html:217:1 (RangeFilterState.Rd:243): Warning: <h5> anchor "Arguments" already defined
SEFilterStates.html:273:1 (SEFilterStates.Rd:161): Warning: missing </ul> before </div>
SEFilterStates.html:132:1 (SEFilterStates.Rd:80): Warning: <h5> anchor "Usage" already defined
SEFilterStates.html:138:1 (SEFilterStates.Rd:84): Warning: <h5> anchor "Arguments" already defined
SEFilterStates.html:169:1 (SEFilterStates.Rd:101): Warning: <h5> anchor "Usage" already defined
SEFilterStates.html:175:1 (SEFilterStates.Rd:105): Warning: <h5> anchor "Arguments" already defined
SEFilterStates.html:189:1 (SEFilterStates.Rd:113): Warning: <h5> anchor "Returns" already defined
SEFilterStates.html:213:1 (SEFilterStates.Rd:129): Warning: <h5> anchor "Usage" already defined
SEFilterStates.html:219:1 (SEFilterStates.Rd:133): Warning: <h5> anchor "Arguments" already defined
SEFilterStates.html:233:1 (SEFilterStates.Rd:141): Warning: <h5> anchor "Returns" already defined
SEFilterStates.html:250:1 (SEFilterStates.Rd:150): Warning: <h5> anchor "Usage" already defined
SEFilterStates.html:256:1 (SEFilterStates.Rd:154): Warning: <h5> anchor "Arguments" already defined
pair_counts.html:50:1 (pair_counts.Rd:12): Warning: missing </ul> before </div>
Flavor: r-devel-linux-x86_64-debian-gcc