Last updated on 2025-10-21 09:48:49 CEST.
Flavor | Version | Tinstall | Tcheck | Ttotal | Status | Flags |
---|---|---|---|---|---|---|
r-devel-linux-x86_64-debian-clang | 0.5.0 | 12.12 | 171.83 | 183.95 | OK | |
r-devel-linux-x86_64-debian-gcc | 0.5.0 | 7.60 | 111.63 | 119.23 | NOTE | |
r-devel-linux-x86_64-fedora-clang | 0.5.0 | 318.18 | OK | |||
r-devel-linux-x86_64-fedora-gcc | 0.5.0 | 294.30 | OK | |||
r-devel-windows-x86_64 | 0.5.0 | 13.00 | 169.00 | 182.00 | OK | |
r-patched-linux-x86_64 | 0.5.0 | 13.05 | 159.80 | 172.85 | OK | |
r-release-linux-x86_64 | 0.5.0 | 10.38 | 161.57 | 171.95 | OK | |
r-release-macos-arm64 | 0.5.0 | 85.00 | OK | |||
r-release-macos-x86_64 | 0.5.0 | 183.00 | OK | |||
r-release-windows-x86_64 | 0.5.0 | 15.00 | 168.00 | 183.00 | OK | |
r-oldrel-macos-arm64 | 0.5.0 | 94.00 | OK | |||
r-oldrel-macos-x86_64 | 0.5.0 | 192.00 | OK | |||
r-oldrel-windows-x86_64 | 0.5.0 | 17.00 | 223.00 | 240.00 | OK |
Version: 0.5.0
Check: HTML version of manual
Result: NOTE
Found the following HTML validation problems:
ContentBlock.html:113:1 (ContentBlock.Rd:79): Warning: <h5> anchor "Usage" already defined
ContentBlock.html:119:1 (ContentBlock.Rd:83): Warning: <h5> anchor "Returns" already defined
ContentBlock.html:126:1 (ContentBlock.Rd:86): Warning: <h5> anchor "Examples" already defined
ContentBlock.html:148:1 (ContentBlock.Rd:103): Warning: <h5> anchor "Usage" already defined
ContentBlock.html:154:1 (ContentBlock.Rd:107): Warning: <h5> anchor "Arguments" already defined
ContentBlock.html:168:1 (ContentBlock.Rd:115): Warning: <h5> anchor "Returns" already defined
ContentBlock.html:185:1 (ContentBlock.Rd:124): Warning: <h5> anchor "Usage" already defined
ContentBlock.html:191:1 (ContentBlock.Rd:128): Warning: <h5> anchor "Returns" already defined
ContentBlock.html:208:1 (ContentBlock.Rd:137): Warning: <h5> anchor "Usage" already defined
ContentBlock.html:214:1 (ContentBlock.Rd:141): Warning: <h5> anchor "Arguments" already defined
FileBlock.html:125:1 (FileBlock.Rd:94): Warning: <h5> anchor "Usage" already defined
FileBlock.html:131:1 (FileBlock.Rd:98): Warning: <h5> anchor "Arguments" already defined
FileBlock.html:144:1 (FileBlock.Rd:105): Warning: <h5> anchor "Returns" already defined
FileBlock.html:151:1 (FileBlock.Rd:108): Warning: <h5> anchor "Examples" already defined
FileBlock.html:173:1 (FileBlock.Rd:125): Warning: <h5> anchor "Usage" already defined
FileBlock.html:179:1 (FileBlock.Rd:129): Warning: <h5> anchor "Arguments" already defined
HTMLBlock.html:113:1 (HTMLBlock.Rd:79): Warning: <h5> anchor "Usage" already defined
HTMLBlock.html:119:1 (HTMLBlock.Rd:83): Warning: <h5> anchor "Arguments" already defined
HTMLBlock.html:133:1 (HTMLBlock.Rd:91): Warning: <h5> anchor "Returns" already defined
HTMLBlock.html:162:1 (HTMLBlock.Rd:111): Warning: <h5> anchor "Usage" already defined
HTMLBlock.html:168:1 (HTMLBlock.Rd:115): Warning: <h5> anchor "Returns" already defined
HTMLBlock.html:175:1 (HTMLBlock.Rd:118): Warning: <h5> anchor "Examples" already defined
HTMLBlock.html:197:1 (HTMLBlock.Rd:135): Warning: <h5> anchor "Usage" already defined
HTMLBlock.html:203:1 (HTMLBlock.Rd:139): Warning: <h5> anchor "Arguments" already defined
NewpageBlock.html:111:1 (NewpageBlock.Rd:73): Warning: <h5> anchor "Usage" already defined
PictureBlock.html:122:1 (PictureBlock.Rd:115): Warning: <h5> anchor "Usage" already defined
PictureBlock.html:128:1 (PictureBlock.Rd:119): Warning: <h5> anchor "Arguments" already defined
PictureBlock.html:148:1 (PictureBlock.Rd:130): Warning: <h5> anchor "Returns" already defined
PictureBlock.html:165:1 (PictureBlock.Rd:139): Warning: <h5> anchor "Usage" already defined
PictureBlock.html:171:1 (PictureBlock.Rd:143): Warning: <h5> anchor "Arguments" already defined
PictureBlock.html:184:1 (PictureBlock.Rd:150): Warning: <h5> anchor "Details" already defined
PictureBlock.html:191:1 (PictureBlock.Rd:154): Warning: <h5> anchor "Returns" already defined
PictureBlock.html:220:1 (PictureBlock.Rd:174): Warning: <h5> anchor "Usage" already defined
PictureBlock.html:226:1 (PictureBlock.Rd:178): Warning: <h5> anchor "Returns" already defined
PictureBlock.html:233:1 (PictureBlock.Rd:181): Warning: <h5> anchor "Examples" already defined
PictureBlock.html:255:1 (PictureBlock.Rd:198): Warning: <h5> anchor "Usage" already defined
PictureBlock.html:261:1 (PictureBlock.Rd:202): Warning: <h5> anchor "Arguments" already defined
PictureBlock.html:274:1 (PictureBlock.Rd:209): Warning: <h5> anchor "Returns" already defined
PictureBlock.html:281:1 (PictureBlock.Rd:212): Warning: <h5> anchor "Examples" already defined
PictureBlock.html:303:1 (PictureBlock.Rd:229): Warning: <h5> anchor "Usage" already defined
PictureBlock.html:309:1 (PictureBlock.Rd:233): Warning: <h5> anchor "Returns" already defined
PictureBlock.html:316:1 (PictureBlock.Rd:236): Warning: <h5> anchor "Examples" already defined
PictureBlock.html:337:1 (PictureBlock.Rd:252): Warning: <h5> anchor "Usage" already defined
PictureBlock.html:343:1 (PictureBlock.Rd:256): Warning: <h5> anchor "Arguments" already defined
RcodeBlock.html:141:1 (RcodeBlock.Rd:139): Warning: <h5> anchor "Usage" already defined
RcodeBlock.html:147:1 (RcodeBlock.Rd:143): Warning: <h5> anchor "Arguments" already defined
RcodeBlock.html:160:1 (RcodeBlock.Rd:150): Warning: <h5> anchor "Returns" already defined
RcodeBlock.html:167:1 (RcodeBlock.Rd:153): Warning: <h5> anchor "Examples" already defined
RcodeBlock.html:189:1 (RcodeBlock.Rd:170): Warning: <h5> anchor "Usage" already defined
RcodeBlock.html:195:1 (RcodeBlock.Rd:174): Warning: <h5> anchor "Arguments" already defined
RcodeBlock.html:208:1 (RcodeBlock.Rd:181): Warning: <h5> anchor "Details" already defined
RcodeBlock.html:216:1 (RcodeBlock.Rd:186): Warning: <h5> anchor "Returns" already defined
RcodeBlock.html:223:1 (RcodeBlock.Rd:189): Warning: <h5> anchor "Examples" already defined
RcodeBlock.html:245:1 (RcodeBlock.Rd:206): Warning: <h5> anchor "Usage" already defined
RcodeBlock.html:251:1 (RcodeBlock.Rd:210): Warning: <h5> anchor "Returns" already defined
RcodeBlock.html:258:1 (RcodeBlock.Rd:213): Warning: <h5> anchor "Examples" already defined
RcodeBlock.html:280:1 (RcodeBlock.Rd:230): Warning: <h5> anchor "Usage" already defined
RcodeBlock.html:286:1 (RcodeBlock.Rd:234): Warning: <h5> anchor "Returns" already defined
RcodeBlock.html:293:1 (RcodeBlock.Rd:237): Warning: <h5> anchor "Examples" already defined
RcodeBlock.html:315:1 (RcodeBlock.Rd:254): Warning: <h5> anchor "Usage" already defined
RcodeBlock.html:321:1 (RcodeBlock.Rd:258): Warning: <h5> anchor "Arguments" already defined
RcodeBlock.html:335:1 (RcodeBlock.Rd:266): Warning: <h5> anchor "Returns" already defined
RcodeBlock.html:342:1 (RcodeBlock.Rd:269): Warning: <h5> anchor "Examples" already defined
RcodeBlock.html:364:1 (RcodeBlock.Rd:286): Warning: <h5> anchor "Usage" already defined
RcodeBlock.html:370:1 (RcodeBlock.Rd:290): Warning: <h5> anchor "Returns" already defined
RcodeBlock.html:377:1 (RcodeBlock.Rd:293): Warning: <h5> anchor "Examples" already defined
RcodeBlock.html:399:1 (RcodeBlock.Rd:310): Warning: <h5> anchor "Usage" already defined
RcodeBlock.html:405:1 (RcodeBlock.Rd:314): Warning: <h5> anchor "Arguments" already defined
Renderer.html:106:1 (Renderer.Rd:151): Warning: <h5> anchor "Usage" already defined
Renderer.html:134:1 (Renderer.Rd:171): Warning: <h5> anchor "Details" already defined
Renderer.html:154:1 (Renderer.Rd:181): Warning: <h5> anchor "Returns" already defined
Renderer.html:171:1 (Renderer.Rd:190): Warning: <h5> anchor "Usage" already defined
Renderer.html:182:1 (Renderer.Rd:199): Warning: <h5> anchor "Arguments" already defined
Renderer.html:202:1 (Renderer.Rd:213): Warning: <h5> anchor "Details" already defined
Renderer.html:222:1 (Renderer.Rd:223): Warning: <h5> anchor "Returns" already defined
Renderer.html:239:1 (Renderer.Rd:232): Warning: <h5> anchor "Usage" already defined
Renderer.html:245:1 (Renderer.Rd:236): Warning: <h5> anchor "Returns" already defined
Renderer.html:252:1 (Renderer.Rd:239): Warning: <h5> anchor "Examples" already defined
Renderer.html:273:1 (Renderer.Rd:255): Warning: <h5> anchor "Usage" already defined
Renderer.html:279:1 (Renderer.Rd:259): Warning: <h5> anchor "Arguments" already defined
ReportCard.html:133:1 (ReportCard.Rd:177): Warning: <h5> anchor "Usage" already defined
ReportCard.html:153:1 (ReportCard.Rd:189): Warning: <h5> anchor "Returns" already defined
ReportCard.html:160:1 (ReportCard.Rd:192): Warning: <h5> anchor "Examples" already defined
ReportCard.html:180:1 (ReportCard.Rd:207): Warning: <h5> anchor "Usage" already defined
ReportCard.html:186:1 (ReportCard.Rd:211): Warning: <h5> anchor "Arguments" already defined
ReportCard.html:199:1 (ReportCard.Rd:218): Warning: <h5> anchor "Returns" already defined
ReportCard.html:206:1 (ReportCard.Rd:221): Warning: <h5> anchor "Examples" already defined
ReportCard.html:226:1 (ReportCard.Rd:236): Warning: <h5> anchor "Usage" already defined
ReportCard.html:232:1 (ReportCard.Rd:240): Warning: <h5> anchor "Arguments" already defined
ReportCard.html:247:1 (ReportCard.Rd:249): Warning: <h5> anchor "Returns" already defined
ReportCard.html:264:1 (ReportCard.Rd:258): Warning: <h5> anchor "Usage" already defined
ReportCard.html:270:1 (ReportCard.Rd:262): Warning: <h5> anchor "Arguments" already defined
ReportCard.html:285:1 (ReportCard.Rd:271): Warning: <h5> anchor "Returns" already defined
ReportCard.html:292:1 (ReportCard.Rd:274): Warning: <h5> anchor "Examples" already defined
ReportCard.html:312:1 (ReportCard.Rd:289): Warning: <h5> anchor "Usage" already defined
ReportCard.html:318:1 (ReportCard.Rd:293): Warning: <h5> anchor "Arguments" already defined
ReportCard.html:333:1 (ReportCard.Rd:302): Warning: <h5> anchor "Returns" already defined
ReportCard.html:340:1 (ReportCard.Rd:305): Warning: <h5> anchor "Examples" already defined
ReportCard.html:360:1 (ReportCard.Rd:320): Warning: <h5> anchor "Usage" already defined
ReportCard.html:366:1 (ReportCard.Rd:324): Warning: <h5> anchor "Arguments" already defined
ReportCard.html:379:1 (ReportCard.Rd:331): Warning: <h5> anchor "Returns" already defined
ReportCard.html:386:1 (ReportCard.Rd:334): Warning: <h5> anchor "Examples" already defined
ReportCard.html:407:1 (ReportCard.Rd:350): Warning: <h5> anchor "Usage" already defined
ReportCard.html:413:1 (ReportCard.Rd:354): Warning: <h5> anchor "Returns" already defined
ReportCard.html:420:1 (ReportCard.Rd:357): Warning: <h5> anchor "Examples" already defined
ReportCard.html:443:1 (ReportCard.Rd:375): Warning: <h5> anchor "Usage" already defined
ReportCard.html:449:1 (ReportCard.Rd:379): Warning: <h5> anchor "Returns" already defined
ReportCard.html:466:1 (ReportCard.Rd:388): Warning: <h5> anchor "Usage" already defined
ReportCard.html:472:1 (ReportCard.Rd:392): Warning: <h5> anchor "Returns" already defined
ReportCard.html:479:1 (ReportCard.Rd:395): Warning: <h5> anchor "Examples" already defined
ReportCard.html:501:1 (ReportCard.Rd:412): Warning: <h5> anchor "Usage" already defined
ReportCard.html:507:1 (ReportCard.Rd:416): Warning: <h5> anchor "Arguments" already defined
ReportCard.html:522:1 (ReportCard.Rd:425): Warning: <h5> anchor "Returns" already defined
ReportCard.html:539:1 (ReportCard.Rd:434): Warning: <h5> anchor "Usage" already defined
ReportCard.html:545:1 (ReportCard.Rd:438): Warning: <h5> anchor "Returns" already defined
ReportCard.html:552:1 (ReportCard.Rd:441): Warning: <h5> anchor "Examples" already defined
ReportCard.html:571:1 (ReportCard.Rd:455): Warning: <h5> anchor "Usage" already defined
ReportCard.html:577:1 (ReportCard.Rd:459): Warning: <h5> anchor "Arguments" already defined
ReportCard.html:590:1 (ReportCard.Rd:466): Warning: <h5> anchor "Returns" already defined
ReportCard.html:597:1 (ReportCard.Rd:469): Warning: <h5> anchor "Examples" already defined
ReportCard.html:616:1 (ReportCard.Rd:483): Warning: <h5> anchor "Usage" already defined
ReportCard.html:622:1 (ReportCard.Rd:487): Warning: <h5> anchor "Arguments" already defined
ReportCard.html:635:1 (ReportCard.Rd:494): Warning: <h5> anchor "Returns" already defined
ReportCard.html:652:1 (ReportCard.Rd:503): Warning: <h5> anchor "Usage" already defined
ReportCard.html:658:1 (ReportCard.Rd:507): Warning: <h5> anchor "Arguments" already defined
ReportCard.html:673:1 (ReportCard.Rd:516): Warning: <h5> anchor "Returns" already defined
ReportCard.html:690:1 (ReportCard.Rd:525): Warning: <h5> anchor "Usage" already defined
ReportCard.html:696:1 (ReportCard.Rd:529): Warning: <h5> anchor "Arguments" already defined
Reporter.html:136:1 (Reporter.Rd:218): Warning: <h5> anchor "Usage" already defined
Reporter.html:155:1 (Reporter.Rd:229): Warning: <h5> anchor "Returns" already defined
Reporter.html:172:1 (Reporter.Rd:238): Warning: <h5> anchor "Usage" already defined
Reporter.html:178:1 (Reporter.Rd:242): Warning: <h5> anchor "Returns" already defined
Reporter.html:195:1 (Reporter.Rd:251): Warning: <h5> anchor "Usage" already defined
Reporter.html:201:1 (Reporter.Rd:255): Warning: <h5> anchor "Arguments" already defined
Reporter.html:215:1 (Reporter.Rd:263): Warning: <h5> anchor "Returns" already defined
Reporter.html:232:1 (Reporter.Rd:272): Warning: <h5> anchor "Usage" already defined
Reporter.html:238:1 (Reporter.Rd:276): Warning: <h5> anchor "Returns" already defined
Reporter.html:255:1 (Reporter.Rd:285): Warning: <h5> anchor "Usage" already defined
Reporter.html:261:1 (Reporter.Rd:289): Warning: <h5> anchor "Arguments" already defined
Reporter.html:274:1 (Reporter.Rd:296): Warning: <h5> anchor "Returns" already defined
Reporter.html:291:1 (Reporter.Rd:305): Warning: <h5> anchor "Usage" already defined
Reporter.html:297:1 (Reporter.Rd:309): Warning: <h5> anchor "Arguments" already defined
Reporter.html:310:1 (Reporter.Rd:316): Warning: <h5> anchor "Returns" already defined
Reporter.html:327:1 (Reporter.Rd:325): Warning: <h5> anchor "Usage" already defined
Reporter.html:333:1 (Reporter.Rd:329): Warning: <h5> anchor "Returns" already defined
Reporter.html:340:1 (Reporter.Rd:332): Warning: <h5> anchor "Examples" already defined
Reporter.html:361:1 (Reporter.Rd:348): Warning: <h5> anchor "Usage" already defined
Reporter.html:367:1 (Reporter.Rd:352): Warning: <h5> anchor "Returns" already defined
Reporter.html:374:1 (Reporter.Rd:355): Warning: <h5> anchor "Examples" already defined
Reporter.html:395:1 (Reporter.Rd:371): Warning: <h5> anchor "Usage" already defined
Reporter.html:401:1 (Reporter.Rd:375): Warning: <h5> anchor "Arguments" already defined
Reporter.html:414:1 (Reporter.Rd:382): Warning: <h5> anchor "Returns" already defined
Reporter.html:421:1 (Reporter.Rd:385): Warning: <h5> anchor "Examples" already defined
Reporter.html:442:1 (Reporter.Rd:401): Warning: <h5> anchor "Usage" already defined
Reporter.html:448:1 (Reporter.Rd:405): Warning: <h5> anchor "Arguments" already defined
Reporter.html:461:1 (Reporter.Rd:412): Warning: <h5> anchor "Returns" already defined
Reporter.html:468:1 (Reporter.Rd:415): Warning: <h5> anchor "Examples" already defined
Reporter.html:488:1 (Reporter.Rd:430): Warning: <h5> anchor "Usage" already defined
Reporter.html:494:1 (Reporter.Rd:434): Warning: <h5> anchor "Arguments" already defined
Reporter.html:507:1 (Reporter.Rd:441): Warning: <h5> anchor "Returns" already defined
Reporter.html:515:1 (Reporter.Rd:445): Warning: <h5> anchor "Examples" already defined
Reporter.html:537:1 (Reporter.Rd:462): Warning: <h5> anchor "Usage" already defined
Reporter.html:543:1 (Reporter.Rd:466): Warning: <h5> anchor "Arguments" already defined
Reporter.html:558:1 (Reporter.Rd:475): Warning: <h5> anchor "Returns" already defined
Reporter.html:565:1 (Reporter.Rd:478): Warning: <h5> anchor "Examples" already defined
Reporter.html:588:1 (Reporter.Rd:496): Warning: <h5> anchor "Usage" already defined
Reporter.html:594:1 (Reporter.Rd:500): Warning: <h5> anchor "Arguments" already defined
Reporter.html:607:1 (Reporter.Rd:507): Warning: <h5> anchor "Returns" already defined
Reporter.html:614:1 (Reporter.Rd:510): Warning: <h5> anchor "Examples" already defined
Reporter.html:636:1 (Reporter.Rd:527): Warning: <h5> anchor "Usage" already defined
Reporter.html:642:1 (Reporter.Rd:531): Warning: <h5> anchor "Arguments" already defined
Reporter.html:655:1 (Reporter.Rd:538): Warning: <h5> anchor "Returns" already defined
Reporter.html:662:1 (Reporter.Rd:541): Warning: <h5> anchor "Examples" already defined
Reporter.html:688:1 (Reporter.Rd:562): Warning: <h5> anchor "Usage" already defined
Reporter.html:694:1 (Reporter.Rd:566): Warning: <h5> anchor "Arguments" already defined
Reporter.html:707:1 (Reporter.Rd:573): Warning: <h5> anchor "Returns" already defined
Reporter.html:724:1 (Reporter.Rd:582): Warning: <h5> anchor "Usage" already defined
Reporter.html:730:1 (Reporter.Rd:586): Warning: <h5> anchor "Returns" already defined
Reporter.html:747:1 (Reporter.Rd:595): Warning: <h5> anchor "Usage" already defined
Reporter.html:753:1 (Reporter.Rd:599): Warning: <h5> anchor "Arguments" already defined
TableBlock.html:111:1 (TableBlock.Rd:70): Warning: <h5> anchor "Usage" already defined
TableBlock.html:117:1 (TableBlock.Rd:74): Warning: <h5> anchor "Arguments" already defined
TableBlock.html:138:1 (TableBlock.Rd:86): Warning: <h5> anchor "Returns" already defined
TableBlock.html:167:1 (TableBlock.Rd:106): Warning: <h5> anchor "Usage" already defined
TableBlock.html:173:1 (TableBlock.Rd:110): Warning: <h5> anchor "Arguments" already defined
TextBlock.html:143:1 (TextBlock.Rd:141): Warning: <h5> anchor "Usage" already defined
TextBlock.html:149:1 (TextBlock.Rd:145): Warning: <h5> anchor "Arguments" already defined
TextBlock.html:162:1 (TextBlock.Rd:152): Warning: <h5> anchor "Returns" already defined
TextBlock.html:169:1 (TextBlock.Rd:155): Warning: <h5> anchor "Examples" already defined
TextBlock.html:191:1 (TextBlock.Rd:172): Warning: <h5> anchor "Usage" already defined
TextBlock.html:197:1 (TextBlock.Rd:176): Warning: <h5> anchor "Arguments" already defined
TextBlock.html:210:1 (TextBlock.Rd:183): Warning: <h5> anchor "Details" already defined
TextBlock.html:217:1 (TextBlock.Rd:187): Warning: <h5> anchor "Returns" already defined
TextBlock.html:224:1 (TextBlock.Rd:190): Warning: <h5> anchor "Examples" already defined
TextBlock.html:246:1 (TextBlock.Rd:207): Warning: <h5> anchor "Usage" already defined
TextBlock.html:252:1 (TextBlock.Rd:211): Warning: <h5> anchor "Returns" already defined
TextBlock.html:259:1 (TextBlock.Rd:214): Warning: <h5> anchor "Examples" already defined
TextBlock.html:281:1 (TextBlock.Rd:231): Warning: <h5> anchor "Usage" already defined
TextBlock.html:287:1 (TextBlock.Rd:235): Warning: <h5> anchor "Returns" already defined
TextBlock.html:294:1 (TextBlock.Rd:238): Warning: <h5> anchor "Examples" already defined
TextBlock.html:316:1 (TextBlock.Rd:255): Warning: <h5> anchor "Usage" already defined
TextBlock.html:322:1 (TextBlock.Rd:259): Warning: <h5> anchor "Arguments" already defined
TextBlock.html:336:1 (TextBlock.Rd:267): Warning: <h5> anchor "Returns" already defined
TextBlock.html:343:1 (TextBlock.Rd:270): Warning: <h5> anchor "Examples" already defined
TextBlock.html:365:1 (TextBlock.Rd:287): Warning: <h5> anchor "Usage" already defined
TextBlock.html:371:1 (TextBlock.Rd:291): Warning: <h5> anchor "Returns" already defined
TextBlock.html:378:1 (TextBlock.Rd:294): Warning: <h5> anchor "Examples" already defined
TextBlock.html:400:1 (TextBlock.Rd:311): Warning: <h5> anchor "Usage" already defined
TextBlock.html:406:1 (TextBlock.Rd:315): Warning: <h5> anchor "Arguments" already defined
reporter_download_inputs.html:56:1 (reporter_download_inputs.Rd:18): Warning: missing </ul> before </div>
Flavor: r-devel-linux-x86_64-debian-gcc